--
-- Host: localhost    Database: wwwagury_dbtkcorp
-- ------------------------------------------------------


--
-- Table structure for table `tbl_distributor`
--

CREATE TABLE `tbl_distributor` (
  `distributor_id` int(11) NOT NULL AUTO_INCREMENT,
  `distributor_name` varchar(100) NOT NULL,
  `distributor_email` varchar(100) NOT NULL,
  `phone_no` varchar(15) NOT NULL,
  `distributor_address` varchar(255) NOT NULL,
  `place_of_supply` varchar(30) NOT NULL,
  `Location` varchar(255) NOT NULL,
  `District` varchar(100) NOT NULL,
  `image_path` varchar(255) NOT NULL,
  `gstin_no` varchar(50) NOT NULL,
  `status` varchar(15) NOT NULL DEFAULT 'Active',
  `registration_datetime` datetime NOT NULL,
  `next_renew_date` datetime NOT NULL,
  `update_datetime` int(11) NOT NULL,
  PRIMARY KEY (`distributor_id`),
  KEY `distributor_id` (`distributor_id`)
) ENGINE=InnoDB AUTO_INCREMENT=3 DEFAULT CHARSET=latin1 COLLATE=latin1_swedish_ci;

--
-- Dumping data for table `tbl_distributor`
--

INSERT INTO `tbl_distributor` VALUES (1,'TarkashCorp','manish_maverick@rediffmail.com','9529908367','Jaipur','','','','','','Active','0000-00-00 00:00:00','0000-00-00 00:00:00',0),(2,'BTUSER','bt.testing@gmail.com','9653814637','Jaipur','','','','','','Active','0000-00-00 00:00:00','0000-00-00 00:00:00',0);

--
-- Table structure for table `tbl_history_category`
--

CREATE TABLE `tbl_history_category` (
  `history_id` int(11) NOT NULL AUTO_INCREMENT,
  `category_id` int(11) NOT NULL,
  `distributor_id` int(11) NOT NULL COMMENT 'Mapped with tbl_distributor',
  `category_name` varchar(30) NOT NULL,
  `status` varchar(30) NOT NULL DEFAULT 'Active',
  `insert_date` date NOT NULL,
  `insert_dateTime` varchar(30) NOT NULL,
  `update_dateTime` varchar(30) NOT NULL,
  PRIMARY KEY (`history_id`)
) ENGINE=InnoDB AUTO_INCREMENT=62 DEFAULT CHARSET=latin1 COLLATE=latin1_swedish_ci;

--
-- Dumping data for table `tbl_history_category`
--

INSERT INTO `tbl_history_category` VALUES (1,1,1,'Charger','Active','2018-04-01','2022-05-28 15:29:10',''),(2,2,1,'Power banks','Active','2018-04-01','2022-05-28 15:29:10',''),(3,3,1,'Handsfree','Active','2018-04-01','2022-05-28 15:29:11',''),(4,4,1,'Cables','Active','2018-04-01','2022-05-28 15:29:11',''),(5,5,1,'Battery','Active','2018-04-01','2022-05-28 15:29:12',''),(6,9,1,'Mobile Phones','Deactive','2018-05-24','2022-05-28 15:29:13',''),(7,10,1,'Handsfree','Deactive','2018-08-09','2022-05-28 15:29:13',''),(8,11,1,'BT Handsfree','Active','2019-01-29','2022-05-28 15:29:14',''),(9,12,1,'BT Speaker','Active','2019-01-29','2022-05-28 15:29:14',''),(10,13,1,'Handsfree','Active','2019-01-29','2022-05-28 15:29:15',''),(11,14,1,'Handsfree','Active','2019-01-29','2022-05-28 15:29:15',''),(12,15,1,'Cables','Active','2019-01-29','2022-05-28 15:29:16',''),(13,9,1,'BLUETOOTH NECKBAND','Deactive','2018-05-24','2022-05-28 15:35:03',''),(14,10,1,'BLUETOOTH EARPODS','Deactive','2018-08-09','2022-05-28 15:35:03',''),(15,11,1,'BLUETOOTH SPEAKERS','Active','2019-01-29','2022-05-28 15:35:04',''),(16,12,1,'BLUETOOTH HEADPHONES','Active','2019-01-29','2022-05-28 15:35:04',''),(17,13,1,'HOME AUDIO','Active','2019-01-29','2022-05-28 15:35:05',''),(18,14,1,'SMART WATCHES','Active','2019-01-29','2022-05-28 15:35:05',''),(19,15,1,'IT PERIPHERALS','Active','2019-01-29','2022-05-28 15:35:06',''),(20,9,1,'BLUETOOTH NECKBAND','Deactive','2018-05-24','2022-05-28 15:35:53',''),(21,10,1,'BLUETOOTH EARPODS','Deactive','2018-08-09','2022-05-28 15:35:54',''),(22,1,1,'CHARGERS','Active','2018-04-01','2022-05-28 15:36:26',''),(23,2,1,'CAR CHARGERS','Active','2018-04-01','2022-05-28 15:36:27',''),(24,3,1,'POWER BANKS','Active','2018-04-01','2022-05-28 15:36:27',''),(25,4,1,'CABLES','Active','2018-04-01','2022-05-28 15:36:28',''),(26,5,1,'WIRED EARPHONES','Active','2018-04-01','2022-05-28 15:36:29',''),(27,9,1,'BLUETOOTH NECKBAND','Active','2018-05-24','2022-05-28 15:36:29',''),(28,10,1,'BLUETOOTH EARPODS','Active','2018-08-09','2022-05-28 15:36:30',''),(29,11,1,'BLUETOOTH SPEAKERS','Active','2019-01-29','2022-05-28 15:36:31',''),(30,12,1,'BLUETOOTH HEADPHONES','Active','2019-01-29','2022-05-28 15:36:31',''),(31,13,1,'HOME AUDIO','Active','2019-01-29','2022-05-28 15:36:32',''),(32,14,1,'SMART WATCHES','Active','2019-01-29','2022-05-28 15:36:32',''),(33,15,1,'IT PERIPHERALS','Active','2019-01-29','2022-05-28 15:36:33',''),(34,32,1,'Home Audio','Active','2022-06-12','2022-06-12 12:22:46',''),(35,36,1,'BLUETOOTH EARPODS','Active','2022-06-16','2022-06-16 12:34:14',''),(36,37,1,'SPEAKERS','Active','2022-07-25','2022-07-25 15:37:10',''),(37,1,1,'CHARGERS','Active','2022-05-28','2022-12-22 10:49:37',''),(38,1,1,'CHARGERS','Deactive','2022-05-28','2022-12-22 10:49:51',''),(39,40,0,'BLUETOOTH NECKBAND','Active','0000-00-00','2022-12-29 18:29:37',''),(40,41,0,'BLUETOOTH SPEAKERS','Active','0000-00-00','2022-12-29 18:29:38',''),(41,42,0,'CABLES','Active','0000-00-00','2022-12-29 18:29:38',''),(42,43,0,'CHARGERS','Active','0000-00-00','2022-12-29 18:29:39',''),(43,44,0,'IT PERIPHERALS','Active','0000-00-00','2022-12-29 18:29:40',''),(44,45,0,'SMART WATCHES','Active','0000-00-00','2022-12-29 18:29:40',''),(45,46,0,'WIRED EARPHONES','Active','0000-00-00','2022-12-29 18:29:41',''),(46,40,1,'BLUETOOTH NECKBAND','Active','2022-12-29','2022-12-29 18:30:06',''),(47,41,1,'BLUETOOTH SPEAKERS','Active','2022-12-29','2022-12-29 18:30:07',''),(48,42,1,'CABLES','Active','2022-12-29','2022-12-29 18:30:08',''),(49,43,1,'CHARGERS','Active','2022-12-29','2022-12-29 18:30:08',''),(50,44,1,'IT PERIPHERALS','Active','2022-12-29','2022-12-29 18:30:09',''),(51,45,1,'SMART WATCHES','Active','2022-12-29','2022-12-29 18:30:10',''),(52,46,1,'WIRED EARPHONES','Active','2022-12-29','2022-12-29 18:30:10',''),(53,47,0,'BLUETOOTH EARBUDS','Active','0000-00-00','2022-12-29 18:33:01',''),(54,48,0,'BLUETOOTH EARPODS','Active','0000-00-00','2022-12-29 18:33:01',''),(55,49,0,'BLUETOOTH NECKBAND','Active','0000-00-00','2022-12-29 18:33:02',''),(56,50,0,'BLUETOOTH SPEAKERS','Active','0000-00-00','2022-12-29 18:33:03',''),(57,51,0,'CABLES','Active','0000-00-00','2022-12-29 18:33:03',''),(58,52,0,'CAR CHARGERS','Active','0000-00-00','2022-12-29 18:33:04',''),(59,53,0,'CHARGERS','Active','0000-00-00','2022-12-29 18:33:05',''),(60,54,0,'POWER BANKS','Active','0000-00-00','2022-12-29 18:33:05',''),(61,55,0,'WIRED EARPHONES','Active','0000-00-00','2022-12-29 18:33:06','');

--
-- Table structure for table `tbl_history_product`
--

CREATE TABLE `tbl_history_product` (
  `history_id` int(11) NOT NULL AUTO_INCREMENT COMMENT 'Unique Identifier for record',
  `product_id` int(11) NOT NULL,
  `category_id` int(11) NOT NULL COMMENT 'Mapped with tbl_category',
  `product_name` varchar(100) NOT NULL,
  `hsn_code` varchar(30) NOT NULL,
  `mrp` double NOT NULL,
  `product_price` double NOT NULL,
  `mAh_compatible` varchar(250) NOT NULL,
  `warranty` varchar(30) NOT NULL,
  `warranty_description` varchar(50) NOT NULL,
  `status` varchar(20) NOT NULL DEFAULT 'Active',
  `insert_date` date NOT NULL,
  `tb_insertdatetime` datetime NOT NULL,
  `tb_updatedatetime` datetime NOT NULL,
  PRIMARY KEY (`history_id`),
  KEY `product_id` (`history_id`),
  KEY `product_id_2` (`history_id`),
  KEY `product_id_3` (`history_id`)
) ENGINE=InnoDB AUTO_INCREMENT=769 DEFAULT CHARSET=latin1 COLLATE=latin1_swedish_ci;

--
-- Dumping data for table `tbl_history_product`
--

INSERT INTO `tbl_history_product` VALUES (1,1,1,'FPA-124/126 Single USB Adapter,Input: 150-285VAC Output : 4.7-5.25VDC / 2.1Amp','85043100',450,190,'','1 YEAR','','Active','0000-00-00','2022-05-28 16:08:54','0000-00-00 00:00:00'),(2,2,1,'FPA-228 Dual USB Adapter,Input: 150-285VAC Output: 4.7-5.25VDC / 2.4Amp Glowing LED USB Port','85043100',550,210,'','1 YEAR','','Active','0000-00-00','2022-05-28 16:08:55','0000-00-00 00:00:00'),(3,3,1,'FPA-234 Dual USB Adapter,Input: 150-285VAC Output: 4.7-5.25VDC / 3.4Amp Glowing LED USB Port','85043100',750,260,'','1 YEAR','','Active','0000-00-00','2022-05-28 16:08:56','0000-00-00 00:00:00'),(4,4,1,'FPA-226 (3 in 1 Combo) Dual USB Adapter,Type C + Micro USB Cable 2.4Amp','85043100',700,260,'','1 YEAR','','Active','0000-00-00','2022-05-28 16:08:56','0000-00-00 00:00:00'),(5,5,1,'FOXIN DUAL USB SMART ADAPTER FPA 226 (2.4 AMP) WHT','85043100',550,210,'','1 YEAR','','Active','0000-00-00','2022-05-28 16:08:57','0000-00-00 00:00:00'),(6,6,1,'FOXIN DUAL USB ADAPTER FPA-229 (2.4AMP) WHITE','85043100',600,185,'','1 YEAR','','Active','0000-00-00','2022-05-28 16:08:57','0000-00-00 00:00:00'),(7,7,1,'FOXIN RAPID CHARGING 18W ADAPTER FPA-QC3.0+5.0AMP','85043100',1200,440,'','1 YEAR','','Active','0000-00-00','2022-05-28 16:08:58','0000-00-00 00:00:00'),(8,8,1,'FPA-226 WITH TYPE C CABLE','85043100',600,225,'','1 YEAR','','Active','0000-00-00','2022-05-28 16:08:58','0000-00-00 00:00:00'),(9,9,1,'FOXIN DUAL USB ADAPTER FPA-229 (2.4AMP) WITH TYPE-C USB CABLE (WHITE)','85043100',600,220,'','1 YEAR','','Active','0000-00-00','2022-05-28 16:08:59','0000-00-00 00:00:00'),(10,10,1,'FOXIN DUAL USB ADAPTER FPA-234/235 (3.4AMP) WITH TYPE-C USB CABLE WHITE','85043100',750,270,'','1 YEAR','','Active','0000-00-00','2022-05-28 16:09:00','0000-00-00 00:00:00'),(11,11,21,'CT-J01 | Jadu Charger','85044090',149,40,'','1 YEAR','','Active','0000-00-00','2022-05-28 16:09:00','0000-00-00 00:00:00'),(12,12,21,'CT-C6 | Travel Charger | V8','85044090',199,65,'','1 YEAR','','Active','0000-00-00','2022-05-28 16:09:01','0000-00-00 00:00:00'),(13,13,21,'CT-C9 | Single USB | V8','85044090',399,130,'','1 YEAR','','Active','0000-00-00','2022-05-28 16:09:01','0000-00-00 00:00:00'),(14,14,21,'CT-C5 JIO CHARGER V8','85044090',299,70,'','1 YEAR','','Active','0000-00-00','2022-05-28 16:09:02','0000-00-00 00:00:00'),(15,15,21,'CT-C4 CHARGER','85044090',599,150,'','1 YEAR','','Active','0000-00-00','2022-05-28 16:09:02','0000-00-00 00:00:00'),(16,16,21,'Charger C-12 with V8 cable','85044090',599,180,'','1 YEAR','','Active','0000-00-00','2022-05-28 16:09:03','0000-00-00 00:00:00'),(17,17,1,'FOXIN 20W PD TYPE-C+QC3.0 DUAL USB SMART ADAPTOR FPA-QCPD20 (WHITE)','85043100',1000,650,'','1 YEAR','','Active','0000-00-00','2022-05-28 16:09:04','0000-00-00 00:00:00'),(18,18,19,'Akai Power Adapter 2.4A with Charging Cable Dual Port PC-22 White','85044090',549,165,'','1 YEAR','','Active','0000-00-00','2022-05-28 16:09:04','0000-00-00 00:00:00'),(19,19,19,'Akai Wall Charger V8 0.8A Black','85044030',199,75,'','1 YEAR','','Active','0000-00-00','2022-05-28 16:09:05','0000-00-00 00:00:00'),(20,20,19,'Akai Power Adapter 2.4A with Charging Cable Single Port PC-10 White','85044090',499,130,'','1 YEAR','','Active','0000-00-00','2022-05-28 16:09:05','0000-00-00 00:00:00'),(21,21,19,'Akai Power Adapter 2.4A with Charging Cable Single Port PC-10 Black','85044090',499,130,'','1 YEAR','','Active','0000-00-00','2022-05-28 16:09:06','0000-00-00 00:00:00'),(22,22,19,'Akai Power Adapter 2.4A with Type- C Cable Single Port PC-09 White','85044090',499,160,'','1 YEAR','','Active','0000-00-00','2022-05-28 16:09:06','0000-00-00 00:00:00'),(23,23,28,'One Life Charger-01 2.4 amp','8504',549,140,'','1 YEAR','','Active','0000-00-00','2022-05-28 16:09:07','0000-00-00 00:00:00'),(24,24,28,'One Life Charger-02 2.4amp Dual Port','8504',699,150,'','1 YEAR','','Active','0000-00-00','2022-05-28 16:09:08','0000-00-00 00:00:00'),(25,25,28,'One Life Charger-11 20W QCPD with C to C Cable','8504',1999,510,'','1 YEAR','','Active','0000-00-00','2022-05-28 16:09:08','0000-00-00 00:00:00'),(26,26,28,'One Life Charger-17 33W with Type C Cable','8504',1499,470,'','1 YEAR','','Active','0000-00-00','2022-05-28 16:09:09','0000-00-00 00:00:00'),(27,27,28,'One Life Charger-12 20W QCPD with C to Iphone Cable','8504',1999,570,'','1 YEAR','','Active','0000-00-00','2022-05-28 16:09:09','0000-00-00 00:00:00'),(28,28,28,'One Life Charger-10 1.2amp','8504',299,95,'','1 YEAR','','Active','0000-00-00','2022-05-28 16:09:10','0000-00-00 00:00:00'),(29,29,4,'FDC ME-20/21 (WHITE) PVC Round Wire,5V /2.4Amp (Max), 1 Mtr.','85444299',250,50,'','1 YEAR','','Active','0000-00-00','2022-05-28 16:09:10','0000-00-00 00:00:00'),(30,30,4,'FDC ME-21 (BLACK) PVC Round Wire,5V /2.4Amp (Max), 1 Mtr.','85444299',250,50,'','1 YEAR','','Active','0000-00-00','2022-05-28 16:09:11','0000-00-00 00:00:00'),(31,31,4,'FDC ME-22/23( WHITE) PVC Round Wire,5V /3.0Amp (Max), 1 Mtr.','85444299',275,60,'','1 YEAR','','Active','0000-00-00','2022-05-28 16:09:12','0000-00-00 00:00:00'),(32,32,4,'FDC ME-23( BLACK) PVC Round Wire,5V /3.0Amp (Max), 1 Mtr.','85444299',275,60,'','1 YEAR','','Active','0000-00-00','2022-05-28 16:09:12','0000-00-00 00:00:00'),(33,33,4,'FDC ME-015 (WHITE) PVC Round Wire,5V /2.4Amp (Max), 1.5 Mtr.','85444299',310,80,'','1 YEAR','','Active','0000-00-00','2022-05-28 16:09:13','0000-00-00 00:00:00'),(34,34,4,'FDC ME-009 (WHITE) Gear TPE Wire,5V /2.4Amp (Max), 1.2 Mtr.','85444299',350,90,'','1 YEAR','','Active','0000-00-00','2022-05-28 16:09:13','0000-00-00 00:00:00'),(35,35,4,'FDC ME-025 (WHITE) PVC Round Wire,5V /2.4Amp (Max), 2 Mtr.','85444299',350,90,'','1 YEAR','','Active','0000-00-00','2022-05-28 16:09:14','0000-00-00 00:00:00'),(36,36,4,'FDC MU-403 Flat Dual Side TPE Cable,5V /2.4Amp (Max), 1.2 Mtr.','85444299',350,130,'','1 YEAR','','Active','0000-00-00','2022-05-28 16:09:14','0000-00-00 00:00:00'),(37,37,4,'FDC MU-405 Fabric Braided LED Cable,Zinc Alloy Shell, 5V /2.4Amp (Max), 1.2 Mtr.','85444299',550,225,'','1 YEAR','','Active','0000-00-00','2022-05-28 16:09:15','0000-00-00 00:00:00'),(38,38,4,'FDC-AE111 ( WHITE) PVC Round Wire, 5V /3.0Amp (Max), 1 Mtr.','85444299',350,80,'','1 YEAR','','Active','0000-00-00','2022-05-28 16:09:16','0000-00-00 00:00:00'),(39,39,4,'FDC-AE109 (WHITE) Gear TPE Wire, 5V /2.4Amp (Max), 1.2 Mtr.','85444299',400,100,'','1 YEAR','','Active','0000-00-00','2022-05-28 16:09:16','0000-00-00 00:00:00'),(40,40,4,'FDC-CE161(WHITE) PVC Round Wire, 5V /3.0Amp (Max), 1 Mtr.','85444299',350,90,'','1 YEAR','','Active','0000-00-00','2022-05-28 16:09:17','0000-00-00 00:00:00'),(41,41,4,'FDC-CE163 (BLACK)  PVC Round Wire, 5V /3.0Amp (Max), 1 Mtr.','85444299',350,90,'','1 YEAR','','Active','0000-00-00','2022-05-28 16:09:17','0000-00-00 00:00:00'),(42,42,4,'FDC-CE159 (GREY) Gear TPE Wire, 5V /2.4Amp (Max), 1.2 Mtr.','85444299',400,110,'','1 YEAR','','Active','0000-00-00','2022-05-28 16:09:18','0000-00-00 00:00:00'),(43,43,4,'FDC-CE162 (GREY)  Gear TPE Wire, 5V /4Amp (Max), 2 Mtr.','85444299',599,140,'','1 YEAR','','Active','0000-00-00','2022-05-28 16:09:18','0000-00-00 00:00:00'),(44,44,4,'FDC-CU605 ( MAROON) Type-C USB Fabric Braided LED Cable,5V /2.4Amp (Max), 1.2 Mtr.','85444299',600,250,'','1 YEAR','','Active','0000-00-00','2022-05-28 16:09:19','0000-00-00 00:00:00'),(45,45,4,'FPC-ME01 (BLACK) Micro USB Cable, PVC Round Wire,5V /2.4Amp (Max), 10 Inches.','85444299',130,45,'','1 YEAR','','Active','0000-00-00','2022-05-28 16:09:20','0000-00-00 00:00:00'),(46,46,4,'FPC-CE05 (BLACK) Type-C USB Cable, PVC Round Wire,5V /2.4Amp (Max), 10 Inch.','85444299',170,65,'','1 YEAR','','Active','0000-00-00','2022-05-28 16:09:20','0000-00-00 00:00:00'),(47,47,4,'FPC-AE09 (BLACK) 8-Pin USB Cable, PVC Round Wire,5V /2.4Amp (Max), 10 Inches.','85444299',170,60,'','1 YEAR','','Active','0000-00-00','2022-05-28 16:09:21','0000-00-00 00:00:00'),(48,48,4,'FDC-MAC06 (RED,BLACK AND BLUE) Micro, Type-C, 8-Pin 3-IN-1 USB, 5V /2.4Amp (Max), 1.2 Mtr.','85444299',600,220,'','1 YEAR','','Active','0000-00-00','2022-05-28 16:09:21','0000-00-00 00:00:00'),(49,49,4,'FDC-MAC02 (BLACK/RED) Micro, Type-C, 8-Pin 3-IN-1 USB Nylon Braided Cable, 5V /2.4Amp (Max), 1.2 Mtr','85444299',600,250,'','1 YEAR','','Active','0000-00-00','2022-05-28 16:09:22','0000-00-00 00:00:00'),(50,50,4,'FDC-MAC03 (Red) Micro, Type-C, 8-Pin 3-IN-1,5V /3.0Amp (Max), 1.2 Mtr.','85444299',625,290,'','1 YEAR','','Active','0000-00-00','2022-05-28 16:09:23','0000-00-00 00:00:00'),(51,51,4,'FDC-MAC04 (BLUE) Micro, Type-C, 8-Pin 3-IN-1, 5V /3.0Amp (Max), 1.2 Mtr.','85444299',599,290,'','1 YEAR','','Active','0000-00-00','2022-05-28 16:09:23','0000-00-00 00:00:00'),(52,52,4,'FAC-U10 (Black) Premium TPE Spring AUX Cable, 3.5mm AUX Plug,1.5 Mtr.','85444299',500,140,'','1 YEAR','','Active','0000-00-00','2022-05-28 16:09:24','0000-00-00 00:00:00'),(53,53,4,'FOXIN NYLON BRAIDED MICRO USB CABLE FDC-ME011 1.2MTR 4.0AMP (BLACK)','85444299',450,130,'','1 YEAR','','Active','0000-00-00','2022-05-28 16:09:24','0000-00-00 00:00:00'),(54,54,4,'FOXIN 8PIN USB FLAT DUAL SIDE TPE CABLE FDC-AU503  (RED BLACK)','85444299',400,150,'','1 YEAR','','Active','0000-00-00','2022-05-28 16:09:25','0000-00-00 00:00:00'),(55,55,4,'FOXIN 8PIN USB LED ZINC ALLOY CABLE FDC-AU505','85444299',600,250,'','1 YEAR','','Active','0000-00-00','2022-05-28 16:09:25','0000-00-00 00:00:00'),(56,56,4,'FOXIN TYPE C USB CABLE FDC-CE160','85444299',0,90,'','1 YEAR','','Active','0000-00-00','2022-05-28 16:09:26','0000-00-00 00:00:00'),(57,57,4,'FOXIN TYPE C+MICRO USB CABLE FDC-CM01 1MTR 3.0AMP (BLACK,COMBO OF 2)','85444299',600,130,'','1 YEAR','','Active','0000-00-00','2022-05-28 16:09:27','0000-00-00 00:00:00'),(58,58,4,'FOXIN 3-IN-1 PVC ROUND CABLE  FDC-MAC10 (WHITE)','85444299',580,190,'','1 YEAR','','Active','0000-00-00','2022-05-28 16:09:27','0000-00-00 00:00:00'),(59,59,4,'FOXIN 8PIN USB FDC AE-108 1.2MTR 4.0MTR NYLON BRAIDED CABLE ( RED)','85444299',500,155,'','1 YEAR','','Active','0000-00-00','2022-05-28 16:09:28','0000-00-00 00:00:00'),(60,60,4,'FOXIN RAPID CHARGING 5.0AMP TYPE-C USB GEAR TPE 1.2MTR CABLE FDC-CU606 ( GREY)','85444299',700,210,'','1 YEAR','','Active','0000-00-00','2022-05-28 16:09:28','0000-00-00 00:00:00'),(61,61,4,'FOXIN TYPE-C USB FDC-CE158 1.2MTR 4.0AMP NYLON BRAIDED CABLE ( RED)','85444299',500,155,'','1 YEAR','','Active','0000-00-00','2022-05-28 16:09:29','0000-00-00 00:00:00'),(62,62,4,'FOXIN 3-IN-1 NYLON BRAIDED CABLE FDC- MAC08 4AMP 1.2MTR ( GUNMETAL BLACK)','85444299',650,270,'','1 YEAR','','Active','0000-00-00','2022-05-28 16:09:29','0000-00-00 00:00:00'),(63,63,4,'FOXIN TYPE-C TO TYPE-C PD FDC-TCC01 1.2MTR GEAR TPE CABLE (GREY)','85444299',1200,220,'','1 YEAR','','Active','0000-00-00','2022-05-28 16:09:30','0000-00-00 00:00:00'),(64,64,4,'FOXIN TYPE-C TO 8PIN PD FDC-TCA10  1.2MTR GEAR TPE CABLE (GREY)','85444299',2000,330,'','1 YEAR','','Active','0000-00-00','2022-05-28 16:09:31','0000-00-00 00:00:00'),(65,65,23,'Data Cable DC-S12i ( V8) 1 mtr','85441110',399,40,'','6 MONTHS','','Active','0000-00-00','2022-05-28 16:09:31','0000-00-00 00:00:00'),(66,66,23,'Data Cable DC-S12i ( i Phone) 1 mtr','85441110',399,65,'','6 MONTHS','','Active','0000-00-00','2022-05-28 16:09:32','0000-00-00 00:00:00'),(67,67,23,'DC-N01| Premium | V8 | 1mtr','85441110',599,90,'','6 MONTHS','','Active','0000-00-00','2022-05-28 16:09:32','0000-00-00 00:00:00'),(68,68,23,'DC-NY1| Fast Charging | iPhone | 1mtr','85441110',499,100,'','6 MONTHS','','Active','0000-00-00','2022-05-28 16:09:33','0000-00-00 00:00:00'),(69,69,23,'DC-SJ111 | BULLET | V8 | 1Mtr','85441110',199,30,'','6 MONTHS','','Active','0000-00-00','2022-05-28 16:09:33','0000-00-00 00:00:00'),(70,70,23,'DC-S12i | Type C | 1Mtr','85441110',399,65,'','6 MONTHS','','Active','0000-00-00','2022-05-28 16:09:34','0000-00-00 00:00:00'),(71,71,23,'DC-N01 TYPE-C 1MTR','85441110',499,95,'','6 MONTHS','','Active','0000-00-00','2022-05-28 16:09:34','0000-00-00 00:00:00'),(72,72,4,'FOXIN 3-IN-1 PVC ROUND CABLE FDC-MAC11(BLACK)','85444299',580,190,'','1 YEAR','','Active','0000-00-00','2022-05-28 16:09:35','0000-00-00 00:00:00'),(73,73,23,'SJ111 V8 1 MTR DATA CABLE','85441110',149,24,'','6 MONTHS','','Active','0000-00-00','2022-05-28 16:09:36','0000-00-00 00:00:00'),(74,74,23,'DC-C02 TC TO IPHONE','85441110',499,130,'','6 MONTHS','','Active','0000-00-00','2022-05-28 16:09:36','0000-00-00 00:00:00'),(75,75,23,'DC-C02 TC TO TC DATA CABLE','85441110',499,125,'','6 MONTHS','','Active','0000-00-00','2022-05-28 16:09:37','0000-00-00 00:00:00'),(76,76,4,'FOXIN MICRO USB CABLE FDC-ME024 2MTR 4A GEAR TPE','85444299',450,120,'','1 YEAR','','Active','0000-00-00','2022-05-28 16:09:37','0000-00-00 00:00:00'),(77,77,30,'One Life Cable 1 Micro 1 mtr','8544',199,30,'','6 MONTHS','','Active','0000-00-00','2022-05-28 16:09:38','0000-00-00 00:00:00'),(78,78,30,'One Life Cable 4 Micro 1 Mtr','8544',249,45,'','6 MONTHS','','Active','0000-00-00','2022-05-28 16:09:38','0000-00-00 00:00:00'),(79,79,30,'One Life Cable 5 Micro TPE','8544',399,40,'','6 MONTHS','','Active','0000-00-00','2022-05-28 16:09:39','0000-00-00 00:00:00'),(80,80,30,'One Life Cable 3 Type C 1 mtr','8544',299,60,'','6 MONTHS','','Active','0000-00-00','2022-05-28 16:09:40','0000-00-00 00:00:00'),(81,81,30,'One Life Cable 2 IPHONE 1 Mtr','8544',349,60,'','6 MONTHS','','Active','0000-00-00','2022-05-28 16:09:40','0000-00-00 00:00:00'),(82,82,2,'FOXIN 36W PD TYPE-C+QC3.0 USB CAR CHARGER FCC-005 WITH 18W ( BLACK)','85044090',1600,850,'','1 YEAR','','Active','0000-00-00','2022-05-28 16:09:41','0000-00-00 00:00:00'),(83,83,24,'Car Charger CC-25','85044090',500,150,'','1 YEAR','','Active','0000-00-00','2022-05-28 16:09:41','0000-00-00 00:00:00'),(84,84,2,'FOXIN FCC-002 2.4AMP DUAL PORT CAR CHARGER ( BLACK)','85044090',550,200,'','1 YEAR','','Active','0000-00-00','2022-05-28 16:09:42','0000-00-00 00:00:00'),(85,85,3,'FOXIN METAL POWERBANK FPB-150 POLY (BLK) 10000MAH','85076000',2000,950,'','1 YEAR','','Active','0000-00-00','2022-05-28 16:09:42','0000-00-00 00:00:00'),(86,86,3,'FOXIN PD TYPE-C+QC3.0 USB 18W FPB-180 POLY (BLK)','85076000',2400,1000,'','1 YEAR','','Active','0000-00-00','2022-05-28 16:09:43','0000-00-00 00:00:00'),(87,87,3,'FOXIN METAL PD TYPE-C+QC3.0 USB 18W FPB-2018( GREY) 20000 MAH','85076000',3900,1500,'','1 YEAR','','Active','0000-00-00','2022-05-28 16:09:44','0000-00-00 00:00:00'),(88,88,3,'FOXIN POWERBANK FPB-245 POLY 20000 mAh TYPE - C + MICRO INPUT ','85076000',2500,1150,'','1 YEAR','','Active','0000-00-00','2022-05-28 16:09:44','0000-00-00 00:00:00'),(89,89,3,'FOXIN POWERBANK FPB-145 POLY 10000 mAh TYPE - C + MICRO INPUT ','85076000',1500,700,'','1 YEAR','','Active','0000-00-00','2022-05-28 16:09:45','0000-00-00 00:00:00'),(90,90,5,'A1  wired handsfree Driver Unit:10mm Impedance: 32? Sensitivity: 105+-2dB Cable Length: 1.2 Mtr.','85183000',400,120,'','1 YEAR','','Active','0000-00-00','2022-05-28 16:09:45','0000-00-00 00:00:00'),(91,91,5,'B2 wired handsfree Driver Unit:12mm Sensitivity: 105±3 DB Cable Length: 1.2 Mtr.','85183000',550,140,'','1 YEAR','','Active','0000-00-00','2022-05-28 16:09:46','0000-00-00 00:00:00'),(92,92,5,'B1 White wired handsfree Driver Unit: 14mm Sensitivity: 105±3 DB Cable Length: 1.2 Mtr.','85183000',600,150,'','1 YEAR','','Active','0000-00-00','2022-05-28 16:09:46','0000-00-00 00:00:00'),(93,93,5,'B3 BLACK wired handsfree Driver Unit: 14mm Sensitivity: 105±3 DB Cable Length: 1.2 Mtr.','85183000',600,150,'','1 YEAR','','Active','0000-00-00','2022-05-28 16:09:47','0000-00-00 00:00:00'),(94,94,5,'FOXIN STEREO EARPHONES BASS EVO A2 (BLACK)','85183000',400,120,'','1 YEAR','','Active','0000-00-00','2022-05-28 16:09:48','0000-00-00 00:00:00'),(95,95,5,'B5 ( White) Wired Earphone','85183000',550,140,'','1 YEAR','','Active','0000-00-00','2022-05-28 16:09:48','0000-00-00 00:00:00'),(96,96,5,'B6 ( Black) Wired Earphone','85183000',550,140,'','1 YEAR','','Active','0000-00-00','2022-05-28 16:09:49','0000-00-00 00:00:00'),(97,97,5,'FOXIN STEREO EARPHONE BASS PRO CB3 TYPE-C ( BLACK) WITH EARHOOK','85183000',900,300,'','1 YEAR','','Active','0000-00-00','2022-05-28 16:09:49','0000-00-00 00:00:00'),(98,98,25,'Handsfree HF -11 Dolfin','85183000',149,40,'','3 MONTHS','','Active','0000-00-00','2022-05-28 16:09:50','0000-00-00 00:00:00'),(99,99,25,'Handsfree HF -14 Blast','85183000',149,40,'','3 MONTHS','','Active','0000-00-00','2022-05-28 16:09:50','0000-00-00 00:00:00'),(100,100,5,'FOXIN EARPHONE BASS PRO B4 ( BLACK)','85183000',550,140,'','1 YEAR','','Active','0000-00-00','2022-05-28 16:09:51','0000-00-00 00:00:00'),(101,101,31,'One Life Music-1','8518',399,50,'','6 MONTHS','','Active','0000-00-00','2022-05-28 16:09:52','0000-00-00 00:00:00'),(102,102,31,'One Life Music-2','8518',399,55,'','6 MONTHS','','Active','0000-00-00','2022-05-28 16:09:52','0000-00-00 00:00:00'),(103,103,31,'One Life Music-4','8504',599,100,'','6 MONTHS','','Active','0000-00-00','2022-05-28 16:09:53','0000-00-00 00:00:00'),(104,104,9,'FOXIN NECKBAND EDGE FWE-201 BT EARPHONES S08 BLACK','85183000',2150,1050,'','1 YEAR','','Active','0000-00-00','2022-05-28 16:09:53','0000-00-00 00:00:00'),(105,105,9,'FOXIN NECKBAND BT EARPHONES FOXBEAT 111','85183000',2150,750,'','1 YEAR','','Active','0000-00-00','2022-05-28 16:09:54','0000-00-00 00:00:00'),(106,106,22,'Bluetooth Handsfree NB03i EVOLUTION','85183000',2999,610,'','6 MONTHS','','Active','0000-00-00','2022-05-28 16:09:54','0000-00-00 00:00:00'),(107,107,22,'NB-029| Neckband | RELOAD','85183000',3999,650,'','6 MONTHS','','Active','0000-00-00','2022-05-28 16:09:55','0000-00-00 00:00:00'),(108,108,22,'NB040 ELECTRO','85183000',2999,800,'','6 MONTHS','','Active','0000-00-00','2022-05-28 16:09:56','0000-00-00 00:00:00'),(109,109,22,'Bluetooth Handsfree NB042 DIAMOND METAL','85183000',1299,600,'','6 MONTHS','','Active','0000-00-00','2022-05-28 16:09:56','0000-00-00 00:00:00'),(110,110,9,'FOXIN 9 FOXBEAT- 130','85183000',1500,600,'','1 YEAR','','Active','0000-00-00','2022-05-28 16:09:57','0000-00-00 00:00:00'),(111,111,9,'Foxin Neckband BT Earphones Foxbeat 205','39269099',3999,1080,'','1 YEAR','','Active','0000-00-00','2022-05-28 16:09:57','0000-00-00 00:00:00'),(112,112,20,'Akai BT Neckband Playtime BE03 Black','85183000',1499,590,'','1 YEAR','','Active','0000-00-00','2022-05-28 16:09:58','0000-00-00 00:00:00'),(113,113,9,'Foxin Neckband BT Earphone Foxbeat 140','85183000',1950,650,'','1 YEAR','','Active','0000-00-00','2022-05-28 16:09:58','0000-00-00 00:00:00'),(114,114,9,'Foxin Neckband BT Earphones Foxbeat 150','85183000',2000,620,'','1 YEAR','','Active','0000-00-00','2022-05-28 16:09:59','0000-00-00 00:00:00'),(115,115,9,'FOXIN NECKBAND EARPHONES FOXBEAT 100 ( COKE RED)','85183000',1250,500,'','1 YEAR','','Active','0000-00-00','2022-05-28 16:10:00','0000-00-00 00:00:00'),(116,116,9,'FOXIN NECKBAND BT EARPHONE FOXBEAT 135 ( CYBER YELLOW)','85183000',1650,620,'','1 YEAR','','Active','0000-00-00','2022-05-28 16:10:00','0000-00-00 00:00:00'),(117,117,9,'FOXIN NECKBAND BT EARPHONE FOXBEAT 107','85183000',1200,570,'','1 YEAR','','Active','0000-00-00','2022-05-28 16:10:01','0000-00-00 00:00:00'),(118,118,29,'One Life BT Neck band Beat 3','8518',999,350,'','6 MONTHS','','Active','0000-00-00','2022-05-28 16:10:02','0000-00-00 00:00:00'),(119,119,10,'FOXIN TWS FOXPODS K2','85183000',3999,1200,'','1 YEAR','','Active','0000-00-00','2022-05-28 16:10:02','0000-00-00 00:00:00'),(120,120,11,'FSBT-102 BOND ( BLACK) 11 Version: 5.0 Battery Capacity: 1200mAh','85182100',1000,650,'','1 YEAR','','Active','0000-00-00','2022-05-28 16:10:03','0000-00-00 00:00:00'),(121,121,11,'FSBT-105 ICON ( BLACK) 11 Version: 5.0 Battery Capacity: 1200mAh','85182100',3100,650,'','1 YEAR','','Active','0000-00-00','2022-05-28 16:10:03','0000-00-00 00:00:00'),(122,122,11,'FSBT-408 JAZZ BOX BLACK 11 Version: 5.0 Battery Capacity: 1200mAh','85182100',1299,800,'','1 YEAR','','Active','0000-00-00','2022-05-28 16:10:04','0000-00-00 00:00:00'),(123,123,11,'FOXIN BT SPEAKER CLASSIO FSBT-415','85182100',2600,1000,'','1 YEAR','','Active','0000-00-00','2022-05-28 16:10:04','0000-00-00 00:00:00'),(124,124,11,'FOXIN BT SPEAKER OZONE FSBT-417','85182100',3100,1100,'','1 YEAR','','Active','0000-00-00','2022-05-28 16:10:05','0000-00-00 00:00:00'),(125,125,27,'BT Speaker Brick','85183000',2999,860,'','1 YEAR','','Active','0000-00-00','2022-05-28 16:10:06','0000-00-00 00:00:00'),(126,126,11,'FOXIN BT SPEAKER BRICK FSBT-501','85182100',4100,1550,'','1 YEAR','','Active','0000-00-00','2022-05-28 16:10:06','0000-00-00 00:00:00'),(127,127,11,'FOXIN BT SPEAKER BLITZ FSBT-505','85182100',4800,1700,'','1 YEAR','','Active','0000-00-00','2022-05-28 16:10:07','0000-00-00 00:00:00'),(128,128,12,'FOXIN BT HEADPHONE FWH-455','8517',1499,900,'','1 YEAR','','Active','0000-00-00','2022-05-28 16:10:07','0000-00-00 00:00:00'),(129,129,12,'FOXIN BT HEADPHONE FWH-501','8517',1499,900,'','1 YEAR','','Active','0000-00-00','2022-05-28 16:10:08','0000-00-00 00:00:00'),(130,130,12,'FOXIN BT HEADPHONE PLAY FWH-210 ( BLACK)','85176290',1800,850,'','1 YEAR','','Active','0000-00-00','2022-05-28 16:10:08','0000-00-00 00:00:00'),(131,131,12,'FOXIN BT HEADPHONE SUPREME FWH-321','85176290',3300,1400,'','1 YEAR','','Active','0000-00-00','2022-05-28 16:10:09','0000-00-00 00:00:00'),(132,132,13,'FOXIN SPEAKER FMST-6400 GLADIATOR 60W MM','85182200',7999,3500,'','1 YEAR','','Active','0000-00-00','2022-05-28 16:10:10','0000-00-00 00:00:00'),(133,133,13,'FOXIN SPEAKER FMS-3400BTU ( 4.1) MM','85182200',4749,2150,'','1 YEAR','','Active','0000-00-00','2022-05-28 16:10:10','0000-00-00 00:00:00'),(134,134,13,'FOXIN SPEAKER FMS-4040 CLASSY ( 4.1) MM','85182200',4899,2650,'','1 YEAR','','Active','0000-00-00','2022-05-28 16:10:11','0000-00-00 00:00:00'),(135,135,13,'FOXIN SPEAKER FMS-4020 CLASSY (2.1) MM','85182200',4499,2200,'','1 YEAR','','Active','0000-00-00','2022-05-28 16:10:11','0000-00-00 00:00:00'),(136,136,13,'FOXIN SPEAKER FMS-7400BTU TORNADO ( 4.1) MM','85182200',13999,6300,'','1 YEAR','','Active','0000-00-00','2022-05-28 16:10:12','0000-00-00 00:00:00'),(137,137,13,'2.1 MULTIMEDIA SPEAKER FMS 3220','85182200',4349,1900,'','1 YEAR','','Active','0000-00-00','2022-05-28 16:10:12','0000-00-00 00:00:00'),(138,138,14,'FOXIN SMART WATCH FOXFIT AMAZE S1','85176290',4000,2500,'','1 YEAR','','Active','0000-00-00','2022-05-28 16:10:13','0000-00-00 00:00:00'),(139,139,14,'FOXIN SMART WATCH FOXFIT AMAZE PRO ( BLACK)','85176290',5000,3200,'','1 YEAR','','Active','0000-00-00','2022-05-28 16:10:14','0000-00-00 00:00:00'),(140,140,14,'FOXIN SMART WATCH FOXFIT PULSE','85176290',6500,3500,'','1 YEAR','','Active','0000-00-00','2022-05-28 16:10:14','0000-00-00 00:00:00'),(141,141,26,'SMARTWATCH CW01','91019110',4999,2050,'','1 YEAR','','Active','0000-00-00','2022-05-28 16:10:15','0000-00-00 00:00:00'),(142,142,14,'FOXIN SMART WATCH FOXFIT BOLD R5 CHERRY RED+BLACK','85176290',8499,3600,'','1 YEAR','','Active','0000-00-00','2022-05-28 16:10:15','0000-00-00 00:00:00'),(143,143,14,'FOXIN SMART WATCH FOXFIT BOLD R5 CAMO GREEN+BLACK','85176290',8499,3600,'','1 YEAR','','Active','0000-00-00','2022-05-28 16:10:16','0000-00-00 00:00:00'),(144,144,14,'FOXIN SMART WATCH FOXFIT BOLD R5 FOG GREY+BLUE','85176290',8499,3600,'','1 YEAR','','Active','0000-00-00','2022-05-28 16:10:17','0000-00-00 00:00:00'),(145,145,15,'FOXIN WIRED GAMING KEYBOARD FGK  901','84716040',1300,630,'','1 YEAR','','Active','0000-00-00','2022-05-28 16:10:17','0000-00-00 00:00:00'),(146,146,15,'FOXIN WIRELESS MOUSE FWM 9099 ( BLUE)','84716060',449,230,'','1 YEAR','','Active','0000-00-00','2022-05-28 16:10:18','0000-00-00 00:00:00'),(147,147,15,'FOXIN COMBO KEYBOARD+MOUSE 506 PRO','84716060',550,354,'','1 YEAR','','Active','0000-00-00','2022-05-28 16:10:18','0000-00-00 00:00:00'),(148,148,15,'FOXIN WIRED MOUSE CLASSY RED','84716060',199,120,'','1 YEAR','','Active','0000-00-00','2022-05-28 16:10:19','0000-00-00 00:00:00'),(149,149,15,'FOXIN WIRED MOUSE SMART GREY','84716060',199,120,'','1 YEAR','','Active','0000-00-00','2022-05-28 16:10:19','0000-00-00 00:00:00'),(150,150,15,'FOXIN WIRELESS MOUSE FWM 9099 ( VIB BLUE))','84716060',449,230,'','1 YEAR','','Active','0000-00-00','2022-05-28 16:10:20','0000-00-00 00:00:00'),(151,151,15,'FOXIN SPEAKER FMS-475 ( 2.0) MM','85182200',650,340,'','1 YEAR','','Active','0000-00-00','2022-05-28 16:10:21','0000-00-00 00:00:00'),(152,152,15,'FOXIN SPEAKER FMS - 575 ( 2.0) MM','85182200',850,425,'','1 YEAR','','Active','0000-00-00','2022-05-28 16:10:21','0000-00-00 00:00:00'),(153,153,15,'FX-WIRED HEADPHONE FHM-DYNAMIC','85183000',799,370,'','1 YEAR','','Active','0000-00-00','2022-05-28 16:10:22','0000-00-00 00:00:00'),(154,154,15,'FX-WIRED MOUSE SMART BLUE','84716060',199,120,'','1 YEAR','','Active','0000-00-00','2022-05-28 16:10:22','0000-00-00 00:00:00'),(155,68,23,'DC-NY1| Fast Charging | iPhone | 1mtr','85441110',499,100,'','6 MONTHS','','Active','0000-00-00','2022-05-30 15:45:15','0000-00-00 00:00:00'),(156,1,1,'FPA-124/126 Single USB Adapter,Input: 150-285VAC Output : 4.7-5.25VDC / 2.1Amp','85043100',450,190,'','1 YEAR','','Active','0000-00-00','2022-05-30 17:29:52','0000-00-00 00:00:00'),(157,2,1,'FPA-228 Dual USB Adapter,Input: 150-285VAC Output: 4.7-5.25VDC / 2.4Amp Glowing LED USB Port','85043100',550,210,'','1 YEAR','','Active','0000-00-00','2022-05-30 17:29:53','0000-00-00 00:00:00'),(158,3,1,'FPA-234 Dual USB Adapter,Input: 150-285VAC Output: 4.7-5.25VDC / 3.4Amp Glowing LED USB Port','85043100',750,260,'','1 YEAR','','Active','0000-00-00','2022-05-30 17:29:53','0000-00-00 00:00:00'),(159,5,1,'FOXIN DUAL USB SMART ADAPTER FPA 226 (2.4 AMP) WHT','85043100',550,210,'','1 YEAR','','Active','0000-00-00','2022-05-30 17:29:54','0000-00-00 00:00:00'),(160,6,1,'FOXIN DUAL USB ADAPTER FPA-229 (2.4AMP) WHITE','85043100',600,185,'','1 YEAR','','Active','0000-00-00','2022-05-30 17:29:55','0000-00-00 00:00:00'),(161,10,1,'FOXIN DUAL USB ADAPTER FPA-234/235 (3.4AMP) WITH TYPE-C USB CABLE WHITE','85043100',750,270,'','1 YEAR','','Active','0000-00-00','2022-05-30 17:29:55','0000-00-00 00:00:00'),(162,4,1,'FPA-226 (3 in 1 Combo) Dual USB Adapter,Type C + Micro USB Cable 2.4Amp','85043100',700,260,'','1 YEAR','','Active','0000-00-00','2022-05-30 17:31:48','0000-00-00 00:00:00'),(163,7,1,'FOXIN RAPID CHARGING 18W ADAPTER FPA-QC3.0+5.0AMP','85043100',1200,440,'','1 YEAR','','Active','0000-00-00','2022-05-30 17:31:49','0000-00-00 00:00:00'),(164,8,1,'FPA-226 WITH TYPE C CABLE','85043100',600,225,'','1 YEAR','','Active','0000-00-00','2022-05-30 17:31:50','0000-00-00 00:00:00'),(165,9,1,'FOXIN DUAL USB ADAPTER FPA-229 (2.4AMP) WITH TYPE-C USB CABLE (WHITE)','85043100',600,220,'','1 YEAR','','Active','0000-00-00','2022-05-30 17:31:50','0000-00-00 00:00:00'),(166,17,1,'FOXIN 20W PD TYPE-C+QC3.0 DUAL USB SMART ADAPTOR FPA-QCPD20 (WHITE)','85043100',1000,650,'','1 YEAR','','Active','0000-00-00','2022-05-30 17:33:01','0000-00-00 00:00:00'),(167,29,4,'FDC ME-20/21 (WHITE) PVC Round Wire,5V /2.4Amp (Max), 1 Mtr.','85444299',250,50,'','1 YEAR','','Active','0000-00-00','2022-05-30 17:33:02','0000-00-00 00:00:00'),(168,31,4,'FDC ME-22/23( WHITE) PVC Round Wire,5V /3.0Amp (Max), 1 Mtr.','85444299',275,60,'','1 YEAR','','Active','0000-00-00','2022-05-30 17:33:02','0000-00-00 00:00:00'),(169,33,4,'FDC ME-015 (WHITE) PVC Round Wire,5V /2.4Amp (Max), 1.5 Mtr.','85444299',310,80,'','1 YEAR','','Active','0000-00-00','2022-05-30 17:33:03','0000-00-00 00:00:00'),(170,35,4,'FDC ME-025 (WHITE) PVC Round Wire,5V /2.4Amp (Max), 2 Mtr.','85444299',350,90,'','1 YEAR','','Active','0000-00-00','2022-05-30 17:33:04','0000-00-00 00:00:00'),(171,38,4,'FDC-AE111 ( WHITE) PVC Round Wire, 5V /3.0Amp (Max), 1 Mtr.','85444299',350,80,'','1 YEAR','','Active','0000-00-00','2022-05-30 17:33:04','0000-00-00 00:00:00'),(172,40,4,'FDC-CE161(WHITE) PVC Round Wire, 5V /3.0Amp (Max), 1 Mtr.','85444299',350,90,'','1 YEAR','','Active','0000-00-00','2022-05-30 17:33:05','0000-00-00 00:00:00'),(173,30,4,'FDC ME-21 (BLACK) PVC Round Wire,5V /2.4Amp (Max), 1 Mtr.','85444299',250,50,'','1 YEAR','','Active','0000-00-00','2022-05-30 17:33:35','0000-00-00 00:00:00'),(174,32,4,'FDC ME-23( BLACK) PVC Round Wire,5V /3.0Amp (Max), 1 Mtr.','85444299',275,60,'','1 YEAR','','Active','0000-00-00','2022-05-30 17:33:35','0000-00-00 00:00:00'),(175,41,4,'FDC-CE163 (BLACK)  PVC Round Wire, 5V /3.0Amp (Max), 1 Mtr.','85444299',350,90,'','1 YEAR','','Active','0000-00-00','2022-05-30 17:33:36','0000-00-00 00:00:00'),(176,34,4,'FDC ME-009 (WHITE) Gear TPE Wire,5V /2.4Amp (Max), 1.2 Mtr.','85444299',350,90,'','1 YEAR','','Active','0000-00-00','2022-05-30 17:34:19','0000-00-00 00:00:00'),(177,39,4,'FDC-AE109 (WHITE) Gear TPE Wire, 5V /2.4Amp (Max), 1.2 Mtr.','85444299',400,100,'','1 YEAR','','Active','0000-00-00','2022-05-30 17:34:20','0000-00-00 00:00:00'),(178,42,4,'FDC-CE159 (GREY) Gear TPE Wire, 5V /2.4Amp (Max), 1.2 Mtr.','85444299',400,110,'','1 YEAR','','Active','0000-00-00','2022-05-30 17:34:21','0000-00-00 00:00:00'),(179,43,4,'FDC-CE162 (GREY)  Gear TPE Wire, 5V /4Amp (Max), 2 Mtr.','85444299',599,140,'','1 YEAR','','Active','0000-00-00','2022-05-30 17:34:21','0000-00-00 00:00:00'),(180,36,4,'FDC MU-403 Flat Dual Side TPE Cable,5V /2.4Amp (Max), 1.2 Mtr.','85444299',350,130,'','1 YEAR','','Active','0000-00-00','2022-05-30 17:34:45','0000-00-00 00:00:00'),(181,37,4,'FDC MU-405 Fabric Braided LED Cable,Zinc Alloy Shell, 5V /2.4Amp (Max), 1.2 Mtr.','85444299',550,225,'','1 YEAR','','Active','0000-00-00','2022-05-30 17:34:46','0000-00-00 00:00:00'),(182,44,4,'FDC-CU605 ( MAROON) Type-C USB Fabric Braided LED Cable,5V /2.4Amp (Max), 1.2 Mtr.','85444299',600,250,'','1 YEAR','','Active','0000-00-00','2022-05-30 17:35:20','0000-00-00 00:00:00'),(183,45,4,'FPC-ME01 (BLACK) Micro USB Cable, PVC Round Wire,5V /2.4Amp (Max), 10 Inches.','85444299',130,45,'','1 YEAR','','Active','0000-00-00','2022-05-30 17:35:20','0000-00-00 00:00:00'),(184,46,4,'FPC-CE05 (BLACK) Type-C USB Cable, PVC Round Wire,5V /2.4Amp (Max), 10 Inch.','85444299',170,65,'','1 YEAR','','Active','0000-00-00','2022-05-30 17:35:21','0000-00-00 00:00:00'),(185,47,4,'FPC-AE09 (BLACK) 8-Pin USB Cable, PVC Round Wire,5V /2.4Amp (Max), 10 Inches.','85444299',170,60,'','1 YEAR','','Active','0000-00-00','2022-05-30 17:35:59','0000-00-00 00:00:00'),(186,52,4,'FAC-U10 (Black) Premium TPE Spring AUX Cable, 3.5mm AUX Plug,1.5 Mtr.','85444299',500,140,'','1 YEAR','','Active','0000-00-00','2022-05-30 17:44:04','0000-00-00 00:00:00'),(187,53,4,'FOXIN NYLON BRAIDED MICRO USB CABLE FDC-ME011 1.2MTR 4.0AMP (BLACK)','85444299',450,130,'','1 YEAR','','Active','0000-00-00','2022-05-30 17:44:05','0000-00-00 00:00:00'),(188,54,4,'FOXIN 8PIN USB FLAT DUAL SIDE TPE CABLE FDC-AU503  (RED BLACK)','85444299',400,150,'','1 YEAR','','Active','0000-00-00','2022-05-30 17:44:06','0000-00-00 00:00:00'),(189,55,4,'FOXIN 8PIN USB LED ZINC ALLOY CABLE FDC-AU505','85444299',600,250,'','1 YEAR','','Active','0000-00-00','2022-05-30 17:44:06','0000-00-00 00:00:00'),(190,57,4,'FOXIN TYPE C+MICRO USB CABLE FDC-CM01 1MTR 3.0AMP (BLACK,COMBO OF 2)','85444299',600,130,'','1 YEAR','','Active','0000-00-00','2022-05-30 17:44:07','0000-00-00 00:00:00'),(191,58,4,'FOXIN 3-IN-1 PVC ROUND CABLE  FDC-MAC10 (WHITE)','85444299',580,190,'','1 YEAR','','Active','0000-00-00','2022-05-30 17:44:08','0000-00-00 00:00:00'),(192,59,4,'FOXIN 8PIN USB FDC AE-108 1.2MTR 4.0MTR NYLON BRAIDED CABLE ( RED)','85444299',500,155,'','1 YEAR','','Active','0000-00-00','2022-05-30 17:44:08','0000-00-00 00:00:00'),(193,60,4,'FOXIN RAPID CHARGING 5.0AMP TYPE-C USB GEAR TPE 1.2MTR CABLE FDC-CU606 ( GREY)','85444299',700,210,'','1 YEAR','','Active','0000-00-00','2022-05-30 17:44:09','0000-00-00 00:00:00'),(194,61,4,'FOXIN TYPE-C USB FDC-CE158 1.2MTR 4.0AMP NYLON BRAIDED CABLE ( RED)','85444299',500,155,'','1 YEAR','','Active','0000-00-00','2022-05-30 17:49:45','0000-00-00 00:00:00'),(195,62,4,'FOXIN 3-IN-1 NYLON BRAIDED CABLE FDC- MAC08 4AMP 1.2MTR ( GUNMETAL BLACK)','85444299',650,270,'','1 YEAR','','Active','0000-00-00','2022-05-30 17:49:46','0000-00-00 00:00:00'),(196,63,4,'FOXIN TYPE-C TO TYPE-C PD FDC-TCC01 1.2MTR GEAR TPE CABLE (GREY)','85444299',1200,220,'','1 YEAR','','Active','0000-00-00','2022-05-30 17:49:46','0000-00-00 00:00:00'),(197,64,4,'FOXIN TYPE-C TO 8PIN PD FDC-TCA10  1.2MTR GEAR TPE CABLE (GREY)','85444299',2000,330,'','1 YEAR','','Active','0000-00-00','2022-05-30 17:49:47','0000-00-00 00:00:00'),(198,72,4,'FOXIN 3-IN-1 PVC ROUND CABLE FDC-MAC11(BLACK)','85444299',580,190,'','1 YEAR','','Active','0000-00-00','2022-05-30 17:49:48','0000-00-00 00:00:00'),(199,76,4,'FOXIN MICRO USB CABLE FDC-ME024 2MTR 4A GEAR TPE','85444299',450,120,'','1 YEAR','','Active','0000-00-00','2022-05-30 17:49:48','0000-00-00 00:00:00'),(200,82,2,'FOXIN 36W PD TYPE-C+QC3.0 USB CAR CHARGER FCC-005 WITH 18W ( BLACK)','85044090',1600,850,'','1 YEAR','','Active','0000-00-00','2022-05-30 17:50:20','0000-00-00 00:00:00'),(201,84,2,'FOXIN FCC-002 2.4AMP DUAL PORT CAR CHARGER ( BLACK)','85044090',550,200,'','1 YEAR','','Active','0000-00-00','2022-05-30 17:50:20','0000-00-00 00:00:00'),(202,85,3,'FOXIN METAL POWERBANK FPB-150 POLY (BLK) 10000MAH','85076000',2000,950,'','1 YEAR','','Active','0000-00-00','2022-05-30 17:50:37','0000-00-00 00:00:00'),(203,86,3,'FOXIN PD TYPE-C+QC3.0 USB 18W FPB-180 POLY (BLK)','85076000',2400,1000,'','1 YEAR','','Active','0000-00-00','2022-05-31 09:51:27','0000-00-00 00:00:00'),(204,87,3,'FOXIN METAL PD TYPE-C+QC3.0 USB 18W FPB-2018( GREY) 20000 MAH','85076000',3900,1500,'','1 YEAR','','Active','0000-00-00','2022-05-31 09:51:28','0000-00-00 00:00:00'),(205,88,3,'FOXIN POWERBANK FPB-245 POLY 20000 mAh TYPE - C + MICRO INPUT ','85076000',2500,1150,'','1 YEAR','','Active','0000-00-00','2022-05-31 09:51:28','0000-00-00 00:00:00'),(206,89,3,'FOXIN POWERBANK FPB-145 POLY 10000 mAh TYPE - C + MICRO INPUT ','85076000',1500,700,'','1 YEAR','','Active','0000-00-00','2022-05-31 09:51:29','0000-00-00 00:00:00'),(207,90,5,'A1  wired handsfree Driver Unit:10mm Impedance: 32? Sensitivity: 105+-2dB Cable Length: 1.2 Mtr.','85183000',400,120,'','1 YEAR','','Active','0000-00-00','2022-05-31 09:51:29','0000-00-00 00:00:00'),(208,91,5,'B2 wired handsfree Driver Unit:12mm Sensitivity: 105±3 DB Cable Length: 1.2 Mtr.','85183000',550,140,'','1 YEAR','','Active','0000-00-00','2022-05-31 09:51:30','0000-00-00 00:00:00'),(209,92,5,'B1 White wired handsfree Driver Unit: 14mm Sensitivity: 105±3 DB Cable Length: 1.2 Mtr.','85183000',600,150,'','1 YEAR','','Active','0000-00-00','2022-05-31 09:51:30','0000-00-00 00:00:00'),(210,93,5,'B3 BLACK wired handsfree Driver Unit: 14mm Sensitivity: 105±3 DB Cable Length: 1.2 Mtr.','85183000',600,150,'','1 YEAR','','Active','0000-00-00','2022-05-31 09:51:31','0000-00-00 00:00:00'),(211,94,5,'FOXIN STEREO EARPHONES BASS EVO A2 (BLACK)','85183000',400,120,'','1 YEAR','','Active','0000-00-00','2022-05-31 09:52:25','0000-00-00 00:00:00'),(212,95,5,'B5 ( White) Wired Earphone','85183000',550,140,'','1 YEAR','','Active','0000-00-00','2022-05-31 09:52:26','0000-00-00 00:00:00'),(213,96,5,'B6 ( Black) Wired Earphone','85183000',550,140,'','1 YEAR','','Active','0000-00-00','2022-05-31 09:52:27','0000-00-00 00:00:00'),(214,97,5,'FOXIN STEREO EARPHONE BASS PRO CB3 TYPE-C ( BLACK) WITH EARHOOK','85183000',900,300,'','1 YEAR','','Active','0000-00-00','2022-05-31 09:52:27','0000-00-00 00:00:00'),(215,100,5,'FOXIN EARPHONE BASS PRO B4 ( BLACK)','85183000',550,140,'','1 YEAR','','Active','0000-00-00','2022-05-31 09:52:28','0000-00-00 00:00:00'),(216,104,9,'FOXIN NECKBAND EDGE FWE-201 BT EARPHONES S08 BLACK','85183000',2150,1050,'','1 YEAR','','Active','0000-00-00','2022-05-31 09:53:22','0000-00-00 00:00:00'),(217,105,9,'FOXIN NECKBAND BT EARPHONES FOXBEAT 111','85183000',2150,750,'','1 YEAR','','Active','0000-00-00','2022-05-31 09:53:22','0000-00-00 00:00:00'),(218,110,9,'FOXIN 9 FOXBEAT- 130','85183000',1500,600,'','1 YEAR','','Active','0000-00-00','2022-05-31 09:53:23','0000-00-00 00:00:00'),(219,111,9,'Foxin Neckband BT Earphones Foxbeat 205','39269099',3999,1080,'','1 YEAR','','Active','0000-00-00','2022-05-31 09:53:36','0000-00-00 00:00:00'),(220,113,9,'Foxin Neckband BT Earphone Foxbeat 140','85183000',1950,650,'','1 YEAR','','Active','0000-00-00','2022-05-31 10:05:23','0000-00-00 00:00:00'),(221,114,9,'Foxin Neckband BT Earphones Foxbeat 150','85183000',2000,620,'','1 YEAR','','Active','0000-00-00','2022-05-31 10:05:24','0000-00-00 00:00:00'),(222,115,9,'FOXIN NECKBAND EARPHONES FOXBEAT 100 ( COKE RED)','85183000',1250,500,'','1 YEAR','','Active','0000-00-00','2022-05-31 10:05:24','0000-00-00 00:00:00'),(223,116,9,'FOXIN NECKBAND BT EARPHONE FOXBEAT 135 ( CYBER YELLOW)','85183000',1650,620,'','1 YEAR','','Active','0000-00-00','2022-05-31 10:05:25','0000-00-00 00:00:00'),(224,117,9,'FOXIN NECKBAND BT EARPHONE FOXBEAT 107','85183000',1200,570,'','1 YEAR','','Active','0000-00-00','2022-05-31 10:05:26','0000-00-00 00:00:00'),(225,119,10,'FOXIN TWS FOXPODS K2','85183000',3999,1200,'','1 YEAR','','Active','0000-00-00','2022-05-31 10:05:26','0000-00-00 00:00:00'),(226,120,11,'FSBT-102 BOND ( BLACK) 11 Version: 5.0 Battery Capacity: 1200mAh','85182100',1000,650,'','1 YEAR','','Active','0000-00-00','2022-05-31 10:05:27','0000-00-00 00:00:00'),(227,121,11,'FSBT-105 ICON ( BLACK) 11 Version: 5.0 Battery Capacity: 1200mAh','85182100',3100,650,'','1 YEAR','','Active','0000-00-00','2022-05-31 10:13:58','0000-00-00 00:00:00'),(228,122,11,'FSBT-408 JAZZ BOX BLACK 11 Version: 5.0 Battery Capacity: 1200mAh','85182100',1299,800,'','1 YEAR','','Active','0000-00-00','2022-05-31 10:13:59','0000-00-00 00:00:00'),(229,123,11,'FOXIN BT SPEAKER CLASSIO FSBT-415','85182100',2600,1000,'','1 YEAR','','Active','0000-00-00','2022-05-31 10:52:25','0000-00-00 00:00:00'),(230,124,11,'FOXIN BT SPEAKER OZONE FSBT-417','85182100',3100,1100,'','1 YEAR','','Active','0000-00-00','2022-05-31 10:52:25','0000-00-00 00:00:00'),(231,126,11,'FOXIN BT SPEAKER BRICK FSBT-501','85182100',4100,1550,'','1 YEAR','','Active','0000-00-00','2022-05-31 10:52:26','0000-00-00 00:00:00'),(232,127,11,'FOXIN BT SPEAKER BLITZ FSBT-505','85182100',4800,1700,'','1 YEAR','','Active','0000-00-00','2022-05-31 10:52:26','0000-00-00 00:00:00'),(233,128,12,'FOXIN BT HEADPHONE FWH-455','8517',1499,900,'','1 YEAR','','Active','0000-00-00','2022-05-31 10:52:27','0000-00-00 00:00:00'),(234,129,12,'FOXIN BT HEADPHONE FWH-501','8517',1499,900,'','1 YEAR','','Active','0000-00-00','2022-05-31 10:52:27','0000-00-00 00:00:00'),(235,130,12,'FOXIN BT HEADPHONE PLAY FWH-210 ( BLACK)','85176290',1800,850,'','1 YEAR','','Active','0000-00-00','2022-05-31 10:52:28','0000-00-00 00:00:00'),(236,131,12,'FOXIN BT HEADPHONE SUPREME FWH-321','85176290',3300,1400,'','1 YEAR','','Active','0000-00-00','2022-05-31 10:52:29','0000-00-00 00:00:00'),(237,132,13,'FOXIN SPEAKER FMST-6400 GLADIATOR 60W MM','85182200',7999,3500,'','1 YEAR','','Active','0000-00-00','2022-05-31 12:05:42','0000-00-00 00:00:00'),(238,133,13,'FOXIN SPEAKER FMS-3400BTU ( 4.1) MM','85182200',4749,2150,'','1 YEAR','','Active','0000-00-00','2022-05-31 12:05:43','0000-00-00 00:00:00'),(239,134,13,'FOXIN SPEAKER FMS-4040 CLASSY ( 4.1) MM','85182200',4899,2650,'','1 YEAR','','Active','0000-00-00','2022-05-31 12:05:43','0000-00-00 00:00:00'),(240,135,13,'FOXIN SPEAKER FMS-4020 CLASSY (2.1) MM','85182200',4499,2200,'','1 YEAR','','Active','0000-00-00','2022-05-31 12:05:44','0000-00-00 00:00:00'),(241,136,13,'FOXIN SPEAKER FMS-7400BTU TORNADO ( 4.1) MM','85182200',13999,6300,'','1 YEAR','','Active','0000-00-00','2022-05-31 12:05:44','0000-00-00 00:00:00'),(242,137,13,'2.1 MULTIMEDIA SPEAKER FMS 3220','85182200',4349,1900,'','1 YEAR','','Active','0000-00-00','2022-05-31 12:05:45','0000-00-00 00:00:00'),(243,138,14,'FOXIN SMART WATCH FOXFIT AMAZE S1','85176290',4000,2500,'','1 YEAR','','Active','0000-00-00','2022-05-31 12:05:46','0000-00-00 00:00:00'),(244,139,14,'FOXIN SMART WATCH FOXFIT AMAZE PRO ( BLACK)','85176290',5000,3200,'','1 YEAR','','Active','0000-00-00','2022-05-31 12:05:46','0000-00-00 00:00:00'),(245,140,14,'FOXIN SMART WATCH FOXFIT PULSE','85176290',6500,3500,'','1 YEAR','','Active','0000-00-00','2022-05-31 12:05:47','0000-00-00 00:00:00'),(246,142,14,'FOXIN SMART WATCH FOXFIT BOLD R5 CHERRY RED+BLACK','85176290',8499,3600,'','1 YEAR','','Active','0000-00-00','2022-05-31 12:05:47','0000-00-00 00:00:00'),(247,143,14,'FOXIN SMART WATCH FOXFIT BOLD R5 CAMO GREEN+BLACK','85176290',8499,3600,'','1 YEAR','','Active','0000-00-00','2022-05-31 12:05:48','0000-00-00 00:00:00'),(248,144,14,'FOXIN SMART WATCH FOXFIT BOLD R5 FOG GREY+BLUE','85176290',8499,3600,'','1 YEAR','','Active','0000-00-00','2022-05-31 12:05:48','0000-00-00 00:00:00'),(249,145,15,'FOXIN WIRED GAMING KEYBOARD FGK  901','84716040',1300,630,'','1 YEAR','','Active','0000-00-00','2022-05-31 12:06:03','0000-00-00 00:00:00'),(250,146,15,'FOXIN WIRELESS MOUSE FWM 9099 ( BLUE)','84716060',449,230,'','1 YEAR','','Active','0000-00-00','2022-05-31 12:12:11','0000-00-00 00:00:00'),(251,147,15,'FOXIN COMBO KEYBOARD+MOUSE 506 PRO','84716060',550,354,'','1 YEAR','','Active','0000-00-00','2022-05-31 12:12:12','0000-00-00 00:00:00'),(252,148,15,'FOXIN WIRED MOUSE CLASSY RED','84716060',199,120,'','1 YEAR','','Active','0000-00-00','2022-05-31 12:12:12','0000-00-00 00:00:00'),(253,149,15,'FOXIN WIRED MOUSE SMART GREY','84716060',199,120,'','1 YEAR','','Active','0000-00-00','2022-05-31 12:12:13','0000-00-00 00:00:00'),(254,150,15,'FOXIN WIRELESS MOUSE FWM 9099 ( VIB BLUE))','84716060',449,230,'','1 YEAR','','Active','0000-00-00','2022-05-31 12:12:13','0000-00-00 00:00:00'),(255,151,15,'FOXIN SPEAKER FMS-475 ( 2.0) MM','85182200',650,340,'','1 YEAR','','Active','0000-00-00','2022-05-31 12:12:14','0000-00-00 00:00:00'),(256,152,15,'FOXIN SPEAKER FMS - 575 ( 2.0) MM','85182200',850,425,'','1 YEAR','','Active','0000-00-00','2022-05-31 12:12:15','0000-00-00 00:00:00'),(257,154,15,'FX-WIRED MOUSE SMART BLUE','84716060',199,120,'','1 YEAR','','Active','0000-00-00','2022-05-31 12:12:15','0000-00-00 00:00:00'),(258,90,5,'A1  wired handsfree Driver Unit:10mm Impedance: 32? Sensitivity: 105+-2dB Cable Length: 1.2 Mtr.','85183000',400,120,'','1 YEAR','','Active','0000-00-00','2022-06-02 11:00:15','0000-00-00 00:00:00'),(259,90,5,'A1 wired handsfree Driver Unit:10mm Impedance: 32? Sensitivity: 105+-2dB Cable Length: 1.2 Mtr.','85183000',400,120,'','1 YEAR','','Active','0000-00-00','2022-06-02 11:28:31','0000-00-00 00:00:00'),(260,91,5,'B2 wired handsfree Driver Unit:12mm Sensitivity: 105±3 DB Cable Length: 1.2 Mtr.','85183000',550,140,'','1 YEAR','','Active','0000-00-00','2022-06-02 11:28:32','0000-00-00 00:00:00'),(261,92,5,'B1 White wired handsfree Driver Unit: 14mm Sensitivity: 105±3 DB Cable Length: 1.2 Mtr.','85183000',600,150,'','1 YEAR','','Active','0000-00-00','2022-06-02 11:28:33','0000-00-00 00:00:00'),(262,93,5,'B3 BLACK wired handsfree Driver Unit: 14mm Sensitivity: 105±3 DB Cable Length: 1.2 Mtr.','85183000',600,150,'','1 YEAR','','Active','0000-00-00','2022-06-02 11:28:34','0000-00-00 00:00:00'),(263,69,23,'DC-SJ111 | BULLET | V8 | 1Mtr','85441110',199,30,'','6 MONTHS','','Active','0000-00-00','2022-06-04 14:17:58','0000-00-00 00:00:00'),(264,73,23,'SJ111 V8 1 MTR DATA CABLE','85441110',149,24,'','6 MONTHS','','Active','0000-00-00','2022-06-04 14:18:51','0000-00-00 00:00:00'),(265,114,9,'Foxin Neckband BT Earphones Foxbeat 150','85183000',2000,620,'','1 YEAR','','Active','0000-00-00','2022-06-05 17:31:37','0000-00-00 00:00:00'),(266,29,4,'FDC ME-20/21 (WHITE) PVC Round Wire,5V /2.4Amp (Max), 1 Mtr.','85444299',250,50,'','1 YEAR','','Active','0000-00-00','2022-06-07 13:18:53','0000-00-00 00:00:00'),(267,31,4,'FDC ME-22/23( WHITE) PVC Round Wire,5V /3.0Amp (Max), 1 Mtr.','85444299',275,60,'','1 YEAR','','Active','0000-00-00','2022-06-07 13:19:28','0000-00-00 00:00:00'),(268,18,19,'Akai Power Adapter 2.4A with Charging Cable Dual Port PC-22 White','85044090',549,165,'','1 YEAR','','Active','0000-00-00','2022-06-12 12:09:14','0000-00-00 00:00:00'),(269,19,19,'Akai Wall Charger V8 0.8A Black','85044030',199,75,'','1 YEAR','','Active','0000-00-00','2022-06-12 12:10:07','0000-00-00 00:00:00'),(270,20,19,'Akai Power Adapter 2.4A with Charging Cable Single Port PC-10 White','85044090',499,130,'','1 YEAR','','Active','0000-00-00','2022-06-12 12:11:18','0000-00-00 00:00:00'),(271,22,19,'Akai Power Adapter 2.4A with Type- C Cable Single Port PC-09 White','85044090',499,160,'','1 YEAR','','Active','0000-00-00','2022-06-12 12:16:52','0000-00-00 00:00:00'),(272,112,20,'Akai BT Neckband Playtime BE03 Black','85183000',1499,590,'','1 YEAR','','Active','0000-00-00','2022-06-12 22:55:04','0000-00-00 00:00:00'),(273,19,19,'Akai Wall Charger V8 0.8A Black','85044030',199,75,'','1 YEAR','','Active','0000-00-00','2022-06-13 13:17:21','0000-00-00 00:00:00'),(274,160,19,'Akai Travel Adapter Quick Charge 3.0 18W with Cable STA11- white','85044090',799,320,'yes','yes','1 year','Active','0000-00-00','2022-06-13 13:19:04','0000-00-00 00:00:00'),(275,21,19,'Akai Power Adapter 2.4A with Charging Cable Single Port PC-10 Black','85044090',499,130,'','1 YEAR','','Active','0000-00-00','2022-06-13 13:21:28','0000-00-00 00:00:00'),(276,161,19,'Akai Power Adapter 2.4A with Charging Cable Single Port PC-10 Black','85044090',499,155,'yes','yes','1 year','Active','0000-00-00','2022-06-13 13:22:13','0000-00-00 00:00:00'),(277,163,19,'Akai Travel Adapters Single Port actual 2A With Cable Power Charge PC07 White','85044090',449,140,'yes','yes','1 year','Active','0000-00-00','2022-06-13 13:22:55','0000-00-00 00:00:00'),(278,164,33,'Akai Data Cable USB A- Type C Vooc Compatible Long Neck Sprint SC66- 5A White','85441990',699,115,'yes','yes','6 MONTHS','Active','0000-00-00','2022-06-13 13:24:28','0000-00-00 00:00:00'),(279,165,33,'Akai data cable USB A- C type Vooc Compatible Long Neck Sprint SC66- 5A Red','85441990',699,115,'yes','yes','6 MONTHS','Active','0000-00-00','2022-06-13 13:24:53','0000-00-00 00:00:00'),(280,166,33,'Akai Data Cable USB C-C Long neck Golf textured Sprint SC33- 5A White','85441990',599,110,'yes','yes','6 MONTHS','Active','0000-00-00','2022-06-13 13:25:31','0000-00-00 00:00:00'),(281,167,33,'Sprint Charging Cable ,USB C- C , long Neck, Golf textured SC33 5A Black','85441990',599,110,'yes','yes','6 MONTHS','Active','0000-00-00','2022-06-13 13:25:55','0000-00-00 00:00:00'),(282,168,33,'Sprint Charging Cable ,USB A- Type C, long Neck, Golf textured SC22- 5A White','85441990',599,90,'yes','yes','6 MONTHS','Active','0000-00-00','2022-06-13 13:26:42','0000-00-00 00:00:00'),(283,169,33,'Sprint Charging Cable ,USB A- Type C, long Neck, Golf textured SC22- 5A Black','85441990',599,90,'yes','yes','6 MONTHS','Active','0000-00-00','2022-06-13 13:39:37','0000-00-00 00:00:00'),(284,170,33,'Akai Data Cable USB A-Micro Long Neck Golf Textured Sprint SC05- 4A Grey','85441990',399,65,'yes','yes','6 MONTHS','Active','0000-00-00','2022-06-13 13:40:17','0000-00-00 00:00:00'),(285,171,33,'Akai Data Cable USB A-Micro Long Neck Golf Textured Sprint SC05- 4A Black','85441990',399,65,'yes','yes','6 MONTHS','Active','0000-00-00','2022-06-13 13:40:43','0000-00-00 00:00:00'),(286,172,33,'Akai 2.4amp data cum charging Lightning Cable Classic CL-44 white','85441990',499,85,'yes','yes','6 MONTHS','Active','0000-00-00','2022-06-13 13:41:56','0000-00-00 00:00:00'),(287,173,33,'Akai PVC Golf Texture 3A Data Sync & Charging C type Cable CL-33 White','85441990',499,60,'yes','yes','6 MONTHS','Active','0000-00-00','2022-06-13 13:42:40','0000-00-00 00:00:00'),(288,174,33,'Akai PVC Golf Texture 3A Data Sync & Charging Cable Classic CL-11 Black','85441990',249,50,'yes','yes','6 MONTHS','Active','0000-00-00','2022-06-13 13:43:39','0000-00-00 00:00:00'),(289,175,34,'Akai Wired Earphone Joy J-9 White','85183000',399,60,'yes','yes','6 MONTHS','Active','0000-00-00','2022-06-13 13:44:48','0000-00-00 00:00:00'),(290,176,35,'Akai TWS Earbuds BassBullets BB20 Pro Black','85183000',2499,1000,'yes','yes','1 yEAR','Active','0000-00-00','2022-06-13 13:46:13','0000-00-00 00:00:00'),(291,112,20,'Akai BT Neckband Playtime BE03 Black','85183000',1499,590,'','yes','6 MONTHS','Active','0000-00-00','2022-06-13 13:47:35','0000-00-00 00:00:00'),(292,177,20,'Akai BT Neckband Playtime BE20 Black','85183000',1499,690,'yes','yes','6 MONTHS','Active','0000-00-00','2022-06-13 13:47:56','0000-00-00 00:00:00'),(293,162,32,'Akai Home Audio HA-TS50(W/O Echo)','85183000',7999,3000,'yes','yes','1 yEAR','Active','0000-00-00','2022-06-13 13:58:39','0000-00-00 00:00:00'),(294,115,9,'FOXIN NECKBAND EARPHONES FOXBEAT 100 ( COKE RED)','85183000',1250,500,'','1 YEAR','','Active','0000-00-00','2022-06-23 17:16:38','0000-00-00 00:00:00'),(295,115,9,'FOXIN NECKBAND EARPHONES FOXBEAT 100 ( COKE RED)','85183000',1250,580,'','No','','Active','0000-00-00','2022-06-23 17:17:06','0000-00-00 00:00:00'),(296,115,9,'FOXIN NECKBAND EARPHONES FOXBEAT 100 ( COKE RED)','85183000',1250,580,'','No','','Active','0000-00-00','2022-06-23 17:18:01','0000-00-00 00:00:00'),(297,7,1,'FOXIN RAPID CHARGING 18W ADAPTER FPA-QC3.0+5.0AMP','85043100',1200,440,'','1 YEAR','','Active','0000-00-00','2022-07-23 12:42:31','0000-00-00 00:00:00'),(298,112,20,'Akai BT Neckband Playtime BE03 Black','85183000',1499,590,'','6 M','6 MONTHS','Active','0000-00-00','2022-07-25 13:59:19','0000-00-00 00:00:00'),(299,112,20,'Akai BT Neckband Playtime BE03 Black','85183000',1499,430,'','6 M','6 MONTHS','Active','0000-00-00','2022-07-25 13:59:19','0000-00-00 00:00:00'),(300,29,4,'FDC ME-20 (WHITE) PVC Round Wire,5V /2.4Amp (Max), 1 Mtr.','85444299',250,50,'','Yes','','Active','0000-00-00','2022-07-25 14:16:35','0000-00-00 00:00:00'),(301,30,4,'FDC ME-21 (BLACK) PVC Round Wire,5V /2.4Amp (Max), 1 Mtr.','85444299',250,50,'','1 YEAR','','Active','0000-00-00','2022-07-25 14:16:50','0000-00-00 00:00:00'),(302,31,4,'FDC ME-22( WHITE) PVC Round Wire,5V /3.0Amp (Max), 1 Mtr.','85444299',275,60,'','Yes','','Active','0000-00-00','2022-07-25 14:17:09','0000-00-00 00:00:00'),(303,32,4,'FDC ME-23( BLACK) PVC Round Wire,5V /3.0Amp (Max), 1 Mtr.','85444299',275,60,'','1 YEAR','','Active','0000-00-00','2022-07-25 14:17:21','0000-00-00 00:00:00'),(304,36,4,'FDC MU-403 Flat Dual Side TPE Cable,5V /2.4Amp (Max), 1.2 Mtr.','85444299',350,130,'','1 YEAR','','Active','0000-00-00','2022-07-25 14:17:54','0000-00-00 00:00:00'),(305,37,4,'FDC MU-405 Fabric Braided LED Cable,Zinc Alloy Shell, 5V /2.4Amp (Max), 1.2 Mtr.','85444299',550,225,'','1 YEAR','','Active','0000-00-00','2022-07-25 14:18:17','0000-00-00 00:00:00'),(306,38,4,'FDC-AE111 ( WHITE) PVC Round Wire, 5V /3.0Amp (Max), 1 Mtr.','85444299',350,80,'','1 YEAR','','Active','0000-00-00','2022-07-25 14:18:33','0000-00-00 00:00:00'),(307,40,4,'FDC-CE161(WHITE) PVC Round Wire, 5V /3.0Amp (Max), 1 Mtr.','85444299',350,90,'','1 YEAR','','Active','0000-00-00','2022-07-25 14:19:05','0000-00-00 00:00:00'),(308,41,4,'FDC-CE163 (BLACK)  PVC Round Wire, 5V /3.0Amp (Max), 1 Mtr.','85444299',350,90,'','1 YEAR','','Active','0000-00-00','2022-07-25 14:19:21','0000-00-00 00:00:00'),(309,44,4,'FDC-CU605 ( MAROON) Type-C USB Fabric Braided LED Cable,5V /2.4Amp (Max), 1.2 Mtr.','85444299',600,250,'','1 YEAR','','Active','0000-00-00','2022-07-25 14:19:57','0000-00-00 00:00:00'),(310,48,4,'FDC-MAC06 (RED,BLACK AND BLUE) Micro, Type-C, 8-Pin 3-IN-1 USB, 5V /2.4Amp (Max), 1.2 Mtr.','85444299',600,220,'','1 YEAR','','Active','0000-00-00','2022-07-25 14:20:32','0000-00-00 00:00:00'),(311,49,4,'FDC-MAC02 (BLACK/RED) Micro, Type-C, 8-Pin 3-IN-1 USB Nylon Braided Cable, 5V /2.4Amp (Max), 1.2 Mtr','85444299',600,250,'','1 YEAR','','Active','0000-00-00','2022-07-25 14:25:03','0000-00-00 00:00:00'),(312,50,4,'FDC-MAC03 (Red) Micro, Type-C, 8-Pin 3-IN-1,5V /3.0Amp (Max), 1.2 Mtr.','85444299',625,290,'','1 YEAR','','Active','0000-00-00','2022-07-25 14:25:28','0000-00-00 00:00:00'),(313,51,4,'FDC-MAC04 (BLUE) Micro, Type-C, 8-Pin 3-IN-1, 5V /3.0Amp (Max), 1.2 Mtr.','85444299',599,290,'','1 YEAR','','Active','0000-00-00','2022-07-25 14:26:47','0000-00-00 00:00:00'),(314,54,4,'FOXIN 8PIN USB FLAT DUAL SIDE TPE CABLE FDC-AU503  (RED BLACK)','85444299',400,150,'','1 YEAR','','Active','0000-00-00','2022-07-25 14:27:14','0000-00-00 00:00:00'),(315,55,4,'FOXIN 8PIN USB LED ZINC ALLOY CABLE FDC-AU505','85444299',600,250,'','1 YEAR','','Active','0000-00-00','2022-07-25 14:27:37','0000-00-00 00:00:00'),(316,56,4,'FOXIN TYPE C USB CABLE FDC-CE160','85444299',0,90,'','1 YEAR','','Active','0000-00-00','2022-07-25 14:27:57','0000-00-00 00:00:00'),(317,63,4,'FOXIN TYPE-C TO TYPE-C PD FDC-TCC01 1.2MTR GEAR TPE CABLE (GREY)','85444299',1200,220,'','1 YEAR','','Active','0000-00-00','2022-07-25 14:28:43','0000-00-00 00:00:00'),(318,64,4,'FOXIN TYPE-C TO 8PIN PD FDC-TCA10  1.2MTR GEAR TPE CABLE (GREY)','85444299',2000,330,'','1 YEAR','','Active','0000-00-00','2022-07-25 14:29:00','0000-00-00 00:00:00'),(319,132,13,'FOXIN SPEAKER FMST-6400 GLADIATOR 60W MM','85182200',7999,3500,'','1 YEAR','','Active','0000-00-00','2022-07-25 15:27:53','0000-00-00 00:00:00'),(320,132,13,'FOXIN SPEAKER FMST-6400 GLADIATOR 60W MM','85182200',7999,3600,'','1 YEAR','','Active','0000-00-00','2022-07-25 15:27:53','0000-00-00 00:00:00'),(321,198,37,'AKAI BT SPEAKER PARTYMATE 10W 2000mAh PM100 BLACK','85183000',2999,1150,'yes','6 M','','Active','0000-00-00','2022-07-25 15:36:36','0000-00-00 00:00:00'),(322,198,38,'AKAI BT SPEAKER PARTYMATE 10W 2000mAh PM100 BLACK','85183000',2999,1150,'yes','6 M','','Active','0000-00-00','2022-07-25 15:36:36','0000-00-00 00:00:00'),(323,142,14,'FOXIN SMART WATCH FOXFIT BOLD R5 CHERRY RED+BLACK','85176290',8499,3600,'','1 YEAR','','Active','0000-00-00','2022-07-25 15:44:56','0000-00-00 00:00:00'),(324,142,14,'FOXIN SMART WATCH FOXFIT BOLD R5 CHERRY RED+BLACK','85176290',8499,3300,'','1 YEAR','','Active','0000-00-00','2022-07-25 15:44:56','0000-00-00 00:00:00'),(325,143,14,'FOXIN SMART WATCH FOXFIT BOLD R5 CAMO GREEN+BLACK','85176290',8499,3600,'','1 YEAR','','Active','0000-00-00','2022-07-25 15:48:15','0000-00-00 00:00:00'),(326,143,14,'FOXIN SMART WATCH FOXFIT BOLD R5 CAMO GREEN+BLACK','85176290',8499,3600,'','1 YEAR','','Active','0000-00-00','2022-07-25 15:48:15','0000-00-00 00:00:00'),(327,144,14,'FOXIN SMART WATCH FOXFIT BOLD R5 FOG GREY+BLUE','85176290',8499,3600,'','1 YEAR','','Active','0000-00-00','2022-07-25 15:49:50','0000-00-00 00:00:00'),(328,144,14,'FOXIN SMART WATCH FOXFIT BOLD R5 FOG GREY+BLUE','85176290',8499,3300,'','1 YEAR','','Active','0000-00-00','2022-07-25 15:49:50','0000-00-00 00:00:00'),(329,143,14,'FOXIN SMART WATCH FOXFIT BOLD R5 CAMO GREEN+BLACK','85176290',8499,3600,'','1 YEAR','','Active','0000-00-00','2022-07-25 15:50:33','0000-00-00 00:00:00'),(330,143,14,'FOXIN SMART WATCH FOXFIT BOLD R5 CAMO GREEN+BLACK','85176290',8499,3300,'','1 YEAR','','Active','0000-00-00','2022-07-25 15:50:33','0000-00-00 00:00:00'),(331,112,20,'Akai BT Neckband Playtime BE03 Black','85183000',1499,430,'','6 M','6 MONTHS','Active','0000-00-00','2022-08-04 10:46:31','0000-00-00 00:00:00'),(332,112,20,'Akai BT Neckband Playtime BE03 Black','85183000',1499,420,'','6 M','6 MONTHS','Active','0000-00-00','2022-08-04 10:46:31','0000-00-00 00:00:00'),(333,21,19,'Akai Power Adapter 2.4A with Charging Cable Single Port PC-10 Black','85044090',499,130,'','1 YEAR','','Active','0000-00-00','2022-08-04 10:48:14','0000-00-00 00:00:00'),(334,22,19,'Akai Power Adapter 2.4A with Type- C Cable Single Port PC-09 White','85044090',499,170,'','1 YEAR','1 year','Active','0000-00-00','2022-08-04 10:53:25','0000-00-00 00:00:00'),(335,22,19,'Akai Power Adapter 2.4A with Type- C Cable PC-09 White','85044090',499,170,'','1 YEAR','1 year','Active','0000-00-00','2022-08-04 10:53:25','0000-00-00 00:00:00'),(336,1,1,'FPA-124/126 Single USB Adapter,Input: 150-285VAC Output : 4.7-5.25VDC / 2.1Amp','85043100',450,190,'','1 YEAR','','Active','0000-00-00','2022-12-24 15:55:19','0000-00-00 00:00:00'),(337,2,1,'FPA-228 Dual USB Adapter,Input: 150-285VAC Output: 4.7-5.25VDC / 2.4Amp Glowing LED USB Port','85043100',550,210,'','1 YEAR','','Active','0000-00-00','2022-12-24 15:55:30','0000-00-00 00:00:00'),(338,3,1,'FPA-234 Dual USB Adapter,Input: 150-285VAC Output: 4.7-5.25VDC / 3.4Amp Glowing LED USB Port','85043100',750,260,'','1 YEAR','','Active','0000-00-00','2022-12-24 15:56:24','0000-00-00 00:00:00'),(339,4,1,'FPA-226 (3 in 1 Combo) Dual USB Adapter,Type C + Micro USB Cable 2.4Amp','85043100',700,260,'','1 YEAR','','Active','0000-00-00','2022-12-24 15:56:34','0000-00-00 00:00:00'),(340,5,1,'FOXIN DUAL USB SMART ADAPTER FPA 226 (2.4 AMP) WHT','85043100',550,210,'','1 YEAR','','Active','0000-00-00','2022-12-24 15:57:36','0000-00-00 00:00:00'),(341,6,1,'FOXIN DUAL USB ADAPTER FPA-229 (2.4AMP) WHITE','85043100',600,185,'','1 YEAR','','Active','0000-00-00','2022-12-24 15:58:03','0000-00-00 00:00:00'),(342,8,1,'FPA-226 WITH TYPE C CABLE','85043100',600,225,'','1 YEAR','','Active','0000-00-00','2022-12-24 15:58:38','0000-00-00 00:00:00'),(343,9,1,'FOXIN DUAL USB ADAPTER FPA-229 (2.4AMP) WITH TYPE-C USB CABLE (WHITE)','85043100',600,220,'','1 YEAR','','Active','0000-00-00','2022-12-24 15:59:09','0000-00-00 00:00:00'),(344,10,1,'FOXIN DUAL USB ADAPTER FPA-234/235 (3.4AMP) WITH TYPE-C USB CABLE WHITE','85043100',750,270,'','1 YEAR','','Active','0000-00-00','2022-12-24 16:02:51','0000-00-00 00:00:00'),(345,11,21,'CT-J01 | Jadu Charger','85044090',149,40,'','1 YEAR','','Active','0000-00-00','2022-12-24 16:03:24','0000-00-00 00:00:00'),(346,17,1,'FOXIN 20W PD TYPE-C+QC3.0 DUAL USB SMART ADAPTOR FPA-QCPD20 (WHITE)','85043100',1000,650,'','1 YEAR','','Active','0000-00-00','2022-12-24 16:04:07','0000-00-00 00:00:00'),(347,18,19,'Akai Power Adapter 2.4A with Charging Cable Dual Port PC-22 White','85044090',549,165,'','1 YEAR','','Active','0000-00-00','2022-12-24 16:04:44','0000-00-00 00:00:00'),(348,19,19,'Akai Wall Charger V8 0.8A Black','85044030',199,75,'','No','','Active','0000-00-00','2022-12-24 16:23:58','0000-00-00 00:00:00'),(349,18,19,'Akai Power Adapter 2.4A with Charging Cable Dual Port PC-22 White','85044090',549,165,'','1 YEAR','','Deactive','0000-00-00','2022-12-24 16:36:35','0000-00-00 00:00:00'),(350,19,19,'Akai Wall Charger V8 0.8A Black','85044030',199,75,'','No','','Deactive','0000-00-00','2022-12-24 16:36:35','0000-00-00 00:00:00'),(351,20,19,'Akai Power Adapter 2.4A with Charging Cable Single Port PC-10 White','85044090',499,155,'','1 YEAR','','Active','0000-00-00','2022-12-24 16:36:35','0000-00-00 00:00:00'),(352,21,19,'Akai Power Adapter 2.4A with Charging Cable Single Port PC-10 Black','85044090',499,130,'','1 YEAR','','Deactive','0000-00-00','2022-12-24 16:36:35','0000-00-00 00:00:00'),(353,22,19,'Akai Power Adapter 2.4A with Type- C Cable PC-09 White','85044090',499,170,'','1 YEAR','1 year','Active','0000-00-00','2022-12-24 16:36:35','0000-00-00 00:00:00'),(354,23,28,'One Life Charger-01 2.4 amp','8504',549,140,'','1 YEAR','','Active','0000-00-00','2022-12-24 16:36:35','0000-00-00 00:00:00'),(355,24,28,'One Life Charger-02 2.4amp Dual Port','8504',699,150,'','1 YEAR','','Active','0000-00-00','2022-12-24 16:36:35','0000-00-00 00:00:00'),(356,25,28,'One Life Charger-11 20W QCPD with C to C Cable','8504',1999,510,'','1 YEAR','','Active','0000-00-00','2022-12-24 16:36:35','0000-00-00 00:00:00'),(357,26,28,'One Life Charger-17 33W with Type C Cable','8504',1499,470,'','1 YEAR','','Active','0000-00-00','2022-12-24 16:36:35','0000-00-00 00:00:00'),(358,27,28,'One Life Charger-12 20W QCPD with C to Iphone Cable','8504',1999,570,'','1 YEAR','','Active','0000-00-00','2022-12-24 16:36:35','0000-00-00 00:00:00'),(359,28,28,'One Life Charger-10 1.2amp','8504',299,95,'','1 YEAR','','Active','0000-00-00','2022-12-24 16:36:35','0000-00-00 00:00:00'),(360,77,30,'One Life Cable 1 Micro 1 mtr','8544',199,30,'','6 MONTHS','','Active','0000-00-00','2022-12-24 16:36:35','0000-00-00 00:00:00'),(361,78,30,'One Life Cable 4 Micro 1 Mtr','8544',249,45,'','6 MONTHS','','Active','0000-00-00','2022-12-24 16:36:35','0000-00-00 00:00:00'),(362,79,30,'One Life Cable 5 Micro TPE','8544',399,40,'','6 MONTHS','','Active','0000-00-00','2022-12-24 16:36:35','0000-00-00 00:00:00'),(363,80,30,'One Life Cable 3 Type C 1 mtr','8544',299,60,'','6 MONTHS','','Active','0000-00-00','2022-12-24 16:36:35','0000-00-00 00:00:00'),(364,81,30,'One Life Cable 2 IPHONE 1 Mtr','8544',349,60,'','6 MONTHS','','Active','0000-00-00','2022-12-24 16:36:35','0000-00-00 00:00:00'),(365,101,31,'One Life Music-1','8518',399,50,'','6 MONTHS','','Active','0000-00-00','2022-12-24 16:36:35','0000-00-00 00:00:00'),(366,102,31,'One Life Music-2','8518',399,55,'','6 MONTHS','','Active','0000-00-00','2022-12-24 16:36:35','0000-00-00 00:00:00'),(367,103,31,'One Life Music-4','8504',599,100,'','6 MONTHS','','Active','0000-00-00','2022-12-24 16:36:35','0000-00-00 00:00:00'),(368,112,20,'Akai BT Neckband Playtime BE03 Black','85183000',1499,420,'','6 M','6 MONTHS','Active','0000-00-00','2022-12-24 16:36:35','0000-00-00 00:00:00'),(369,118,29,'One Life BT Neck band Beat 3','8518',999,350,'','6 MONTHS','','Active','0000-00-00','2022-12-24 16:36:35','0000-00-00 00:00:00'),(370,125,27,'BT Speaker Brick','85183000',2999,860,'','1 YEAR','','Active','0000-00-00','2022-12-24 16:36:35','0000-00-00 00:00:00'),(371,160,19,'Akai Travel Adapter Quick Charge 3.0 18W with Cable STA11- white','85044090',799,320,'yes','1 Y','1 year','Active','0000-00-00','2022-12-24 16:36:35','0000-00-00 00:00:00'),(372,161,19,'Akai Power Adapter 2.4A with Charging Cable Single Port PC-10 Black','85044090',499,155,'yes','yes','1 year','Deactive','0000-00-00','2022-12-24 16:36:35','0000-00-00 00:00:00'),(373,162,32,'Akai Home Audio HA-TS50(W/O Echo)','85183000',7999,3000,'yes','1 Y','1 yEAR','Active','0000-00-00','2022-12-24 16:36:35','0000-00-00 00:00:00'),(374,163,19,'Akai Travel Adapters Single Port actual 2A With Cable Power Charge PC07 White','85044090',449,140,'yes','1 Y','1 year','Active','0000-00-00','2022-12-24 16:36:35','0000-00-00 00:00:00'),(375,164,33,'Akai Data Cable USB A- Type C Vooc Compatible Long Neck Sprint SC66- 5A White','85441990',699,115,'yes','6 M','6 MONTHS','Active','0000-00-00','2022-12-24 16:36:35','0000-00-00 00:00:00'),(376,165,33,'Akai data cable USB A- C type Vooc Compatible Long Neck Sprint SC66- 5A Red','85441990',699,115,'yes','6 M','6 MONTHS','Active','0000-00-00','2022-12-24 16:36:35','0000-00-00 00:00:00'),(377,166,33,'Akai Data Cable USB C-C Long neck Golf textured Sprint SC33- 5A White','85441990',599,110,'yes','6 M','6 MONTHS','Active','0000-00-00','2022-12-24 16:36:35','0000-00-00 00:00:00'),(378,167,33,'Sprint Charging Cable ,USB C- C , long Neck, Golf textured SC33 5A Black','85441990',599,110,'yes','6 M','6 MONTHS','Active','0000-00-00','2022-12-24 16:36:35','0000-00-00 00:00:00'),(379,168,33,'Sprint Charging Cable ,USB A- Type C, long Neck, Golf textured SC22- 5A White','85441990',599,90,'yes','6 M','6 MONTHS','Active','0000-00-00','2022-12-24 16:36:35','0000-00-00 00:00:00'),(380,169,33,'Sprint Charging Cable ,USB A- Type C, long Neck, Golf textured SC22- 5A Black','85441990',599,90,'yes','6 M','6 MONTHS','Active','0000-00-00','2022-12-24 16:36:35','0000-00-00 00:00:00'),(381,170,33,'Akai Data Cable USB A-Micro Long Neck Golf Textured Sprint SC05- 4A Grey','85441990',399,65,'yes','6 M','6 MONTHS','Active','0000-00-00','2022-12-24 16:36:35','0000-00-00 00:00:00'),(382,171,33,'Akai Data Cable USB A-Micro Long Neck Golf Textured Sprint SC05- 4A Black','85441990',399,65,'yes','6 M','6 MONTHS','Active','0000-00-00','2022-12-24 16:36:35','0000-00-00 00:00:00'),(383,172,33,'Akai 2.4amp data cum charging Lightning Cable Classic CL-44 white','85441990',499,85,'yes','6 M','6 MONTHS','Active','0000-00-00','2022-12-24 16:36:35','0000-00-00 00:00:00'),(384,173,33,'Akai PVC Golf Texture 3A Data Sync & Charging C type Cable CL-33 White','85441990',499,60,'yes','6 M','6 MONTHS','Active','0000-00-00','2022-12-24 16:36:35','0000-00-00 00:00:00'),(385,174,33,'Akai PVC Golf Texture 3A Data Sync & Charging Cable Classic CL-11 Black','85441990',249,50,'yes','6 M','6 MONTHS','Active','0000-00-00','2022-12-24 16:36:35','0000-00-00 00:00:00'),(386,175,34,'Akai Wired Earphone Joy J-9 White','85183000',399,60,'yes','6 M','6 MONTHS','Active','0000-00-00','2022-12-24 16:36:35','0000-00-00 00:00:00'),(387,176,35,'Akai TWS Earbuds BassBullets BB20 Pro Black','85183000',2499,1000,'yes','1 Y','1 yEAR','Active','0000-00-00','2022-12-24 16:36:35','0000-00-00 00:00:00'),(388,177,20,'Akai BT Neckband Playtime BE20 Black','85183000',1499,690,'yes','6 M','6 MONTHS','Active','0000-00-00','2022-12-24 16:36:35','0000-00-00 00:00:00'),(389,188,35,'AKAI TWS EARBUDS BASSBULLETS BB15 PRO BLACK','85183000',1999,800,'yes','6 M','','Active','0000-00-00','2022-12-24 16:36:35','0000-00-00 00:00:00'),(390,189,35,'AKAI TWS EARBUDS BASSBULLETS BB50 PRO BLACK','85183000',2999,1100,'yes','6 M','','Active','0000-00-00','2022-12-24 16:36:35','0000-00-00 00:00:00'),(391,190,20,'AKAI BT NECKBAND PLAYTIME BE30 BLACK','85183000',1499,450,'yes','6 M','','Active','0000-00-00','2022-12-24 16:36:35','0000-00-00 00:00:00'),(392,191,20,'AKAI BT NECKBAND PLAYTIME BE31 OLIVE GREEN','85183000',1999,600,'yes','6 M','','Active','0000-00-00','2022-12-24 16:36:35','0000-00-00 00:00:00'),(393,198,38,'AKAI BT SPEAKER PARTYMATE 10W 2000mAh PM100 BLACK','85183000',2999,1150,'yes','6 M','','Active','0000-00-00','2022-12-24 16:36:35','0000-00-00 00:00:00'),(394,199,34,'AKAI WIRED EARPHONE EARFIT PRO E-05N','85183000',449,90,'yes','6 M','','Active','0000-00-00','2022-12-24 16:36:35','0000-00-00 00:00:00'),(395,200,39,'AKAI BLUETOOTH EARPODS BB30','85183000',2499,1020,'yes','6 M','','Active','0000-00-00','2022-12-24 16:36:35','0000-00-00 00:00:00'),(396,201,19,'AKAI TRAVEL ADAPTOR PD+QC 3.0 SPRINT STA22','85044090',999,420,'yes','1 Y','','Active','0000-00-00','2022-12-24 16:36:35','0000-00-00 00:00:00'),(397,202,34,'AKAI WIRED EARPHONE SOUL SO40 RED','85183000',999,150,'yes','6 M','','Active','0000-00-00','2022-12-24 16:36:35','0000-00-00 00:00:00'),(398,203,47,'KRAZE TWS BT EARBUDS FLYPOD','8518',3999,1000,'YES','YES','6 MONTHS','Active','0000-00-00','2022-12-29 18:39:30','0000-00-00 00:00:00'),(399,204,48,'KRAZE EARBUDS TRUPOD','8518',2499,700,'YES','YES','6 MONTHS','Active','0000-00-00','2022-12-29 18:39:30','0000-00-00 00:00:00'),(400,205,49,'KRAZE BT NECKBAND AIR','8518',2999,570,'YES','YES','6 MONTHS','Active','0000-00-00','2022-12-29 18:39:31','0000-00-00 00:00:00'),(401,206,49,'KRAZE BT NECKBAND EMIRATES BT 109','8518',2999,600,'YES','YES','6 MONTHS','Active','0000-00-00','2022-12-29 18:39:32','0000-00-00 00:00:00'),(402,207,49,'KRAZE NECKBAND STRIKE BT106','8518',2599,520,'YES','YES','6 MONTHS','Active','0000-00-00','2022-12-29 18:39:32','0000-00-00 00:00:00'),(403,208,49,'KRAZE NECKBAND GALAXY BT 110','8518',2999,450,'YES','YES','6 MONTHS','Active','0000-00-00','2022-12-29 18:39:33','0000-00-00 00:00:00'),(404,209,40,'FRONTECH WIRELESS NECKBAND EARPHONE BLAZE EF-0021','85183000',1200,450,'YES','YES','6 MONTHS','Active','0000-00-00','2022-12-29 18:39:34','0000-00-00 00:00:00'),(405,210,40,'FRONTECH WIRELESS NECKBAND EARPHONE BRIZO EF-0026','85183000',1400,540,'YES','YES','6 MONTHS','Active','0000-00-00','2022-12-29 18:39:34','0000-00-00 00:00:00'),(406,211,40,'FRONTECH WIRELESS NECKBAND EARPHONE ARIA EF-0061','85183000',1400,530,'YES','YES','6 MONTHS','Active','0000-00-00','2022-12-29 18:39:35','0000-00-00 00:00:00'),(407,212,49,'KRAZE NECKBAND SENSE BT 111','8518',2499,650,'YES','YES','6 MONTHS','Active','0000-00-00','2022-12-29 18:39:35','0000-00-00 00:00:00'),(408,213,49,'KRAZE NECKBAND STUD BT 112','8518',1999,350,'YES','YES','6 MONTHS','Active','0000-00-00','2022-12-29 18:39:36','0000-00-00 00:00:00'),(409,214,50,'KRAZE WOODEN SPEAKER 10W KZRS1','8518',2999,700,'YES','YES','6 MONTHS','Active','0000-00-00','2022-12-29 18:39:37','0000-00-00 00:00:00'),(410,215,50,'KRAZE WOODEN SPEAKER 15W KZRS2','8518',3999,800,'YES','YES','6 MONTHS','Active','0000-00-00','2022-12-29 18:39:37','0000-00-00 00:00:00'),(411,216,41,'FRONTECH MM BT SPEAKER SW-0028','85279100',1000,470,'YES','YES','6 MONTHS','Active','0000-00-00','2022-12-29 18:39:38','0000-00-00 00:00:00'),(412,217,41,'FRONTECH MM BT SPEAKER SW-0043','85279100',800,380,'YES','YES','6 MONTHS','Active','0000-00-00','2022-12-29 18:39:38','0000-00-00 00:00:00'),(413,218,41,'FRONTECH MM BT SPEAKER SW-0049','85279100',900,435,'YES','YES','6 MONTHS','Active','0000-00-00','2022-12-29 18:39:39','0000-00-00 00:00:00'),(414,219,41,'FRONTECH MM SPEAKER USB/BT/FM CASTER PLUS SW-0097','85279100',6000,3500,'YES','YES','6 MONTHS','Active','0000-00-00','2022-12-29 18:39:40','0000-00-00 00:00:00'),(415,220,51,'KRAZE CHARGING CABLE 2Amp KZDC31','8544',199,25,'YES','YES','3 MONTHS','Active','0000-00-00','2022-12-29 18:39:41','0000-00-00 00:00:00'),(416,221,51,'KRAZE CHARGING CABLE 2.4Amp KZDC31 PRO','8544',299,30,'YES','YES','3 MONTHS','Active','0000-00-00','2022-12-29 18:39:41','0000-00-00 00:00:00'),(417,222,51,'KRAZE MICRO DATA CABLE 3.1Amp KZDC134','8544',499,45,'YES','YES','6 MONTHS','Active','0000-00-00','2022-12-29 18:39:42','0000-00-00 00:00:00'),(418,223,51,'KRAZE DATA CABLE TYPE C 3.1Amp KZDC135','8544',499,60,'YES','YES','6 MONTHS','Active','0000-00-00','2022-12-29 18:39:42','0000-00-00 00:00:00'),(419,224,51,'KRAZE DATA CABLE TYPE C TO TYPE C 18W FAST CHARGING KZDC60B','8544',499,115,'YES','YES','6 MONTHS','Active','0000-00-00','2022-12-29 18:39:43','0000-00-00 00:00:00'),(420,225,51,'KRAZE 3.1A I PHONE DATA CABLE KZDC 136','8544',499,65,'YES','YES','6 MONTHS','Active','0000-00-00','2022-12-29 18:39:44','0000-00-00 00:00:00'),(421,226,51,'KRAZE DATA CABLE KZDC 60B PRO TYPE C TO TYPE C','8544',599,115,'YES','YES','6 MONTHS','Active','0000-00-00','2022-12-29 18:39:44','0000-00-00 00:00:00'),(422,227,51,'KRAZE AUX CABLE','8544',499,70,'YES','YES','6 MONTHS','Active','0000-00-00','2022-12-29 18:39:45','0000-00-00 00:00:00'),(423,228,51,'KRAZE 4.0A TYPE C DATA CABLE KRZDC-145','8544',599,85,'YES','YES','6 MONTHS','Active','0000-00-00','2022-12-29 18:39:46','0000-00-00 00:00:00'),(424,229,51,'KRAZE DATA CABLE 3.1A MICRO USB BRAIDED KZDC31B','8544',299,70,'YES','YES','6 MONTHS','Active','0000-00-00','2022-12-29 18:39:46','0000-00-00 00:00:00'),(425,230,51,'KRAZE DATA CABLE TYPE C KZDC31B','8544',299,85,'YES','YES','6 MONTHS','Active','0000-00-00','2022-12-29 18:39:47','0000-00-00 00:00:00'),(426,231,51,'KRAZE 4A TYPE C DAT CABLE KZDC-142','8544',299,95,'YES','YES','6 MONTHS','Active','0000-00-00','2022-12-29 18:39:47','0000-00-00 00:00:00'),(427,232,51,'KRAZE DATA CABLE KZDC70B TYPE C TO LIGHTNING','8544',699,130,'YES','YES','6 MONTHS','Active','0000-00-00','2022-12-29 18:39:48','0000-00-00 00:00:00'),(428,233,51,'KRAZE DATA CABLE KZDC40B MICRO 4.0A','8544',999,120,'YES','YES','6 MONTHS','Active','0000-00-00','2022-12-29 18:39:49','0000-00-00 00:00:00'),(429,234,51,'KRAZE DATA CABLE KZDC40B TYPE C 4.0A','8544',999,130,'YES','YES','6 MONTHS','Active','0000-00-00','2022-12-29 18:39:49','0000-00-00 00:00:00'),(430,235,51,'KRAZE DATA CABLE KZDC40B I PHONE 4.0A','8544',999,130,'YES','YES','6 MONTHS','Active','0000-00-00','2022-12-29 18:39:50','0000-00-00 00:00:00'),(431,236,51,'KRAZE DATA CABLE KZDC50B MICRO 4.5A','8544',999,125,'YES','YES','6 MONTHS','Active','0000-00-00','2022-12-29 18:39:50','0000-00-00 00:00:00'),(432,237,51,'KRAZE DATA CABLE KZDC50B TYPE C 4.5A','8544',999,135,'YES','YES','6 MONTHS','Active','0000-00-00','2022-12-29 18:39:51','0000-00-00 00:00:00'),(433,238,42,'FRONTECH USB BRAIDED NYLON CABLE FOR 8 PIN 0883','85442090',550,60,'YES','YES','6 MONTHS','Active','0000-00-00','2022-12-29 18:39:52','0000-00-00 00:00:00'),(434,239,42,'FRONTECH USB PVC CABLE V8 2.4A 4 CORE 1 METER 0909','85444999',150,40,'YES','YES','6 MONTHS','Active','0000-00-00','2022-12-29 18:39:52','0000-00-00 00:00:00'),(435,240,42,'FRONTECH USB PVC CABLE TYPE C 2.4A 4 CORE 1 METER 0910','85444999',225,50,'YES','YES','6 MONTHS','Active','0000-00-00','2022-12-29 18:39:53','0000-00-00 00:00:00'),(436,241,42,'FRONTECH USB PVC CABLE A TO C 30W 0935','85444999',599,120,'YES','YES','6 MONTHS','Active','0000-00-00','2022-12-29 18:39:53','0000-00-00 00:00:00'),(437,242,42,'FRONTECH USB PVC CABLE C TO C 30W 0933','85444999',599,135,'YES','YES','6 MONTHS','Active','0000-00-00','2022-12-29 18:39:54','0000-00-00 00:00:00'),(438,243,42,'FRONTECH USB PVC CABLE C TO C 65W 0934','85444999',899,200,'YES','YES','6 MONTHS','Active','0000-00-00','2022-12-29 18:39:55','0000-00-00 00:00:00'),(439,244,42,'FRONTECH USB PVC CABLE TYPE C TO I PHONE 27W WHITE 1025','85444999',999,250,'YES','YES','6 MONTHS','Active','0000-00-00','2022-12-29 18:39:55','0000-00-00 00:00:00'),(440,245,52,'KRAZE CAR CHARGER KZCC30','8504',999,250,'YES','YES','6 MONTHS','Active','0000-00-00','2022-12-29 18:39:56','0000-00-00 00:00:00'),(441,246,52,'KRAZE CAR CHARGER 3.1A DUAL PORT WITH MICRO CABLE KZCC10','8504',799,170,'YES','YES','6 MONTHS','Active','0000-00-00','2022-12-29 18:39:57','0000-00-00 00:00:00'),(442,247,52,'KRAZE CAR CHARGER KZCC11 3.4A','8504',799,170,'YES','YES','6 MONTHS','Active','0000-00-00','2022-12-29 18:39:57','0000-00-00 00:00:00'),(443,248,53,'KRAZE CHARGER 2.1Amp KZTC21 PRO','8504',399,115,'YES','YES','6 MONTHS','Active','0000-00-00','2022-12-29 18:39:58','0000-00-00 00:00:00'),(444,249,53,'KRAZE CHARGER WITH DATA CABLE 1.5Amp WC12','8504',399,100,'YES','YES','6 MONTHS','Active','0000-00-00','2022-12-29 18:39:58','0000-00-00 00:00:00'),(445,250,53,'KRAZE CHARGER 3Amp KZTC51','8504',599,210,'YES','YES','6 MONTHS','Active','0000-00-00','2022-12-29 18:39:59','0000-00-00 00:00:00'),(446,251,53,'KRAZE CHARGER 22W QC KZTC307','8504',1049,300,'YES','YES','6 MONTHS','Active','0000-00-00','2022-12-29 18:40:00','0000-00-00 00:00:00'),(447,252,53,'KRAZE CHARGER 30W VOOC KZVC403','8504',1999,500,'YES','YES','6 MONTHS','Active','0000-00-00','2022-12-29 18:40:00','0000-00-00 00:00:00'),(448,253,53,'KRAZE CHARGER 30W VOOC KZVC402','8504',1499,450,'YES','YES','6 MONTHS','Active','0000-00-00','2022-12-29 18:40:01','0000-00-00 00:00:00'),(449,254,53,'KRAZE CHARGER 3.1A KZTC31','8504',499,200,'YES','YES','6 MONTHS','Active','0000-00-00','2022-12-29 18:40:02','0000-00-00 00:00:00'),(450,255,53,'KRAZE PD CHARGER 20W PD 501','8504',1299,440,'YES','YES','6 MONTHS','Active','0000-00-00','2022-12-29 18:40:02','0000-00-00 00:00:00'),(451,256,53,'KRAZE CHARGER 2.1A BLACK WITHOUT CABLE KZTC21','8504',399,90,'YES','YES','6 MONTHS','Active','0000-00-00','2022-12-29 18:40:03','0000-00-00 00:00:00'),(452,257,53,'KRAZE CHARGER WITH CABLE 2.4A WC24D N','8504',549,150,'YES','YES','6 MONTHS','Active','0000-00-00','2022-12-29 18:40:04','0000-00-00 00:00:00'),(453,258,53,'KRAZE CHARGER 20W VOOC KZVC401 WITHOUT CABLE','8504',1199,440,'YES','YES','6 MONTHS','Active','0000-00-00','2022-12-29 18:40:04','0000-00-00 00:00:00'),(454,259,53,'KRAZE CHARGER 2.4A DUAL PORT WITH MICRO CABLE KRZTC201','8504',599,150,'YES','YES','6 MONTHS','Active','0000-00-00','2022-12-29 18:40:05','0000-00-00 00:00:00'),(455,260,53,'KRAZE CHARGER 3.1A DUAL PORT WITH MICRO CABLE KZTC35','8504',499,210,'YES','YES','6 MONTHS','Active','0000-00-00','2022-12-29 18:40:05','0000-00-00 00:00:00'),(456,261,53,'KRAZE CHARGER 2.1A SINGLE PORT WITH CABLE KZTC21 BLACK','8504',399,115,'YES','YES','6 MONTHS','Active','0000-00-00','2022-12-29 18:40:06','0000-00-00 00:00:00'),(457,262,43,'FRONTECH MOBILE CHARGER 2.4A SINGLE USB 0951','85044030',399,130,'YES','YES','6 MONTHS','Active','0000-00-00','2022-12-29 18:40:07','0000-00-00 00:00:00'),(458,263,43,'FRONTECH MOBILE CHARGER 2.4A DUAL USB WITH V8 CABLE 0952','85044030',399,145,'YES','YES','6 MONTHS','Active','0000-00-00','2022-12-29 18:40:07','0000-00-00 00:00:00'),(459,264,43,'FRONTECH MOBILE 20W PD CHARGER WITH 5 CORE CABLE','85044030',799,450,'YES','YES','6 MONTHS','Active','0000-00-00','2022-12-29 18:40:08','0000-00-00 00:00:00'),(460,265,44,'FRONTECH POWER CONNECTOR 3512','85369090',300,150,'YES','YES','6 MONTHS','Active','0000-00-00','2022-12-29 18:40:09','0000-00-00 00:00:00'),(461,266,44,'FRONTECH POWER EXTENSION SOCKET 3528','85369090',699,360,'YES','YES','6 MONTHS','Active','0000-00-00','2022-12-29 18:40:09','0000-00-00 00:00:00'),(462,267,44,'FRONTECH OPTICAL MOUSE WIRED MS-0013','847160',90,90,'YES','YES','6 MONTHS','Active','0000-00-00','2022-12-29 18:40:10','0000-00-00 00:00:00'),(463,268,44,'POWER CONNECTOR 4IN-2UN 3513','85369090',400,215,'YES','YES','6 MONTHS','Active','0000-00-00','2022-12-29 18:40:10','0000-00-00 00:00:00'),(464,269,54,'KRAZE POWER BANK 10000mAh P10','8507',2199,750,'YES','YES','6 MONTHS','Active','0000-00-00','2022-12-29 18:40:11','0000-00-00 00:00:00'),(465,270,54,'KRAZE POWER BANK 10000mAh P11','8507',2199,770,'YES','YES','6 MONTHS','Active','0000-00-00','2022-12-29 18:40:12','0000-00-00 00:00:00'),(466,271,54,'KRAZE POWER BANK 20000mAh P20','8507',2499,1100,'YES','YES','6 MONTHS','Active','0000-00-00','2022-12-29 18:40:12','0000-00-00 00:00:00'),(467,272,45,'SMART WATCH MOVEFIT/VSW-664 BLACK SMT-0001','85176290',4899,1699,'YES','YES','6 MONTHS','Active','0000-00-00','2022-12-29 18:40:13','0000-00-00 00:00:00'),(468,273,55,'KRAZE WIRED HANDSFREE JAZZ','8518',299,75,'YES','YES','6 MONTHS','Active','0000-00-00','2022-12-29 18:40:14','0000-00-00 00:00:00'),(469,274,55,'KRAZE WIRED HANDSFREE BOOMER','8518',399,100,'YES','YES','6 MONTHS','Active','0000-00-00','2022-12-29 18:40:14','0000-00-00 00:00:00'),(470,275,55,'KRAZE EARPHONE FUSION','8518',599,160,'YES','YES','6 MONTHS','Active','0000-00-00','2022-12-29 18:40:15','0000-00-00 00:00:00'),(471,276,55,'KRAZE EARPHONE THUNDER','8518',499,60,'YES','YES','6 MONTHS','Active','0000-00-00','2022-12-29 18:40:16','0000-00-00 00:00:00'),(472,277,55,'KRAZE EARPHONE TUNE GOLD','8518',499,130,'YES','YES','6 MONTHS','Active','0000-00-00','2022-12-29 18:40:16','0000-00-00 00:00:00'),(473,278,55,'KRAZE EARPHONE PRIME','8518',499,150,'YES','YES','6 MONTHS','Active','0000-00-00','2022-12-29 18:40:17','0000-00-00 00:00:00'),(474,279,46,'FRONTECH EARPHONE EF-0007','85183000',300,90,'YES','YES','6 MONTHS','Active','0000-00-00','2022-12-29 18:40:17','0000-00-00 00:00:00'),(475,280,46,'FRONTECH MULTIMEDIA EARPHONE EF-0046','85176290',275,85,'YES','YES','6 MONTHS','Active','0000-00-00','2022-12-29 18:40:18','0000-00-00 00:00:00'),(476,281,46,'FRONTECH MULTIMEDIA EARPHONE EF-0045','85183000',200,60,'YES','YES','6 MONTHS','Active','0000-00-00','2022-12-29 18:40:19','0000-00-00 00:00:00'),(477,203,47,'KRAZE TWS BT EARBUDS FLYPOD','8518',3999,1000,'YES','YES','6 MONTHS','Active','0000-00-00','2022-12-29 18:45:11','0000-00-00 00:00:00'),(478,204,48,'KRAZE EARBUDS TRUPOD','8518',2499,700,'YES','YES','6 MONTHS','Active','0000-00-00','2022-12-29 18:45:11','0000-00-00 00:00:00'),(479,205,49,'KRAZE BT NECKBAND AIR','8518',2999,570,'YES','YES','6 MONTHS','Active','0000-00-00','2022-12-29 18:45:11','0000-00-00 00:00:00'),(480,206,49,'KRAZE BT NECKBAND EMIRATES BT 109','8518',2999,600,'YES','YES','6 MONTHS','Active','0000-00-00','2022-12-29 18:45:11','0000-00-00 00:00:00'),(481,207,49,'KRAZE NECKBAND STRIKE BT106','8518',2599,520,'YES','YES','6 MONTHS','Active','0000-00-00','2022-12-29 18:45:11','0000-00-00 00:00:00'),(482,208,49,'KRAZE NECKBAND GALAXY BT 110','8518',2999,450,'YES','YES','6 MONTHS','Active','0000-00-00','2022-12-29 18:45:11','0000-00-00 00:00:00'),(483,209,40,'FRONTECH WIRELESS NECKBAND EARPHONE BLAZE EF-0021','85183000',1200,450,'YES','YES','6 MONTHS','Active','0000-00-00','2022-12-29 18:45:11','0000-00-00 00:00:00'),(484,210,40,'FRONTECH WIRELESS NECKBAND EARPHONE BRIZO EF-0026','85183000',1400,540,'YES','YES','6 MONTHS','Active','0000-00-00','2022-12-29 18:45:11','0000-00-00 00:00:00'),(485,211,40,'FRONTECH WIRELESS NECKBAND EARPHONE ARIA EF-0061','85183000',1400,530,'YES','YES','6 MONTHS','Active','0000-00-00','2022-12-29 18:45:11','0000-00-00 00:00:00'),(486,212,49,'KRAZE NECKBAND SENSE BT 111','8518',2499,650,'YES','YES','6 MONTHS','Active','0000-00-00','2022-12-29 18:45:11','0000-00-00 00:00:00'),(487,213,49,'KRAZE NECKBAND STUD BT 112','8518',1999,350,'YES','YES','6 MONTHS','Active','0000-00-00','2022-12-29 18:45:11','0000-00-00 00:00:00'),(488,214,50,'KRAZE WOODEN SPEAKER 10W KZRS1','8518',2999,700,'YES','YES','6 MONTHS','Active','0000-00-00','2022-12-29 18:45:11','0000-00-00 00:00:00'),(489,215,50,'KRAZE WOODEN SPEAKER 15W KZRS2','8518',3999,800,'YES','YES','6 MONTHS','Active','0000-00-00','2022-12-29 18:45:11','0000-00-00 00:00:00'),(490,216,41,'FRONTECH MM BT SPEAKER SW-0028','85279100',1000,470,'YES','YES','6 MONTHS','Active','0000-00-00','2022-12-29 18:45:11','0000-00-00 00:00:00'),(491,217,41,'FRONTECH MM BT SPEAKER SW-0043','85279100',800,380,'YES','YES','6 MONTHS','Active','0000-00-00','2022-12-29 18:45:11','0000-00-00 00:00:00'),(492,218,41,'FRONTECH MM BT SPEAKER SW-0049','85279100',900,435,'YES','YES','6 MONTHS','Active','0000-00-00','2022-12-29 18:45:11','0000-00-00 00:00:00'),(493,219,41,'FRONTECH MM SPEAKER USB/BT/FM CASTER PLUS SW-0097','85279100',6000,3500,'YES','YES','6 MONTHS','Active','0000-00-00','2022-12-29 18:45:11','0000-00-00 00:00:00'),(494,220,51,'KRAZE CHARGING CABLE 2Amp KZDC31','8544',199,25,'YES','YES','3 MONTHS','Active','0000-00-00','2022-12-29 18:45:11','0000-00-00 00:00:00'),(495,221,51,'KRAZE CHARGING CABLE 2.4Amp KZDC31 PRO','8544',299,30,'YES','YES','3 MONTHS','Active','0000-00-00','2022-12-29 18:45:11','0000-00-00 00:00:00'),(496,222,51,'KRAZE MICRO DATA CABLE 3.1Amp KZDC134','8544',499,45,'YES','YES','6 MONTHS','Active','0000-00-00','2022-12-29 18:45:11','0000-00-00 00:00:00'),(497,223,51,'KRAZE DATA CABLE TYPE C 3.1Amp KZDC135','8544',499,60,'YES','YES','6 MONTHS','Active','0000-00-00','2022-12-29 18:45:11','0000-00-00 00:00:00'),(498,224,51,'KRAZE DATA CABLE TYPE C TO TYPE C 18W FAST CHARGING KZDC60B','8544',499,115,'YES','YES','6 MONTHS','Active','0000-00-00','2022-12-29 18:45:11','0000-00-00 00:00:00'),(499,225,51,'KRAZE 3.1A I PHONE DATA CABLE KZDC 136','8544',499,65,'YES','YES','6 MONTHS','Active','0000-00-00','2022-12-29 18:45:11','0000-00-00 00:00:00'),(500,226,51,'KRAZE DATA CABLE KZDC 60B PRO TYPE C TO TYPE C','8544',599,115,'YES','YES','6 MONTHS','Active','0000-00-00','2022-12-29 18:45:11','0000-00-00 00:00:00'),(501,227,51,'KRAZE AUX CABLE','8544',499,70,'YES','YES','6 MONTHS','Active','0000-00-00','2022-12-29 18:45:11','0000-00-00 00:00:00'),(502,228,51,'KRAZE 4.0A TYPE C DATA CABLE KRZDC-145','8544',599,85,'YES','YES','6 MONTHS','Active','0000-00-00','2022-12-29 18:45:11','0000-00-00 00:00:00'),(503,229,51,'KRAZE DATA CABLE 3.1A MICRO USB BRAIDED KZDC31B','8544',299,70,'YES','YES','6 MONTHS','Active','0000-00-00','2022-12-29 18:45:11','0000-00-00 00:00:00'),(504,230,51,'KRAZE DATA CABLE TYPE C KZDC31B','8544',299,85,'YES','YES','6 MONTHS','Active','0000-00-00','2022-12-29 18:45:11','0000-00-00 00:00:00'),(505,231,51,'KRAZE 4A TYPE C DAT CABLE KZDC-142','8544',299,95,'YES','YES','6 MONTHS','Active','0000-00-00','2022-12-29 18:45:11','0000-00-00 00:00:00'),(506,232,51,'KRAZE DATA CABLE KZDC70B TYPE C TO LIGHTNING','8544',699,130,'YES','YES','6 MONTHS','Active','0000-00-00','2022-12-29 18:45:11','0000-00-00 00:00:00'),(507,233,51,'KRAZE DATA CABLE KZDC40B MICRO 4.0A','8544',999,120,'YES','YES','6 MONTHS','Active','0000-00-00','2022-12-29 18:45:11','0000-00-00 00:00:00'),(508,234,51,'KRAZE DATA CABLE KZDC40B TYPE C 4.0A','8544',999,130,'YES','YES','6 MONTHS','Active','0000-00-00','2022-12-29 18:45:11','0000-00-00 00:00:00'),(509,235,51,'KRAZE DATA CABLE KZDC40B I PHONE 4.0A','8544',999,130,'YES','YES','6 MONTHS','Active','0000-00-00','2022-12-29 18:45:11','0000-00-00 00:00:00'),(510,236,51,'KRAZE DATA CABLE KZDC50B MICRO 4.5A','8544',999,125,'YES','YES','6 MONTHS','Active','0000-00-00','2022-12-29 18:45:11','0000-00-00 00:00:00'),(511,237,51,'KRAZE DATA CABLE KZDC50B TYPE C 4.5A','8544',999,135,'YES','YES','6 MONTHS','Active','0000-00-00','2022-12-29 18:45:11','0000-00-00 00:00:00'),(512,238,42,'FRONTECH USB BRAIDED NYLON CABLE FOR 8 PIN 0883','85442090',550,60,'YES','YES','6 MONTHS','Active','0000-00-00','2022-12-29 18:45:11','0000-00-00 00:00:00'),(513,239,42,'FRONTECH USB PVC CABLE V8 2.4A 4 CORE 1 METER 0909','85444999',150,40,'YES','YES','6 MONTHS','Active','0000-00-00','2022-12-29 18:45:11','0000-00-00 00:00:00'),(514,240,42,'FRONTECH USB PVC CABLE TYPE C 2.4A 4 CORE 1 METER 0910','85444999',225,50,'YES','YES','6 MONTHS','Active','0000-00-00','2022-12-29 18:45:11','0000-00-00 00:00:00'),(515,241,42,'FRONTECH USB PVC CABLE A TO C 30W 0935','85444999',599,120,'YES','YES','6 MONTHS','Active','0000-00-00','2022-12-29 18:45:11','0000-00-00 00:00:00'),(516,242,42,'FRONTECH USB PVC CABLE C TO C 30W 0933','85444999',599,135,'YES','YES','6 MONTHS','Active','0000-00-00','2022-12-29 18:45:11','0000-00-00 00:00:00'),(517,243,42,'FRONTECH USB PVC CABLE C TO C 65W 0934','85444999',899,200,'YES','YES','6 MONTHS','Active','0000-00-00','2022-12-29 18:45:11','0000-00-00 00:00:00'),(518,244,42,'FRONTECH USB PVC CABLE TYPE C TO I PHONE 27W WHITE 1025','85444999',999,250,'YES','YES','6 MONTHS','Active','0000-00-00','2022-12-29 18:45:11','0000-00-00 00:00:00'),(519,245,52,'KRAZE CAR CHARGER KZCC30','8504',999,250,'YES','YES','6 MONTHS','Active','0000-00-00','2022-12-29 18:45:11','0000-00-00 00:00:00'),(520,246,52,'KRAZE CAR CHARGER 3.1A DUAL PORT WITH MICRO CABLE KZCC10','8504',799,170,'YES','YES','6 MONTHS','Active','0000-00-00','2022-12-29 18:45:11','0000-00-00 00:00:00'),(521,247,52,'KRAZE CAR CHARGER KZCC11 3.4A','8504',799,170,'YES','YES','6 MONTHS','Active','0000-00-00','2022-12-29 18:45:11','0000-00-00 00:00:00'),(522,248,53,'KRAZE CHARGER 2.1Amp KZTC21 PRO','8504',399,115,'YES','YES','6 MONTHS','Active','0000-00-00','2022-12-29 18:45:11','0000-00-00 00:00:00'),(523,249,53,'KRAZE CHARGER WITH DATA CABLE 1.5Amp WC12','8504',399,100,'YES','YES','6 MONTHS','Active','0000-00-00','2022-12-29 18:45:11','0000-00-00 00:00:00'),(524,250,53,'KRAZE CHARGER 3Amp KZTC51','8504',599,210,'YES','YES','6 MONTHS','Active','0000-00-00','2022-12-29 18:45:11','0000-00-00 00:00:00'),(525,251,53,'KRAZE CHARGER 22W QC KZTC307','8504',1049,300,'YES','YES','6 MONTHS','Active','0000-00-00','2022-12-29 18:45:11','0000-00-00 00:00:00'),(526,252,53,'KRAZE CHARGER 30W VOOC KZVC403','8504',1999,500,'YES','YES','6 MONTHS','Active','0000-00-00','2022-12-29 18:45:11','0000-00-00 00:00:00'),(527,253,53,'KRAZE CHARGER 30W VOOC KZVC402','8504',1499,450,'YES','YES','6 MONTHS','Active','0000-00-00','2022-12-29 18:45:11','0000-00-00 00:00:00'),(528,254,53,'KRAZE CHARGER 3.1A KZTC31','8504',499,200,'YES','YES','6 MONTHS','Active','0000-00-00','2022-12-29 18:45:11','0000-00-00 00:00:00'),(529,255,53,'KRAZE PD CHARGER 20W PD 501','8504',1299,440,'YES','YES','6 MONTHS','Active','0000-00-00','2022-12-29 18:45:11','0000-00-00 00:00:00'),(530,256,53,'KRAZE CHARGER 2.1A BLACK WITHOUT CABLE KZTC21','8504',399,90,'YES','YES','6 MONTHS','Active','0000-00-00','2022-12-29 18:45:11','0000-00-00 00:00:00'),(531,257,53,'KRAZE CHARGER WITH CABLE 2.4A WC24D N','8504',549,150,'YES','YES','6 MONTHS','Active','0000-00-00','2022-12-29 18:45:11','0000-00-00 00:00:00'),(532,258,53,'KRAZE CHARGER 20W VOOC KZVC401 WITHOUT CABLE','8504',1199,440,'YES','YES','6 MONTHS','Active','0000-00-00','2022-12-29 18:45:11','0000-00-00 00:00:00'),(533,259,53,'KRAZE CHARGER 2.4A DUAL PORT WITH MICRO CABLE KRZTC201','8504',599,150,'YES','YES','6 MONTHS','Active','0000-00-00','2022-12-29 18:45:11','0000-00-00 00:00:00'),(534,260,53,'KRAZE CHARGER 3.1A DUAL PORT WITH MICRO CABLE KZTC35','8504',499,210,'YES','YES','6 MONTHS','Active','0000-00-00','2022-12-29 18:45:11','0000-00-00 00:00:00'),(535,261,53,'KRAZE CHARGER 2.1A SINGLE PORT WITH CABLE KZTC21 BLACK','8504',399,115,'YES','YES','6 MONTHS','Active','0000-00-00','2022-12-29 18:45:11','0000-00-00 00:00:00'),(536,262,43,'FRONTECH MOBILE CHARGER 2.4A SINGLE USB 0951','85044030',399,130,'YES','YES','6 MONTHS','Active','0000-00-00','2022-12-29 18:45:11','0000-00-00 00:00:00'),(537,263,43,'FRONTECH MOBILE CHARGER 2.4A DUAL USB WITH V8 CABLE 0952','85044030',399,145,'YES','YES','6 MONTHS','Active','0000-00-00','2022-12-29 18:45:11','0000-00-00 00:00:00'),(538,264,43,'FRONTECH MOBILE 20W PD CHARGER WITH 5 CORE CABLE','85044030',799,450,'YES','YES','6 MONTHS','Active','0000-00-00','2022-12-29 18:45:11','0000-00-00 00:00:00'),(539,265,44,'FRONTECH POWER CONNECTOR 3512','85369090',300,150,'YES','YES','6 MONTHS','Active','0000-00-00','2022-12-29 18:45:11','0000-00-00 00:00:00'),(540,266,44,'FRONTECH POWER EXTENSION SOCKET 3528','85369090',699,360,'YES','YES','6 MONTHS','Active','0000-00-00','2022-12-29 18:45:11','0000-00-00 00:00:00'),(541,267,44,'FRONTECH OPTICAL MOUSE WIRED MS-0013','847160',90,90,'YES','YES','6 MONTHS','Active','0000-00-00','2022-12-29 18:45:11','0000-00-00 00:00:00'),(542,268,44,'POWER CONNECTOR 4IN-2UN 3513','85369090',400,215,'YES','YES','6 MONTHS','Active','0000-00-00','2022-12-29 18:45:11','0000-00-00 00:00:00'),(543,269,54,'KRAZE POWER BANK 10000mAh P10','8507',2199,750,'YES','YES','6 MONTHS','Active','0000-00-00','2022-12-29 18:45:11','0000-00-00 00:00:00'),(544,270,54,'KRAZE POWER BANK 10000mAh P11','8507',2199,770,'YES','YES','6 MONTHS','Active','0000-00-00','2022-12-29 18:45:11','0000-00-00 00:00:00'),(545,271,54,'KRAZE POWER BANK 20000mAh P20','8507',2499,1100,'YES','YES','6 MONTHS','Active','0000-00-00','2022-12-29 18:45:11','0000-00-00 00:00:00'),(546,272,45,'SMART WATCH MOVEFIT/VSW-664 BLACK SMT-0001','85176290',4899,1699,'YES','YES','6 MONTHS','Active','0000-00-00','2022-12-29 18:45:11','0000-00-00 00:00:00'),(547,273,55,'KRAZE WIRED HANDSFREE JAZZ','8518',299,75,'YES','YES','6 MONTHS','Active','0000-00-00','2022-12-29 18:45:11','0000-00-00 00:00:00'),(548,274,55,'KRAZE WIRED HANDSFREE BOOMER','8518',399,100,'YES','YES','6 MONTHS','Active','0000-00-00','2022-12-29 18:45:11','0000-00-00 00:00:00'),(549,275,55,'KRAZE EARPHONE FUSION','8518',599,160,'YES','YES','6 MONTHS','Active','0000-00-00','2022-12-29 18:45:11','0000-00-00 00:00:00'),(550,276,55,'KRAZE EARPHONE THUNDER','8518',499,60,'YES','YES','6 MONTHS','Active','0000-00-00','2022-12-29 18:45:11','0000-00-00 00:00:00'),(551,277,55,'KRAZE EARPHONE TUNE GOLD','8518',499,130,'YES','YES','6 MONTHS','Active','0000-00-00','2022-12-29 18:45:11','0000-00-00 00:00:00'),(552,278,55,'KRAZE EARPHONE PRIME','8518',499,150,'YES','YES','6 MONTHS','Active','0000-00-00','2022-12-29 18:45:11','0000-00-00 00:00:00'),(553,279,46,'FRONTECH EARPHONE EF-0007','85183000',300,90,'YES','YES','6 MONTHS','Active','0000-00-00','2022-12-29 18:45:11','0000-00-00 00:00:00'),(554,280,46,'FRONTECH MULTIMEDIA EARPHONE EF-0046','85176290',275,85,'YES','YES','6 MONTHS','Active','0000-00-00','2022-12-29 18:45:11','0000-00-00 00:00:00'),(555,281,46,'FRONTECH MULTIMEDIA EARPHONE EF-0045','85183000',200,60,'YES','YES','6 MONTHS','Active','0000-00-00','2022-12-29 18:45:11','0000-00-00 00:00:00'),(556,203,47,'KRAZE TWS BT EARBUDS FLYPOD','8518',3999,1000,'YES','6 MONTHS','6 MONTHS','Active','0000-00-00','2022-12-29 18:45:22','0000-00-00 00:00:00'),(557,204,48,'KRAZE EARBUDS TRUPOD','8518',2499,700,'YES','6 MONTHS','6 MONTHS','Active','0000-00-00','2022-12-29 18:45:22','0000-00-00 00:00:00'),(558,205,49,'KRAZE BT NECKBAND AIR','8518',2999,570,'YES','6 MONTHS','6 MONTHS','Active','0000-00-00','2022-12-29 18:45:22','0000-00-00 00:00:00'),(559,206,49,'KRAZE BT NECKBAND EMIRATES BT 109','8518',2999,600,'YES','6 MONTHS','6 MONTHS','Active','0000-00-00','2022-12-29 18:45:22','0000-00-00 00:00:00'),(560,207,49,'KRAZE NECKBAND STRIKE BT106','8518',2599,520,'YES','6 MONTHS','6 MONTHS','Active','0000-00-00','2022-12-29 18:45:22','0000-00-00 00:00:00'),(561,208,49,'KRAZE NECKBAND GALAXY BT 110','8518',2999,450,'YES','6 MONTHS','6 MONTHS','Active','0000-00-00','2022-12-29 18:45:22','0000-00-00 00:00:00'),(562,209,40,'FRONTECH WIRELESS NECKBAND EARPHONE BLAZE EF-0021','85183000',1200,450,'YES','6 MONTHS','6 MONTHS','Active','0000-00-00','2022-12-29 18:45:22','0000-00-00 00:00:00'),(563,210,40,'FRONTECH WIRELESS NECKBAND EARPHONE BRIZO EF-0026','85183000',1400,540,'YES','6 MONTHS','6 MONTHS','Active','0000-00-00','2022-12-29 18:45:22','0000-00-00 00:00:00'),(564,211,40,'FRONTECH WIRELESS NECKBAND EARPHONE ARIA EF-0061','85183000',1400,530,'YES','6 MONTHS','6 MONTHS','Active','0000-00-00','2022-12-29 18:45:22','0000-00-00 00:00:00'),(565,212,49,'KRAZE NECKBAND SENSE BT 111','8518',2499,650,'YES','6 MONTHS','6 MONTHS','Active','0000-00-00','2022-12-29 18:45:22','0000-00-00 00:00:00'),(566,213,49,'KRAZE NECKBAND STUD BT 112','8518',1999,350,'YES','6 MONTHS','6 MONTHS','Active','0000-00-00','2022-12-29 18:45:22','0000-00-00 00:00:00'),(567,214,50,'KRAZE WOODEN SPEAKER 10W KZRS1','8518',2999,700,'YES','6 MONTHS','6 MONTHS','Active','0000-00-00','2022-12-29 18:45:22','0000-00-00 00:00:00'),(568,215,50,'KRAZE WOODEN SPEAKER 15W KZRS2','8518',3999,800,'YES','6 MONTHS','6 MONTHS','Active','0000-00-00','2022-12-29 18:45:22','0000-00-00 00:00:00'),(569,216,41,'FRONTECH MM BT SPEAKER SW-0028','85279100',1000,470,'YES','6 MONTHS','6 MONTHS','Active','0000-00-00','2022-12-29 18:45:22','0000-00-00 00:00:00'),(570,217,41,'FRONTECH MM BT SPEAKER SW-0043','85279100',800,380,'YES','6 MONTHS','6 MONTHS','Active','0000-00-00','2022-12-29 18:45:22','0000-00-00 00:00:00'),(571,218,41,'FRONTECH MM BT SPEAKER SW-0049','85279100',900,435,'YES','6 MONTHS','6 MONTHS','Active','0000-00-00','2022-12-29 18:45:22','0000-00-00 00:00:00'),(572,219,41,'FRONTECH MM SPEAKER USB/BT/FM CASTER PLUS SW-0097','85279100',6000,3500,'YES','6 MONTHS','6 MONTHS','Active','0000-00-00','2022-12-29 18:45:22','0000-00-00 00:00:00'),(573,220,51,'KRAZE CHARGING CABLE 2Amp KZDC31','8544',199,25,'YES','3 MONTHS','3 MONTHS','Active','0000-00-00','2022-12-29 18:45:22','0000-00-00 00:00:00'),(574,221,51,'KRAZE CHARGING CABLE 2.4Amp KZDC31 PRO','8544',299,30,'YES','3 MONTHS','3 MONTHS','Active','0000-00-00','2022-12-29 18:45:22','0000-00-00 00:00:00'),(575,222,51,'KRAZE MICRO DATA CABLE 3.1Amp KZDC134','8544',499,45,'YES','6 MONTHS','6 MONTHS','Active','0000-00-00','2022-12-29 18:45:22','0000-00-00 00:00:00'),(576,223,51,'KRAZE DATA CABLE TYPE C 3.1Amp KZDC135','8544',499,60,'YES','6 MONTHS','6 MONTHS','Active','0000-00-00','2022-12-29 18:45:22','0000-00-00 00:00:00'),(577,224,51,'KRAZE DATA CABLE TYPE C TO TYPE C 18W FAST CHARGING KZDC60B','8544',499,115,'YES','6 MONTHS','6 MONTHS','Active','0000-00-00','2022-12-29 18:45:22','0000-00-00 00:00:00'),(578,225,51,'KRAZE 3.1A I PHONE DATA CABLE KZDC 136','8544',499,65,'YES','6 MONTHS','6 MONTHS','Active','0000-00-00','2022-12-29 18:45:22','0000-00-00 00:00:00'),(579,226,51,'KRAZE DATA CABLE KZDC 60B PRO TYPE C TO TYPE C','8544',599,115,'YES','6 MONTHS','6 MONTHS','Active','0000-00-00','2022-12-29 18:45:22','0000-00-00 00:00:00'),(580,227,51,'KRAZE AUX CABLE','8544',499,70,'YES','6 MONTHS','6 MONTHS','Active','0000-00-00','2022-12-29 18:45:22','0000-00-00 00:00:00'),(581,228,51,'KRAZE 4.0A TYPE C DATA CABLE KRZDC-145','8544',599,85,'YES','6 MONTHS','6 MONTHS','Active','0000-00-00','2022-12-29 18:45:22','0000-00-00 00:00:00'),(582,229,51,'KRAZE DATA CABLE 3.1A MICRO USB BRAIDED KZDC31B','8544',299,70,'YES','6 MONTHS','6 MONTHS','Active','0000-00-00','2022-12-29 18:45:22','0000-00-00 00:00:00'),(583,230,51,'KRAZE DATA CABLE TYPE C KZDC31B','8544',299,85,'YES','6 MONTHS','6 MONTHS','Active','0000-00-00','2022-12-29 18:45:22','0000-00-00 00:00:00'),(584,231,51,'KRAZE 4A TYPE C DAT CABLE KZDC-142','8544',299,95,'YES','6 MONTHS','6 MONTHS','Active','0000-00-00','2022-12-29 18:45:22','0000-00-00 00:00:00'),(585,232,51,'KRAZE DATA CABLE KZDC70B TYPE C TO LIGHTNING','8544',699,130,'YES','6 MONTHS','6 MONTHS','Active','0000-00-00','2022-12-29 18:45:22','0000-00-00 00:00:00'),(586,233,51,'KRAZE DATA CABLE KZDC40B MICRO 4.0A','8544',999,120,'YES','6 MONTHS','6 MONTHS','Active','0000-00-00','2022-12-29 18:45:22','0000-00-00 00:00:00'),(587,234,51,'KRAZE DATA CABLE KZDC40B TYPE C 4.0A','8544',999,130,'YES','6 MONTHS','6 MONTHS','Active','0000-00-00','2022-12-29 18:45:22','0000-00-00 00:00:00'),(588,235,51,'KRAZE DATA CABLE KZDC40B I PHONE 4.0A','8544',999,130,'YES','6 MONTHS','6 MONTHS','Active','0000-00-00','2022-12-29 18:45:22','0000-00-00 00:00:00'),(589,236,51,'KRAZE DATA CABLE KZDC50B MICRO 4.5A','8544',999,125,'YES','6 MONTHS','6 MONTHS','Active','0000-00-00','2022-12-29 18:45:22','0000-00-00 00:00:00'),(590,237,51,'KRAZE DATA CABLE KZDC50B TYPE C 4.5A','8544',999,135,'YES','6 MONTHS','6 MONTHS','Active','0000-00-00','2022-12-29 18:45:22','0000-00-00 00:00:00'),(591,238,42,'FRONTECH USB BRAIDED NYLON CABLE FOR 8 PIN 0883','85442090',550,60,'YES','6 MONTHS','6 MONTHS','Active','0000-00-00','2022-12-29 18:45:22','0000-00-00 00:00:00'),(592,239,42,'FRONTECH USB PVC CABLE V8 2.4A 4 CORE 1 METER 0909','85444999',150,40,'YES','6 MONTHS','6 MONTHS','Active','0000-00-00','2022-12-29 18:45:22','0000-00-00 00:00:00'),(593,240,42,'FRONTECH USB PVC CABLE TYPE C 2.4A 4 CORE 1 METER 0910','85444999',225,50,'YES','6 MONTHS','6 MONTHS','Active','0000-00-00','2022-12-29 18:45:22','0000-00-00 00:00:00'),(594,241,42,'FRONTECH USB PVC CABLE A TO C 30W 0935','85444999',599,120,'YES','6 MONTHS','6 MONTHS','Active','0000-00-00','2022-12-29 18:45:22','0000-00-00 00:00:00'),(595,242,42,'FRONTECH USB PVC CABLE C TO C 30W 0933','85444999',599,135,'YES','6 MONTHS','6 MONTHS','Active','0000-00-00','2022-12-29 18:45:22','0000-00-00 00:00:00'),(596,243,42,'FRONTECH USB PVC CABLE C TO C 65W 0934','85444999',899,200,'YES','6 MONTHS','6 MONTHS','Active','0000-00-00','2022-12-29 18:45:22','0000-00-00 00:00:00'),(597,244,42,'FRONTECH USB PVC CABLE TYPE C TO I PHONE 27W WHITE 1025','85444999',999,250,'YES','6 MONTHS','6 MONTHS','Active','0000-00-00','2022-12-29 18:45:22','0000-00-00 00:00:00'),(598,245,52,'KRAZE CAR CHARGER KZCC30','8504',999,250,'YES','6 MONTHS','6 MONTHS','Active','0000-00-00','2022-12-29 18:45:22','0000-00-00 00:00:00'),(599,246,52,'KRAZE CAR CHARGER 3.1A DUAL PORT WITH MICRO CABLE KZCC10','8504',799,170,'YES','6 MONTHS','6 MONTHS','Active','0000-00-00','2022-12-29 18:45:22','0000-00-00 00:00:00'),(600,247,52,'KRAZE CAR CHARGER KZCC11 3.4A','8504',799,170,'YES','6 MONTHS','6 MONTHS','Active','0000-00-00','2022-12-29 18:45:22','0000-00-00 00:00:00'),(601,248,53,'KRAZE CHARGER 2.1Amp KZTC21 PRO','8504',399,115,'YES','6 MONTHS','6 MONTHS','Active','0000-00-00','2022-12-29 18:45:22','0000-00-00 00:00:00'),(602,249,53,'KRAZE CHARGER WITH DATA CABLE 1.5Amp WC12','8504',399,100,'YES','6 MONTHS','6 MONTHS','Active','0000-00-00','2022-12-29 18:45:22','0000-00-00 00:00:00'),(603,250,53,'KRAZE CHARGER 3Amp KZTC51','8504',599,210,'YES','6 MONTHS','6 MONTHS','Active','0000-00-00','2022-12-29 18:45:22','0000-00-00 00:00:00'),(604,251,53,'KRAZE CHARGER 22W QC KZTC307','8504',1049,300,'YES','6 MONTHS','6 MONTHS','Active','0000-00-00','2022-12-29 18:45:22','0000-00-00 00:00:00'),(605,252,53,'KRAZE CHARGER 30W VOOC KZVC403','8504',1999,500,'YES','6 MONTHS','6 MONTHS','Active','0000-00-00','2022-12-29 18:45:22','0000-00-00 00:00:00'),(606,253,53,'KRAZE CHARGER 30W VOOC KZVC402','8504',1499,450,'YES','6 MONTHS','6 MONTHS','Active','0000-00-00','2022-12-29 18:45:22','0000-00-00 00:00:00'),(607,254,53,'KRAZE CHARGER 3.1A KZTC31','8504',499,200,'YES','6 MONTHS','6 MONTHS','Active','0000-00-00','2022-12-29 18:45:22','0000-00-00 00:00:00'),(608,255,53,'KRAZE PD CHARGER 20W PD 501','8504',1299,440,'YES','6 MONTHS','6 MONTHS','Active','0000-00-00','2022-12-29 18:45:22','0000-00-00 00:00:00'),(609,256,53,'KRAZE CHARGER 2.1A BLACK WITHOUT CABLE KZTC21','8504',399,90,'YES','6 MONTHS','6 MONTHS','Active','0000-00-00','2022-12-29 18:45:22','0000-00-00 00:00:00'),(610,257,53,'KRAZE CHARGER WITH CABLE 2.4A WC24D N','8504',549,150,'YES','6 MONTHS','6 MONTHS','Active','0000-00-00','2022-12-29 18:45:22','0000-00-00 00:00:00'),(611,258,53,'KRAZE CHARGER 20W VOOC KZVC401 WITHOUT CABLE','8504',1199,440,'YES','6 MONTHS','6 MONTHS','Active','0000-00-00','2022-12-29 18:45:22','0000-00-00 00:00:00'),(612,259,53,'KRAZE CHARGER 2.4A DUAL PORT WITH MICRO CABLE KRZTC201','8504',599,150,'YES','6 MONTHS','6 MONTHS','Active','0000-00-00','2022-12-29 18:45:22','0000-00-00 00:00:00'),(613,260,53,'KRAZE CHARGER 3.1A DUAL PORT WITH MICRO CABLE KZTC35','8504',499,210,'YES','6 MONTHS','6 MONTHS','Active','0000-00-00','2022-12-29 18:45:22','0000-00-00 00:00:00'),(614,261,53,'KRAZE CHARGER 2.1A SINGLE PORT WITH CABLE KZTC21 BLACK','8504',399,115,'YES','6 MONTHS','6 MONTHS','Active','0000-00-00','2022-12-29 18:45:22','0000-00-00 00:00:00'),(615,262,43,'FRONTECH MOBILE CHARGER 2.4A SINGLE USB 0951','85044030',399,130,'YES','6 MONTHS','6 MONTHS','Active','0000-00-00','2022-12-29 18:45:22','0000-00-00 00:00:00'),(616,263,43,'FRONTECH MOBILE CHARGER 2.4A DUAL USB WITH V8 CABLE 0952','85044030',399,145,'YES','6 MONTHS','6 MONTHS','Active','0000-00-00','2022-12-29 18:45:22','0000-00-00 00:00:00'),(617,264,43,'FRONTECH MOBILE 20W PD CHARGER WITH 5 CORE CABLE','85044030',799,450,'YES','6 MONTHS','6 MONTHS','Active','0000-00-00','2022-12-29 18:45:22','0000-00-00 00:00:00'),(618,265,44,'FRONTECH POWER CONNECTOR 3512','85369090',300,150,'YES','6 MONTHS','6 MONTHS','Active','0000-00-00','2022-12-29 18:45:22','0000-00-00 00:00:00'),(619,266,44,'FRONTECH POWER EXTENSION SOCKET 3528','85369090',699,360,'YES','6 MONTHS','6 MONTHS','Active','0000-00-00','2022-12-29 18:45:22','0000-00-00 00:00:00'),(620,267,44,'FRONTECH OPTICAL MOUSE WIRED MS-0013','847160',90,90,'YES','6 MONTHS','6 MONTHS','Active','0000-00-00','2022-12-29 18:45:22','0000-00-00 00:00:00'),(621,268,44,'POWER CONNECTOR 4IN-2UN 3513','85369090',400,215,'YES','6 MONTHS','6 MONTHS','Active','0000-00-00','2022-12-29 18:45:22','0000-00-00 00:00:00'),(622,269,54,'KRAZE POWER BANK 10000mAh P10','8507',2199,750,'YES','6 MONTHS','6 MONTHS','Active','0000-00-00','2022-12-29 18:45:22','0000-00-00 00:00:00'),(623,270,54,'KRAZE POWER BANK 10000mAh P11','8507',2199,770,'YES','6 MONTHS','6 MONTHS','Active','0000-00-00','2022-12-29 18:45:22','0000-00-00 00:00:00'),(624,271,54,'KRAZE POWER BANK 20000mAh P20','8507',2499,1100,'YES','6 MONTHS','6 MONTHS','Active','0000-00-00','2022-12-29 18:45:22','0000-00-00 00:00:00'),(625,272,45,'SMART WATCH MOVEFIT/VSW-664 BLACK SMT-0001','85176290',4899,1699,'YES','6 MONTHS','6 MONTHS','Active','0000-00-00','2022-12-29 18:45:22','0000-00-00 00:00:00'),(626,273,55,'KRAZE WIRED HANDSFREE JAZZ','8518',299,75,'YES','6 MONTHS','6 MONTHS','Active','0000-00-00','2022-12-29 18:45:22','0000-00-00 00:00:00'),(627,274,55,'KRAZE WIRED HANDSFREE BOOMER','8518',399,100,'YES','6 MONTHS','6 MONTHS','Active','0000-00-00','2022-12-29 18:45:22','0000-00-00 00:00:00'),(628,275,55,'KRAZE EARPHONE FUSION','8518',599,160,'YES','6 MONTHS','6 MONTHS','Active','0000-00-00','2022-12-29 18:45:22','0000-00-00 00:00:00'),(629,276,55,'KRAZE EARPHONE THUNDER','8518',499,60,'YES','6 MONTHS','6 MONTHS','Active','0000-00-00','2022-12-29 18:45:22','0000-00-00 00:00:00'),(630,277,55,'KRAZE EARPHONE TUNE GOLD','8518',499,130,'YES','6 MONTHS','6 MONTHS','Active','0000-00-00','2022-12-29 18:45:22','0000-00-00 00:00:00'),(631,278,55,'KRAZE EARPHONE PRIME','8518',499,150,'YES','6 MONTHS','6 MONTHS','Active','0000-00-00','2022-12-29 18:45:22','0000-00-00 00:00:00'),(632,279,46,'FRONTECH EARPHONE EF-0007','85183000',300,90,'YES','6 MONTHS','6 MONTHS','Active','0000-00-00','2022-12-29 18:45:22','0000-00-00 00:00:00'),(633,280,46,'FRONTECH MULTIMEDIA EARPHONE EF-0046','85176290',275,85,'YES','6 MONTHS','6 MONTHS','Active','0000-00-00','2022-12-29 18:45:22','0000-00-00 00:00:00'),(634,281,46,'FRONTECH MULTIMEDIA EARPHONE EF-0045','85183000',200,60,'YES','6 MONTHS','6 MONTHS','Active','0000-00-00','2022-12-29 18:45:22','0000-00-00 00:00:00'),(635,267,44,'FRONTECH OPTICAL MOUSE WIRED MS-0013','847160',90,90,'YES','6 MONTHS','','Active','0000-00-00','2022-12-29 18:53:09','0000-00-00 00:00:00'),(636,267,44,'FRONTECH OPTICAL MOUSE WIRED MS-0013','847160',225,90,'YES','No','','Active','0000-00-00','2022-12-30 15:26:10','0000-00-00 00:00:00'),(637,3,1,'FPA-231 Dual USB Adapter,Input: 150-285VAC Output: 4.7-5.25VDC / 3.4Amp Glowing LED USB Port','85043100',750,260,'','6 M','6 MONTHS','Active','0000-00-00','2022-12-30 15:27:54','0000-00-00 00:00:00'),(638,10,1,'FOXIN DUAL USB ADAPTER FPA-231 (3.4AMP) WITH TYPE-C USB CABLE WHITE','85043100',750,270,'','6 M','6 MONTHS','Active','0000-00-00','2022-12-30 15:29:16','0000-00-00 00:00:00'),(639,12,21,'CT-C6 | Travel Charger | V8','85044090',199,65,'','1 YEAR','','Active','0000-00-00','2022-12-30 15:39:45','0000-00-00 00:00:00'),(640,13,21,'CT-C9 | Single USB | V8','85044090',399,130,'','1 YEAR','','Active','0000-00-00','2022-12-30 15:41:47','0000-00-00 00:00:00'),(641,14,21,'CT-C5 JIO CHARGER V8','85044090',299,70,'','1 YEAR','','Active','0000-00-00','2022-12-30 15:45:02','0000-00-00 00:00:00'),(642,15,21,'CT-C4 CHARGER','85044090',599,150,'','1 YEAR','','Active','0000-00-00','2022-12-30 15:46:19','0000-00-00 00:00:00'),(643,15,21,'CT-C4 CHARGER','85044090',599,150,'','6 Months','','Active','0000-00-00','2022-12-30 15:46:19','0000-00-00 00:00:00'),(644,16,21,'Charger C-12 with V8 cable','85044090',599,180,'','1 YEAR','','Active','0000-00-00','2022-12-30 15:50:13','0000-00-00 00:00:00'),(645,65,23,'Data Cable DC-S12i ( V8) 1 mtr','85441110',399,40,'','6 MONTHS','','Active','0000-00-00','2022-12-30 15:54:09','0000-00-00 00:00:00'),(646,69,23,'DC-SJ111 | BULLET | V8 | 1Mtr','85441110',199,30,'','No','','Active','0000-00-00','2022-12-30 15:56:22','0000-00-00 00:00:00'),(647,69,23,'DC-SJ111 | BULLET | V8 | 1Mtr','85441110',199,30,'','No','','Deactive','0000-00-00','2022-12-30 15:57:25','0000-00-00 00:00:00'),(648,69,23,'DC-SJ111 | BULLET | V8 | 1Mtr','85441110',199,30,'','No','','Active','0000-00-00','2022-12-30 15:57:57','0000-00-00 00:00:00'),(649,70,23,'DC-S12i | Type C | 1Mtr','85441110',399,65,'','6 MONTHS','','Active','0000-00-00','2022-12-30 15:58:39','0000-00-00 00:00:00'),(650,71,23,'DC-N01 TYPE-C 1MTR','85441110',499,95,'','6 MONTHS','','Active','0000-00-00','2022-12-30 16:00:07','0000-00-00 00:00:00'),(651,194,4,'FOXIN MICRO USB CABLE ME030 1 MTR 3.0A WHITE','85444299',250,55,'yes','6 M','','Active','0000-00-00','2023-01-03 15:26:14','0000-00-00 00:00:00'),(652,186,4,'FOXIN MICRO USB CABLE MU400 1.2MTR 3.0A(WHITE)','85444299',300,60,'yes','6 M','','Active','0000-00-00','2023-01-03 15:31:01','0000-00-00 00:00:00'),(653,230,51,'KRAZE DATA CABLE TYPE C KZDC31B','8544',299,85,'YES','6 MONTHS','','Active','0000-00-00','2023-01-03 15:33:56','0000-00-00 00:00:00'),(654,33,4,'FDC ME-015 (WHITE) PVC Round Wire,5V /2.4Amp (Max), 1.5 Mtr.','85444299',310,80,'','1 YEAR','','Active','0000-00-00','2023-01-03 15:34:50','0000-00-00 00:00:00'),(655,34,4,'FDC ME-009 (WHITE) Gear TPE Wire,5V /2.4Amp (Max), 1.2 Mtr.','85444299',350,90,'','1 YEAR','','Active','0000-00-00','2023-01-03 15:36:18','0000-00-00 00:00:00'),(656,35,4,'FDC ME-025 (WHITE) PVC Round Wire,5V /2.4Amp (Max), 2 Mtr.','85444299',350,90,'','1 YEAR','','Active','0000-00-00','2023-01-03 15:37:10','0000-00-00 00:00:00'),(657,67,23,'DC-N01| Premium | V8 | 1mtr','85441110',599,90,'','6 MONTHS','','Active','0000-00-00','2023-01-03 15:37:48','0000-00-00 00:00:00'),(658,192,4,'FOXIN MICRO USB FDC-MU404 1.2MTR 4.0AMP ZINC ALLOY FABRIC BRAIDED CABLE (GRAPHITE)','85444299',550,170,'yes','6 M','','Active','0000-00-00','2023-01-03 15:39:50','0000-00-00 00:00:00'),(659,42,4,'FDC-CE159 (GREY) Gear TPE Wire, 5V /2.4Amp (Max), 1.2 Mtr.','85444299',400,110,'','1 YEAR','','Active','0000-00-00','2023-01-03 15:41:05','0000-00-00 00:00:00'),(660,193,4,'FOXIN TYPE-C USB FDC-CU604 1.2MTR 4.0AMP ZINCALLOY FABRIC BRAIDED CABLE (GRAPHITE)','85444299',600,200,'yes','6 M','','Active','0000-00-00','2023-01-03 15:44:51','0000-00-00 00:00:00'),(661,60,4,'FOXIN RAPID CHARGING 5.0AMP TYPE-C USB GEAR TPE 1.2MTR CABLE FDC-CU606 ( GREY)','85444299',700,210,'','1 YEAR','','Active','0000-00-00','2023-01-03 15:45:30','0000-00-00 00:00:00'),(662,66,23,'Data Cable DC-S12i ( i Phone) 1 mtr','85441110',399,65,'','6 MONTHS','','Active','0000-00-00','2023-01-03 15:46:42','0000-00-00 00:00:00'),(663,68,23,'DC-NY1| Fast Charging | iPhone | 1mtr','85441110',499,100,'','6 MONTHS','','Deactive','0000-00-00','2023-01-03 15:49:37','0000-00-00 00:00:00'),(664,179,4,'FOXIN 8PIN USB FDC-AU504 1.2MTR 4.0AMP ZINC ALLOY FABRIC BRAIDED CABLE (GRAPHITE)','85444299',600,200,'yes','6 M','','Active','0000-00-00','2023-01-03 15:50:21','0000-00-00 00:00:00'),(665,75,23,'DC-C02 TC TO TC DATA CABLE','85441110',499,125,'','6 MONTHS','','Active','0000-00-00','2023-01-03 15:51:20','0000-00-00 00:00:00'),(666,74,23,'DC-C02 TC TO IPHONE','85441110',499,130,'','6 MONTHS','','Active','0000-00-00','2023-01-03 15:51:55','0000-00-00 00:00:00'),(667,58,4,'FOXIN 3-IN-1 PVC ROUND CABLE  FDC-MAC10 (WHITE)','85444299',580,190,'','1 YEAR','','Active','0000-00-00','2023-01-03 15:53:36','0000-00-00 00:00:00'),(668,48,4,'FDC-MAC06 (RED,BLACK AND BLUE) Micro, Type-C, 8-Pin 3-IN-1 USB, 5V /2.4Amp (Max), 1.2 Mtr.','85444299',600,220,'','1 YEAR','','Deactive','0000-00-00','2023-01-03 16:01:01','0000-00-00 00:00:00'),(669,62,4,'FOXIN 3-IN-1 NYLON BRAIDED CABLE FDC- MAC08 4AMP 1.2MTR ( GUNMETAL BLACK)','85444299',650,270,'','1 YEAR','','Active','0000-00-00','2023-01-03 16:03:09','0000-00-00 00:00:00'),(670,52,4,'FAC-U10 (Black) Premium TPE Spring AUX Cable, 3.5mm AUX Plug,1.5 Mtr.','85444299',500,140,'','1 YEAR','','Active','0000-00-00','2023-01-03 16:04:17','0000-00-00 00:00:00'),(671,12,21,'CT-C6 | Travel Charger | V8','85044090',199,65,'','6 Months','','Active','0000-00-00','2023-01-03 16:04:56','0000-00-00 00:00:00'),(672,15,21,'CT-C4 CHARGER','85044090',599,150,'','6 Months','','Active','0000-00-00','2023-01-03 16:05:43','0000-00-00 00:00:00'),(673,1,1,'FPA-121 Single USB Adapter,Input: 150-285VAC Output : 4.7-5.25VDC / 2.1Amp','85043100',450,190,'','6 M','6 MONTHS','Active','0000-00-00','2023-01-03 16:13:57','0000-00-00 00:00:00'),(674,246,52,'KRAZE CAR CHARGER 3.1A DUAL PORT WITH MICRO CABLE KZCC10','8504',799,170,'YES','6 MONTHS','','Active','0000-00-00','2023-01-03 16:14:42','0000-00-00 00:00:00'),(675,85,3,'FOXIN METAL POWERBANK FPB-150 POLY (BLK) 10000MAH','85076000',2000,950,'','1 YEAR','','Active','0000-00-00','2023-01-03 16:17:38','0000-00-00 00:00:00'),(676,86,3,'FOXIN PD TYPE-C+QC3.0 USB 18W FPB-180 POLY (BLK)','85076000',2400,1000,'','1 YEAR','','Active','0000-00-00','2023-01-03 16:17:54','0000-00-00 00:00:00'),(677,87,3,'FOXIN METAL PD TYPE-C+QC3.0 USB 18W FPB-2018( GREY) 20000 MAH','85076000',3900,1500,'','1 YEAR','','Active','0000-00-00','2023-01-03 16:18:10','0000-00-00 00:00:00'),(678,88,3,'FOXIN POWERBANK FPB-245 POLY 20000 mAh TYPE - C + MICRO INPUT ','85076000',2500,1150,'','1 YEAR','','Active','0000-00-00','2023-01-03 16:18:29','0000-00-00 00:00:00'),(679,89,3,'FOXIN POWERBANK FPB-145 POLY 10000 mAh TYPE - C + MICRO INPUT ','85076000',1500,700,'','1 YEAR','','Active','0000-00-00','2023-01-03 16:19:16','0000-00-00 00:00:00'),(680,91,5,'B2 wired handsfree Driver Unit:12mm Sensitivity: 105+-3 DB Cable Length: 1.2 Mtr.','85183000',550,140,'','1 YEAR','','Active','0000-00-00','2023-01-03 16:19:57','0000-00-00 00:00:00'),(681,96,5,'B6 ( Black) Wired Earphone','85183000',550,140,'','1 YEAR','','Active','0000-00-00','2023-01-03 16:20:37','0000-00-00 00:00:00'),(682,90,5,'A1 wired handsfree Driver Unit:10mm Impedance: 32 Sensitivity: 105+-2dB Cable Length: 1.2 Mtr.','85183000',400,120,'','1 YEAR','','Active','0000-00-00','2023-01-03 16:20:58','0000-00-00 00:00:00'),(683,92,5,'B1 White wired handsfree Driver Unit: 14mm Sensitivity: 105+-3 DB Cable Length: 1.2 Mtr.','85183000',600,150,'','1 YEAR','','Active','0000-00-00','2023-01-03 16:21:17','0000-00-00 00:00:00'),(684,93,5,'B3 BLACK wired handsfree Driver Unit: 14mm Sensitivity: 105+-3 DB Cable Length: 1.2 Mtr.','85183000',600,150,'','1 YEAR','','Active','0000-00-00','2023-01-03 16:22:04','0000-00-00 00:00:00'),(685,94,5,'FOXIN STEREO EARPHONES BASS EVO A2 (BLACK)','85183000',400,120,'','1 YEAR','','Active','0000-00-00','2023-01-03 16:22:31','0000-00-00 00:00:00'),(686,95,5,'B5 ( White) Wired Earphone','85183000',550,140,'','1 YEAR','','Active','0000-00-00','2023-01-03 16:22:56','0000-00-00 00:00:00'),(687,282,5,'FOXIN WIRED HANDSFREE B9','85183000',599,130,'1','Yes','6','Active','0000-00-00','2023-01-03 16:25:24','0000-00-00 00:00:00'),(688,112,20,'Akai BT Neckband Playtime BE03 Black','85183000',1499,420,'','6 M','6 MONTHS','Deactive','0000-00-00','2023-01-03 16:30:56','0000-00-00 00:00:00'),(689,105,9,'FOXIN NECKBAND BT EARPHONES FOXBEAT 111','85183000',2150,750,'','1 YEAR','','Active','0000-00-00','2023-01-03 16:32:15','0000-00-00 00:00:00'),(690,206,49,'KRAZE BT NECKBAND EMIRATES BT 109','8518',2999,600,'YES','6 MONTHS','','Active','0000-00-00','2023-01-03 16:32:39','0000-00-00 00:00:00'),(691,110,9,'FOXIN 9 FOXBEAT- 130','85183000',1500,600,'','1 YEAR','','Active','0000-00-00','2023-01-03 16:34:20','0000-00-00 00:00:00'),(692,111,9,'Foxin Neckband BT Earphones Foxbeat 205','39269099',3999,1080,'','1 YEAR','','Active','0000-00-00','2023-01-03 16:35:04','0000-00-00 00:00:00'),(693,115,9,'FOXIN NECKBAND EARPHONES FOXBEAT 100 ( COKE RED)','85183000',1250,580,'','Yes','1','Active','0000-00-00','2023-01-03 16:42:45','0000-00-00 00:00:00'),(694,116,9,'FOXIN NECKBAND BT EARPHONE FOXBEAT 135 ( CYBER YELLOW)','85183000',1650,620,'','1 YEAR','','Active','0000-00-00','2023-01-03 16:43:41','0000-00-00 00:00:00'),(695,113,9,'Foxin Neckband BT Earphone Foxbeat 140','85183000',1950,650,'','1 YEAR','','Active','0000-00-00','2023-01-03 17:09:13','0000-00-00 00:00:00'),(696,114,9,'Foxin Neckband BT Earphones Foxbeat 150 ','85183000',2000,670,'','Yes','','Active','0000-00-00','2023-01-03 17:10:03','0000-00-00 00:00:00'),(697,104,9,'FOXIN NECKBAND EDGE FWE-201 BT EARPHONES S08 BLACK','85183000',2150,1050,'','1 YEAR','','Active','0000-00-00','2023-01-03 17:12:46','0000-00-00 00:00:00'),(698,128,12,'FOXIN BT HEADPHONE FWH-455','8517',1499,900,'','1 YEAR','','Active','0000-00-00','2023-01-03 17:13:58','0000-00-00 00:00:00'),(699,130,12,'FOXIN BT HEADPHONE PLAY FWH-210 ( BLACK)','85176290',1800,850,'','1 YEAR','','Active','0000-00-00','2023-01-03 17:16:52','0000-00-00 00:00:00'),(700,131,12,'FOXIN BT HEADPHONE SUPREME FWH-321','85176290',3300,1400,'','1 YEAR','','Active','0000-00-00','2023-01-03 17:17:32','0000-00-00 00:00:00'),(701,185,36,'FOXIN TWS FOXPODS C5 WHITE','85176290',2500,750,'yes','6 M','','Active','0000-00-00','2023-01-03 17:21:12','0000-00-00 00:00:00'),(702,119,10,'FOXIN TWS FOXPODS K2','85183000',3999,1200,'','1 YEAR','','Active','0000-00-00','2023-01-03 17:21:46','0000-00-00 00:00:00'),(703,184,10,'Foxin TWS Foxpods F9','85176290',4300,1500,'yes','6 M','','Active','0000-00-00','2023-01-03 17:22:21','0000-00-00 00:00:00'),(704,120,11,'FSBT-102 BOND ( BLACK) 11 Version: 5.0 Battery Capacity: 1200mAh','85182100',1000,650,'','1 YEAR','','Active','0000-00-00','2023-01-03 17:23:33','0000-00-00 00:00:00'),(705,123,11,'FOXIN BT SPEAKER CLASSIO FSBT-415','85182100',2600,1000,'','1 YEAR','','Active','0000-00-00','2023-01-03 17:24:10','0000-00-00 00:00:00'),(706,124,11,'FOXIN BT SPEAKER OZONE FSBT-417','85182100',3100,1100,'','1 YEAR','','Active','0000-00-00','2023-01-03 17:24:46','0000-00-00 00:00:00'),(707,126,11,'FOXIN BT SPEAKER BRICK FSBT-501','85182100',4100,1550,'','1 YEAR','','Active','0000-00-00','2023-01-03 17:25:31','0000-00-00 00:00:00'),(708,127,11,'FOXIN BT SPEAKER BLITZ FSBT-505','85182100',4800,1700,'','1 YEAR','','Active','0000-00-00','2023-01-03 17:26:06','0000-00-00 00:00:00'),(709,141,26,'SMARTWATCH CW01','91019110',4999,2050,'','1 YEAR','','Active','0000-00-00','2023-01-03 17:27:51','0000-00-00 00:00:00'),(710,139,14,'FOXIN SMART WATCH FOXFIT AMAZE PRO ( BLACK)','85176290',5000,3200,'','1 YEAR','','Active','0000-00-00','2023-01-03 17:28:32','0000-00-00 00:00:00'),(711,140,14,'FOXIN SMART WATCH FOXFIT PULSE','85176290',6500,3500,'','1 YEAR','','Active','0000-00-00','2023-01-03 17:29:10','0000-00-00 00:00:00'),(712,142,14,'FOXIN SMART WATCH FOXFIT BOLD R5 CHERRY RED+BLACK','85176290',8499,3300,'','1 YEAR','','Active','0000-00-00','2023-01-03 17:29:42','0000-00-00 00:00:00'),(713,143,14,'FOXIN SMART WATCH FOXFIT BOLD R5 CAMO GREEN+BLACK','85176290',8499,3300,'','1 YEAR','','Active','0000-00-00','2023-01-03 17:29:56','0000-00-00 00:00:00'),(714,144,14,'FOXIN SMART WATCH FOXFIT BOLD R5 FOG GREY+BLUE','85176290',8499,3300,'','1 YEAR','','Active','0000-00-00','2023-01-03 17:30:32','0000-00-00 00:00:00'),(715,249,53,'KRAZE CHARGER WITH DATA CABLE 1.5Amp WC12','8504',399,100,'YES','6 MONTHS','','Active','0000-00-00','2023-01-05 14:29:55','0000-00-00 00:00:00'),(716,15,21,'CT-C4 CHARGER','85044090',599,120,'','6 Months','','Active','0000-00-00','2023-01-05 15:55:59','0000-00-00 00:00:00'),(717,15,21,'CT-C4 CHARGER','85044090',599,120,'','6 Months','','Deactive','0000-00-00','2023-01-05 15:57:38','0000-00-00 00:00:00'),(718,15,21,'CT-C4 CHARGER','85044090',599,120,'','6 Months','','Active','0000-00-00','2023-01-05 15:59:18','0000-00-00 00:00:00'),(719,14,21,'CT-C5 JIO CHARGER V8','85044090',299,70,'','6 Months','','Active','0000-00-00','2023-01-05 16:01:25','0000-00-00 00:00:00'),(720,12,21,'CT-C6 | Travel Charger | V8','85044090',199,50,'','6 Months','','Active','0000-00-00','2023-01-05 16:02:18','0000-00-00 00:00:00'),(721,16,21,'Charger C-12 with V8 cable','85044090',599,180,'','6 Months','','Active','0000-00-00','2023-01-06 10:53:53','0000-00-00 00:00:00'),(722,290,9,'FWE-399 PRO ROKER BLACK Bluetooth neckband Version: 5.0 Battery Capacity: 60mAh','85183000',1000,250,'','6 Months','','Active','0000-00-00','2023-01-31 18:30:02','0000-00-00 00:00:00'),(723,286,9,'FOXIN BT EARPHONES ROKER FWE-090 (WHITE)','85183000',1000,250,'','6 Months','','Active','0000-00-00','2023-01-31 18:30:47','0000-00-00 00:00:00'),(724,104,9,'FOXIN NECKBAND EDGE FWE-201 BT EARPHONES S08 BLACK','85183000',2150,700,'','6 Months','','Active','0000-00-00','2023-01-31 18:31:27','0000-00-00 00:00:00'),(725,131,12,'FOXIN BT HEADPHONE SUPREME FWH-321','85176290',3300,1000,'','6 Months','','Active','0000-00-00','2023-01-31 18:32:22','0000-00-00 00:00:00'),(726,105,9,'FOXIN NECKBAND BT EARPHONES FOXBEAT 111','85183000',2150,650,'','6 Months','','Active','0000-00-00','2023-01-31 18:33:17','0000-00-00 00:00:00'),(727,111,9,'Foxin Neckband BT Earphones Foxbeat 205','39269099',3999,750,'','6 Months','','Active','0000-00-00','2023-01-31 18:36:00','0000-00-00 00:00:00'),(728,113,9,'Foxin Neckband BT Earphone Foxbeat 140','85183000',1950,590,'','6 Months','','Active','0000-00-00','2023-01-31 18:36:46','0000-00-00 00:00:00'),(729,184,10,'Foxin TWS Foxpods F9','85176290',4300,1200,'yes','6 Months','','Active','0000-00-00','2023-01-31 18:37:46','0000-00-00 00:00:00'),(730,114,9,'Foxin Neckband BT Earphones Foxbeat 150 ','85183000',2000,640,'','6 Months','','Active','0000-00-00','2023-01-31 18:38:30','0000-00-00 00:00:00'),(731,115,9,'FOXIN NECKBAND EARPHONES FOXBEAT 100 ( COKE RED)','85183000',1250,480,'','6 Months','','Active','0000-00-00','2023-01-31 18:39:39','0000-00-00 00:00:00'),(732,116,9,'FOXIN NECKBAND BT EARPHONE FOXBEAT 135 ( CYBER YELLOW)','85183000',1650,580,'','6 Months','','Active','0000-00-00','2023-01-31 18:40:18','0000-00-00 00:00:00'),(733,117,9,'FOXIN NECKBAND BT EARPHONE FOXBEAT 107','85183000',1200,570,'','1 YEAR','','Active','0000-00-00','2023-01-31 18:41:35','0000-00-00 00:00:00'),(734,288,9,'FOXIN NECKBAND BT EARPHONE FOXBEAT 137 ','85183000',1650,580,'','6 Months','','Active','0000-00-00','2023-01-31 18:43:42','0000-00-00 00:00:00'),(735,147,15,'FOXIN COMBO KEYBOARD+MOUSE 506 PRO','84716060',550,354,'','1 YEAR','','Active','0000-00-00','2023-02-03 16:13:12','0000-00-00 00:00:00'),(736,17,1,'FOXIN 20W PD TYPE-C+QC3.0 DUAL USB SMART ADAPTOR FPA-QCPD20 (WHITE)','85043100',1000,650,'','1 YEAR','','Deactive','0000-00-00','2023-03-14 10:26:58','0000-00-00 00:00:00'),(737,43,4,'FDC-CE162 (GREY)  Gear TPE Wire, 5V /4Amp (Max), 2 Mtr.','85444299',599,140,'','1 YEAR','','Active','0000-00-00','2023-03-14 10:32:38','0000-00-00 00:00:00'),(738,89,3,'FOXIN POWERBANK FPB-148 POLY 10000 mAh TYPE - C + MICRO INPUT ','85076000',1500,700,'','6 Months','','Active','0000-00-00','2023-03-14 12:24:45','0000-00-00 00:00:00'),(739,46,4,'FPC-CE05 (BLACK) Type-C USB Cable, PVC Round Wire,5V /2.4Amp (Max), 10 Inch.','85444299',170,65,'','1 YEAR','','Active','0000-00-00','2023-03-14 12:26:15','0000-00-00 00:00:00'),(740,48,4,'FDC-MAC06 (RED,BLACK AND BLUE) Micro, Type-C, 8-Pin 3-IN-1 USB, 5V /2.4Amp (Max), 1.2 Mtr.','85444299',600,180,'','6 Months','','Active','0000-00-00','2023-03-14 12:26:38','0000-00-00 00:00:00'),(741,57,4,'FOXIN TYPE C+MICRO USB CABLE FDC-CM01 1MTR 3.0AMP (BLACK,COMBO OF 2)','85444299',600,130,'','1 YEAR','','Active','0000-00-00','2023-03-14 12:28:02','0000-00-00 00:00:00'),(742,83,24,'Car Charger CC-25','85044090',500,150,'','1 YEAR','','Active','0000-00-00','2023-03-14 12:34:16','0000-00-00 00:00:00'),(743,96,5,'B6 ( Black) Wired Earphone','85183000',550,120,'','6 Months','','Active','0000-00-00','2023-03-14 12:35:21','0000-00-00 00:00:00'),(744,100,5,'FOXIN EARPHONE BASS PRO B4 ( BLACK)','85183000',550,140,'','1 YEAR','','Active','0000-00-00','2023-03-14 12:37:59','0000-00-00 00:00:00'),(745,106,22,'Bluetooth Handsfree NB03i EVOLUTION','85183000',2999,610,'','6 MONTHS','','Active','0000-00-00','2023-03-14 12:40:38','0000-00-00 00:00:00'),(746,107,22,'NB-029| Neckband | RELOAD','85183000',3999,650,'','6 MONTHS','','Active','0000-00-00','2023-03-14 12:41:43','0000-00-00 00:00:00'),(747,108,22,'NB040 ELECTRO','85183000',2999,800,'','6 MONTHS','','Active','0000-00-00','2023-03-14 12:42:48','0000-00-00 00:00:00'),(748,109,22,'Bluetooth Handsfree NB042 DIAMOND METAL','85183000',1299,600,'','6 MONTHS','','Active','0000-00-00','2023-03-14 12:44:25','0000-00-00 00:00:00'),(749,116,9,'FOXIN NECKBAND BT EARPHONE FOXBEAT 135 ( CYBER YELLOW)','85183000',1650,500,'','6 Months','','Active','0000-00-00','2023-03-14 12:46:42','0000-00-00 00:00:00'),(750,117,9,'FOXIN NECKBAND BT EARPHONE FOXBEAT 107','85183000',1200,350,'','6 Months','','Active','0000-00-00','2023-03-14 12:47:28','0000-00-00 00:00:00'),(751,119,10,'FOXIN TWS FOXPODS K2','85183000',3999,1000,'','6 Months','','Active','0000-00-00','2023-03-14 12:47:53','0000-00-00 00:00:00'),(752,132,13,'FOXIN SPEAKER FMST-6400 GLADIATOR 60W MM','85182200',7999,3600,'','1 YEAR','','Active','0000-00-00','2023-03-14 12:49:01','0000-00-00 00:00:00'),(753,133,13,'FOXIN SPEAKER FMS-3400BTU ( 4.1) MM','85182200',4749,2150,'','1 YEAR','','Active','0000-00-00','2023-03-14 12:49:47','0000-00-00 00:00:00'),(754,134,13,'FOXIN SPEAKER FMS-4040 CLASSY ( 4.1) MM','85182200',4899,2650,'','1 YEAR','','Active','0000-00-00','2023-03-14 12:50:20','0000-00-00 00:00:00'),(755,135,13,'FOXIN SPEAKER FMS-4020 CLASSY (2.1) MM','85182200',4499,2200,'','1 YEAR','','Active','0000-00-00','2023-03-14 12:50:55','0000-00-00 00:00:00'),(756,136,13,'FOXIN SPEAKER FMS-7400BTU TORNADO ( 4.1) MM','85182200',13999,6300,'','1 YEAR','','Active','0000-00-00','2023-03-14 12:51:47','0000-00-00 00:00:00'),(757,137,13,'2.1 MULTIMEDIA SPEAKER FMS 3220','85182200',4349,1900,'','1 YEAR','','Active','0000-00-00','2023-03-14 12:52:07','0000-00-00 00:00:00'),(758,145,15,'FOXIN WIRED GAMING KEYBOARD FGK  901','84716040',1300,630,'','1 YEAR','','Active','0000-00-00','2023-03-14 12:52:49','0000-00-00 00:00:00'),(759,146,15,'FOXIN WIRELESS MOUSE FWM 9099 ( BLUE)','84716060',449,230,'','1 YEAR','','Active','0000-00-00','2023-03-14 12:53:06','0000-00-00 00:00:00'),(760,147,15,'FOXIN COMBO KEYBOARD+MOUSE 506 PRO','84716060',550,350,'','1 YEAR','','Active','0000-00-00','2023-03-14 12:53:39','0000-00-00 00:00:00'),(761,148,15,'FOXIN WIRED MOUSE CLASSY RED','84716060',199,120,'','1 YEAR','','Active','0000-00-00','2023-03-14 12:53:59','0000-00-00 00:00:00'),(762,149,15,'FOXIN WIRED MOUSE SMART GREY','84716060',199,120,'','1 YEAR','','Active','0000-00-00','2023-03-14 12:54:30','0000-00-00 00:00:00'),(763,150,15,'FOXIN WIRELESS MOUSE FWM 9099 ( VIB BLUE))','84716060',449,230,'','1 YEAR','','Active','0000-00-00','2023-03-14 12:55:01','0000-00-00 00:00:00'),(764,154,15,'FX-WIRED MOUSE SMART BLUE','84716060',199,120,'','1 YEAR','','Active','0000-00-00','2023-03-14 12:55:36','0000-00-00 00:00:00'),(765,194,4,'FOXIN MICRO USB CABLE ME030 1 MTR 3.0A WHITE','85444299',250,50,'yes','6 Months','','Active','0000-00-00','2023-03-14 12:56:55','0000-00-00 00:00:00'),(766,195,4,'FOXIN MICRO USB CABLE ME031 1MTR 3.0A BLACK','85444299',250,55,'yes','6 M','','Active','0000-00-00','2023-03-14 12:57:48','0000-00-00 00:00:00'),(767,203,47,'KRAZE TWS BT EARBUDS FLYPOD','8518',3999,1000,'YES','6 MONTHS','','Active','0000-00-00','2023-03-14 12:59:07','0000-00-00 00:00:00'),(768,203,47,'KRAZE TWS BT EARBUDS FLYPOD','8518',3999,1000,'YES','6 MONTHS','','Deactive','0000-00-00','2023-03-14 12:59:55','0000-00-00 00:00:00');

--
-- Table structure for table `tbl_master_brand`
--

CREATE TABLE `tbl_master_brand` (
  `brand_id` int(30) NOT NULL AUTO_INCREMENT,
  `distributor_id` int(30) NOT NULL COMMENT 'Mapped with tbl_distributor',
  `brand_name` varchar(30) NOT NULL,
  `status` varchar(30) NOT NULL DEFAULT 'Active',
  `insert_date` date NOT NULL,
  `insert_time` varchar(30) NOT NULL,
  `update_date` date NOT NULL,
  `update_time` varchar(30) NOT NULL,
  PRIMARY KEY (`brand_id`)
) ENGINE=MyISAM AUTO_INCREMENT=13 DEFAULT CHARSET=latin1 COLLATE=latin1_swedish_ci;

--
-- Dumping data for table `tbl_master_brand`
--

INSERT INTO `tbl_master_brand` VALUES (1,1,'FOXIN','Active','2018-04-09','','0000-00-00',''),(2,1,'CANDYTECH','Active','2018-04-09','','0000-00-00',''),(3,1,'AKAI','Deactive','2018-04-09','','0000-00-00',''),(4,2,'SAMSUNG','Active','2018-04-11','11:57:30','0000-00-00',''),(5,2,'NOKIA','Active','2018-04-11','11:57:44','0000-00-00',''),(6,1,'ONE LIFE','Deactive','2018-05-24','14:48:00','0000-00-00',''),(7,1,'FPX','Deactive','2018-08-09','15:45:12','0000-00-00',''),(10,1,'KRAZE','Active','2022-12-24','16:05:58','0000-00-00',''),(11,1,'FRONTECH','Active','2022-12-24','16:06:11','0000-00-00',''),(12,1,'CQ','Active','2023-01-03','16:15:35','0000-00-00','');

--
-- Table structure for table `tbl_master_category`
--

CREATE TABLE `tbl_master_category` (
  `category_id` int(11) NOT NULL AUTO_INCREMENT,
  `distributor_id` int(11) NOT NULL COMMENT 'Mapped with tbl_distributor',
  `brand_id` int(30) NOT NULL COMMENT 'Mapped with tbl_brand',
  `category_name` varchar(30) NOT NULL,
  `status` varchar(30) NOT NULL DEFAULT 'Active',
  `insert_date` date NOT NULL,
  `insert_dateTime` varchar(30) NOT NULL,
  `update_dateTime` varchar(30) NOT NULL,
  PRIMARY KEY (`category_id`)
) ENGINE=InnoDB AUTO_INCREMENT=57 DEFAULT CHARSET=latin1 COLLATE=latin1_swedish_ci;

--
-- Dumping data for table `tbl_master_category`
--

INSERT INTO `tbl_master_category` VALUES (1,1,1,'CHARGERS','Active','2022-05-28','2022-05-28 14:48:53pm',''),(2,1,1,'CAR CHARGERS','Active','2022-05-28','2022-05-28 14:48:53pm','2019-01-29 17:26:26pm'),(3,1,1,'POWER BANKS','Active','2022-05-28','2022-05-28 14:48:53pm',''),(4,1,1,'CABLES','Active','2022-05-28','2022-05-28 14:48:53pm',''),(5,1,1,'WIRED EARPHONES','Active','2022-05-28','2022-05-28 14:48:53pm',''),(7,2,4,'EarPhone','Active','2018-04-11','2018-04-11 11:58:09am',''),(8,2,5,'Mobile','Active','2018-04-11','2018-04-11 11:58:23am',''),(9,1,1,'BLUETOOTH NECKBAND','Active','2022-05-28','2022-05-28 14:48:53pm',''),(10,1,1,'BLUETOOTH EARPODS','Active','2022-05-28','2022-05-28 14:48:53pm',''),(11,1,1,'BLUETOOTH SPEAKERS','Active','2022-05-28','2022-05-28 14:48:53pm',''),(12,1,1,'BLUETOOTH HEADPHONES','Active','2022-05-28','2022-05-28 14:48:53pm',''),(13,1,1,'HOME AUDIO','Active','2022-05-28','2022-05-28 14:48:53pm',''),(14,1,1,'SMART WATCHES','Active','2022-05-28','2022-05-28 14:48:53pm',''),(15,1,1,'IT PERIPHERALS','Active','2022-05-28','2022-05-28 14:48:53pm',''),(19,1,3,'CHARGERS','Active','2022-05-28','2022-05-28 14:48:53pm',''),(20,1,3,'BLUETOOTH NECKBAND','Active','2022-05-28','2022-05-28 14:48:53pm',''),(21,1,2,'CHARGERS','Active','2022-05-28','2022-05-28 14:48:53pm',''),(22,1,2,'BLUETOOTH NECKBAND','Active','2022-05-28','2022-05-28 14:48:53pm',''),(23,1,2,'CABLES','Active','2022-05-28','2022-05-28 14:48:53pm',''),(24,1,2,'CAR CHARGERS','Active','2022-05-28','2022-05-28 14:48:53pm',''),(25,1,2,'WIRED EARPHONES','Active','2022-05-28','2022-05-28 14:48:53pm',''),(26,1,2,'SMART WATCHES','Active','2022-05-28','2022-05-28 14:48:53pm',''),(27,1,7,'BLUETOOTH SPEAKERS','Active','2022-05-28','2022-05-28 14:48:53pm',''),(28,1,6,'CHARGERS','Active','2022-05-28','2022-05-28 14:48:53pm',''),(29,1,6,'BLUETOOTH NECKBAND','Active','2022-05-28','2022-05-28 14:48:53pm',''),(30,1,6,'CABLES','Active','2022-05-28','2022-05-28 14:48:53pm',''),(31,1,6,'WIRED EARPHONES','Active','2022-05-28','2022-05-28 14:48:53pm',''),(32,1,3,'HOME AUDIO','Active','2022-06-12','2022-06-12 12:21:30pm','2022-06-12 12:22:46pm'),(33,1,3,'CABLES','Active','2022-06-12','2022-06-12 12:42:54pm',''),(34,1,3,'WIRED EARPHONES','Active','2022-06-12','2022-06-12 22:32:03pm',''),(35,1,3,'BLUETOOTH EARBUDS','Active','2022-06-12','2022-06-12 22:41:40pm',''),(36,1,1,'BLUETOOTH EARBUDS','Active','2022-06-16','2022-06-16 12:32:37pm','2022-06-16 12:34:14pm'),(37,1,3,'SPEAKERS','Deactive','2022-07-25','2022-07-25 15:30:09pm',''),(38,1,3,'BLUETOOTH SPEAKERS','Active','2022-07-25','2022-07-25 15:35:54pm',''),(39,1,3,'BLUETOOTH EARPODS','Active','2022-08-01','2022-08-01 15:46:22pm',''),(40,1,11,'BLUETOOTH NECKBAND','Active','2022-12-29','2022-12-29 18:29:00',''),(41,1,11,'BLUETOOTH SPEAKERS','Active','2022-12-29','2022-12-29 18:29:00',''),(42,1,11,'CABLES','Active','2022-12-29','2022-12-29 18:29:00',''),(43,1,11,'CHARGERS','Active','2022-12-29','2022-12-29 18:29:00',''),(44,1,11,'IT PERIPHERALS','Active','2022-12-29','2022-12-29 18:29:00',''),(45,1,11,'SMART WATCHES','Active','2022-12-29','2022-12-29 18:29:00',''),(46,1,11,'WIRED EARPHONES','Active','2022-12-29','2022-12-29 18:29:00',''),(47,1,10,'BLUETOOTH EARBUDS','Active','2022-12-29','2022-12-29 18:32:00',''),(48,1,10,'BLUETOOTH EARPODS','Active','2022-12-29','2022-12-29 18:32:00',''),(49,1,10,'BLUETOOTH NECKBAND','Active','2022-12-29','2022-12-29 18:32:00',''),(50,1,10,'BLUETOOTH SPEAKERS','Active','2022-12-29','2022-12-29 18:32:00',''),(51,1,10,'CABLES','Active','2022-12-29','2022-12-29 18:32:00',''),(52,1,10,'CAR CHARGERS','Active','2022-12-29','2022-12-29 18:32:00',''),(53,1,10,'CHARGERS','Active','2022-12-29','2022-12-29 18:32:00',''),(54,1,10,'POWER BANKS','Active','2022-12-29','2022-12-29 18:32:00',''),(55,1,10,'WIRED EARPHONES','Active','2022-12-29','2022-12-29 18:32:00',''),(56,1,12,'POWER BANKS','Active','2023-01-03','2023-01-03 16:16:04pm','');
DELIMITER ;;
/*!50003 CREATE*/ /*!50017 DEFINER=`wwwagury`@`localhost`*/ /*!50003 TRIGGER `wwwagury_dbtkcorp`.`category_history` BEFORE UPDATE ON `wwwagury_dbtkcorp`.`tbl_master_category` FOR EACH ROW INSERT INTO tbl_history_category SET 
 category_id=OLD.category_id,
 category_name=OLD.category_name,
 distributor_id=OLD.distributor_id,
 insert_date=OLD.insert_date,
 status=OLD.status,
 insert_dateTime=NOW() */;;
DELIMITER ;
DELIMITER ;;;
DELIMITER ;

--
-- Table structure for table `tbl_master_product`
--

CREATE TABLE `tbl_master_product` (
  `product_id` int(11) NOT NULL AUTO_INCREMENT COMMENT 'Unique Identifier for record',
  `category_id` int(11) NOT NULL COMMENT 'Mapped with tbl_category',
  `product_name` varchar(450) NOT NULL,
  `hsn_code` varchar(30) NOT NULL,
  `mrp` double NOT NULL,
  `product_price` double NOT NULL,
  `mAh_compatible` varchar(250) NOT NULL,
  `warranty` varchar(30) NOT NULL,
  `warranty_description` varchar(50) NOT NULL,
  `image_detail` varchar(255) NOT NULL,
  `status` varchar(20) NOT NULL DEFAULT 'Active',
  `insert_date` date NOT NULL,
  `tb_insertdatetime` datetime NOT NULL,
  `tb_updatedatetime` datetime NOT NULL,
  PRIMARY KEY (`product_id`),
  KEY `product_id` (`product_id`),
  KEY `product_id_2` (`product_id`),
  KEY `product_id_3` (`product_id`)
) ENGINE=InnoDB AUTO_INCREMENT=314 DEFAULT CHARSET=latin1 COLLATE=latin1_swedish_ci;

--
-- Dumping data for table `tbl_master_product`
--

INSERT INTO `tbl_master_product` VALUES (1,1,'FPA-121 Single USB Adapter,Input: 150-285VAC Output : 4.7-5.25VDC / 2.1Amp','85043100',450,150,'','6 Months','6 MONTHS','1.jpg','Active','2022-05-28','2022-05-28 16:08:00','2023-01-03 16:13:57'),(2,1,'FPA-228 Dual USB Adapter,Input: 150-285VAC Output: 4.7-5.25VDC / 2.4Amp Glowing LED USB Port','85043100',550,210,'','1 YEAR','','2_5_6.jpg','Deactive','2022-05-28','2022-05-28 16:08:00','0000-00-00 00:00:00'),(3,1,'FPA-231 Dual USB Adapter,Input: 150-285VAC Output: 4.7-5.25VDC / 3.4Amp Glowing LED USB Port','85043100',750,260,'','6 Months','6 MONTHS','3_10.jpg','Active','2022-05-28','2022-05-28 16:08:00','2022-12-30 15:27:54'),(4,1,'FPA-226 (3 in 1 Combo) Dual USB Adapter,Type C + Micro USB Cable 2.4Amp','85043100',700,260,'','1 YEAR','','4.jpg','Deactive','2022-05-28','2022-05-28 16:08:00','0000-00-00 00:00:00'),(5,1,'FOXIN DUAL USB SMART ADAPTER FPA 226 (2.4 AMP) WHT','85043100',550,210,'','1 YEAR','','2_5_6.jpg','Deactive','2022-05-28','2022-05-28 16:08:00','0000-00-00 00:00:00'),(6,1,'FOXIN DUAL USB ADAPTER FPA-229 (2.4AMP) WHITE','85043100',600,185,'','1 YEAR','','2_5_6.jpg','Deactive','2022-05-28','2022-05-28 16:08:00','0000-00-00 00:00:00'),(7,1,'FOXIN RAPID CHARGING 18W ADAPTER FPA-QC3.0+5.0AMP','85043100',1200,440,'','1 YEAR','','7.jpg','Deactive','2022-05-28','2022-05-28 16:08:00','0000-00-00 00:00:00'),(8,1,'FPA-226 WITH TYPE C CABLE','85043100',600,225,'','1 YEAR','','8_9.jpg','Deactive','2022-05-28','2022-05-28 16:08:00','0000-00-00 00:00:00'),(9,1,'FOXIN DUAL USB ADAPTER FPA-229 (2.4AMP) WITH TYPE-C USB CABLE (WHITE)','85043100',600,220,'','1 YEAR','','8_9.jpg','Deactive','2022-05-28','2022-05-28 16:08:00','0000-00-00 00:00:00'),(10,1,'FOXIN DUAL USB ADAPTER FPA-231 (3.4AMP) WITH TYPE-C USB CABLE WHITE','85043100',750,270,'','6 Months','6 MONTHS','3_10.jpg','Active','2022-05-28','2022-05-28 16:08:00','2022-12-30 15:29:16'),(11,21,'CT-J01 | Jadu Charger','85044090',149,40,'','1 YEAR','','','Deactive','2022-05-28','2022-05-28 16:08:00','0000-00-00 00:00:00'),(12,21,'CT-C6 | Travel Charger | V8 1.2A ','85044090',199,50,'','6 Months','','','Active','2022-05-28','2022-05-28 16:08:00','2023-01-05 16:02:18'),(13,21,'CT-C9 | Single USB | V8','85044090',399,130,'','1 YEAR','','','Deactive','2022-05-28','2022-05-28 16:08:00','0000-00-00 00:00:00'),(14,21,'CT-C5 JIO CHARGER V8 1.6A ','85044090',299,60,'','6 Months','','','Active','2022-05-28','2022-05-28 16:08:00','2023-01-05 16:01:25'),(15,21,'CT-C4 2.8A SINGLE PORT CHARGER WITH MICRO CABLE','85044090',599,120,'','6 Months','','','Active','2022-05-28','2022-05-28 16:08:00','2023-01-05 15:59:18'),(16,21,'Charger C-12 3.1amp with  V8 cable','85044090',599,150,'','No','','','Active','2022-05-28','2022-05-28 16:08:00','2023-01-06 10:53:53'),(17,1,'FOXIN 20W PD TYPE-C+QC3.0 DUAL USB SMART ADAPTOR FPA-QCPD20 (WHITE)','85043100',1000,500,'','6 Months','','17.jpg','Active','2022-05-28','2022-05-28 16:08:00','2023-03-14 10:26:58'),(18,19,'Akai Power Adapter 2.4A with Charging Cable Dual Port PC-22 White','85044090',549,165,'','1 YEAR','','','Deactive','2022-05-28','2022-05-28 16:08:00','2022-06-12 12:09:14'),(19,19,'Akai Wall Charger V8 0.8A Black','85044030',199,75,'','No','','','Deactive','2022-05-28','2022-05-28 16:08:00','2022-06-13 13:17:21'),(20,19,'Akai Power Adapter 2.4A with Charging Cable Single Port PC-10 White','85044090',499,155,'','1 YEAR','','','Deactive','2022-05-28','2022-05-28 16:08:00','2022-06-12 12:11:18'),(21,19,'Akai Power Adapter 2.4A with Charging Cable Single Port PC-10 Black','85044090',499,130,'','1 YEAR','','','Deactive','2022-05-28','2022-05-28 16:08:00','2022-06-13 13:21:28'),(22,19,'Akai Power Adapter 2.4A with Type- C Cable PC-09 White','85044090',499,170,'','1 YEAR','1 year','62eb57c9541dd.jpg','Deactive','2022-05-28','2022-05-28 16:08:00','2022-08-04 10:53:25'),(23,28,'One Life Charger-01 2.4 amp','8504',549,140,'','1 YEAR','','','Deactive','2022-05-28','2022-05-28 16:08:00','0000-00-00 00:00:00'),(24,28,'One Life Charger-02 2.4amp Dual Port','8504',699,150,'','1 YEAR','','','Deactive','2022-05-28','2022-05-28 16:08:00','0000-00-00 00:00:00'),(25,28,'One Life Charger-11 20W QCPD with C to C Cable','8504',1999,510,'','1 YEAR','','','Deactive','2022-05-28','2022-05-28 16:08:00','0000-00-00 00:00:00'),(26,28,'One Life Charger-17 33W with Type C Cable','8504',1499,470,'','1 YEAR','','','Deactive','2022-05-28','2022-05-28 16:08:00','0000-00-00 00:00:00'),(27,28,'One Life Charger-12 20W QCPD with C to Iphone Cable','8504',1999,570,'','1 YEAR','','','Deactive','2022-05-28','2022-05-28 16:08:00','0000-00-00 00:00:00'),(28,28,'One Life Charger-10 1.2amp','8504',299,95,'','1 YEAR','','','Deactive','2022-05-28','2022-05-28 16:08:00','0000-00-00 00:00:00'),(29,4,'FDC ME-20 (WHITE) PVC Round Wire,5V /2.4Amp (Max), 1 Mtr.','85444299',250,50,'','Yes','','29_31_33_35_38_40.jpg','Deactive','2022-05-28','2022-05-28 16:08:00','2022-06-07 13:18:53'),(30,4,'FDC ME-21 (BLACK) PVC Round Wire,5V /2.4Amp (Max), 1 Mtr.','85444299',250,50,'','1 YEAR','','30_32_41.png','Deactive','2022-05-28','2022-05-28 16:08:00','0000-00-00 00:00:00'),(31,4,'FDC ME-22( WHITE) PVC Round Wire,5V /3.0Amp (Max), 1 Mtr.','85444299',275,60,'','Yes','','29_31_33_35_38_40.jpg','Deactive','2022-05-28','2022-05-28 16:08:00','2022-06-07 13:19:28'),(32,4,'FDC ME-23( BLACK) PVC Round Wire,5V /3.0Amp (Max), 1 Mtr.','85444299',275,60,'','1 YEAR','','30_32_41.png','Deactive','2022-05-28','2022-05-28 16:08:00','0000-00-00 00:00:00'),(33,4,'FDC ME-015 (WHITE) PVC Round Wire,5V /2.4Amp (Max), 1.5 Mtr.','85444299',310,70,'','6 Months','','29_31_33_35_38_40.jpg','Active','2022-05-28','2022-05-28 16:08:00','2023-01-03 15:34:50'),(34,4,'FDC ME-009 (WHITE) Gear TPE Wire,5V /2.4Amp (Max), 1.2 Mtr.','85444299',350,80,'','6 Months','','34_39_42_43.jpg','Active','2022-05-28','2022-05-28 16:08:00','2023-01-03 15:36:18'),(35,4,'FDC ME-025 (WHITE) PVC Round Wire,5V /2.4Amp (Max), 2 Mtr.','85444299',350,80,'','6 Months','','29_31_33_35_38_40.jpg','Active','2022-05-28','2022-05-28 16:08:00','2023-01-03 15:37:10'),(36,4,'FDC MU-403 Flat Dual Side TPE Cable,5V /2.4Amp (Max), 1.2 Mtr.','85444299',350,130,'','1 YEAR','','36.jpg','Deactive','2022-05-28','2022-05-28 16:08:00','0000-00-00 00:00:00'),(37,4,'FDC MU-405 Fabric Braided LED Cable,Zinc Alloy Shell, 5V /2.4Amp (Max), 1.2 Mtr.','85444299',550,225,'','1 YEAR','','37.jpg','Deactive','2022-05-28','2022-05-28 16:08:00','0000-00-00 00:00:00'),(38,4,'FDC-AE111 ( WHITE) PVC Round Wire, 5V /3.0Amp (Max), 1 Mtr.','85444299',350,80,'','1 YEAR','','29_31_33_35_38_40.jpg','Deactive','2022-05-28','2022-05-28 16:08:00','0000-00-00 00:00:00'),(39,4,'FDC-AE109 (WHITE) Gear TPE Wire, 5V /2.4Amp (Max), 1.2 Mtr.','85444299',400,100,'','1 YEAR','','34_39_42_43.jpg','Active','2022-05-28','2022-05-28 16:08:00','0000-00-00 00:00:00'),(40,4,'FDC-CE161(WHITE) PVC Round Wire, 5V /3.0Amp (Max), 1 Mtr.','85444299',350,90,'','1 YEAR','','29_31_33_35_38_40.jpg','Deactive','2022-05-28','2022-05-28 16:08:00','0000-00-00 00:00:00'),(41,4,'FDC-CE163 (BLACK)  PVC Round Wire, 5V /3.0Amp (Max), 1 Mtr.','85444299',350,90,'','1 YEAR','','30_32_41.png','Deactive','2022-05-28','2022-05-28 16:08:00','0000-00-00 00:00:00'),(42,4,'FDC-CE159 (GREY) Gear TPE Wire, 5V /2.4Amp (Max), 1.2 Mtr.','85444299',400,100,'','1 YEAR','','34_39_42_43.jpg','Active','2022-05-28','2022-05-28 16:08:00','2023-01-03 15:41:05'),(43,4,'FDC-CE162 (GREY)  Gear TPE Wire, 5V /4Amp (Max), 2 Mtr.','85444299',599,140,'','1 YEAR','','34_39_42_43.jpg','Deactive','2022-05-28','2022-05-28 16:08:00','0000-00-00 00:00:00'),(44,4,'FDC-CU605 ( MAROON) Type-C USB Fabric Braided LED Cable,5V /2.4Amp (Max), 1.2 Mtr.','85444299',600,250,'','1 YEAR','','44.jpg','Deactive','2022-05-28','2022-05-28 16:08:00','0000-00-00 00:00:00'),(45,4,'FPC-ME01 (BLACK) Micro USB Cable, PVC Round Wire,5V /2.4Amp (Max), 10 Inches.','85444299',130,45,'','1 YEAR','','45_46.jpg','Active','2022-05-28','2022-05-28 16:08:00','0000-00-00 00:00:00'),(46,4,'FPC-CE05 (BLACK) Type-C USB Cable, PVC Round Wire,5V /2.4Amp (Max), 10 Inch.','85444299',170,65,'','1 YEAR','','45_46.jpg','Deactive','2022-05-28','2022-05-28 16:08:00','0000-00-00 00:00:00'),(47,4,'FPC-AE09 (BLACK) 8-Pin USB Cable, PVC Round Wire,5V /2.4Amp (Max), 10 Inches.','85444299',170,60,'','1 YEAR','','47.jpg','Active','2022-05-28','2022-05-28 16:08:00','0000-00-00 00:00:00'),(48,4,'FDC-MAC06 (RED,BLACK AND BLUE) Micro, Type-C, 8-Pin 3-IN-1 USB, 5V /2.4Amp (Max), 1.2 Mtr.','85444299',600,180,'','6 Months','','','Deactive','2022-05-28','2022-05-28 16:08:00','2023-01-03 16:01:01'),(49,4,'FDC-MAC02 (BLACK/RED) Micro, Type-C, 8-Pin 3-IN-1 USB Nylon Braided Cable, 5V /2.4Amp (Max), 1.2 Mtr.','85444299',600,250,'','1 YEAR','','','Deactive','2022-05-28','2022-05-28 16:08:00','0000-00-00 00:00:00'),(50,4,'FDC-MAC03 (Red) Micro, Type-C, 8-Pin 3-IN-1,5V /3.0Amp (Max), 1.2 Mtr.','85444299',625,290,'','1 YEAR','','','Deactive','2022-05-28','2022-05-28 16:08:00','0000-00-00 00:00:00'),(51,4,'FDC-MAC04 (BLUE) Micro, Type-C, 8-Pin 3-IN-1, 5V /3.0Amp (Max), 1.2 Mtr.','85444299',599,290,'','1 YEAR','','','Deactive','2022-05-28','2022-05-28 16:08:00','0000-00-00 00:00:00'),(52,4,'FAC-U10 (Black) Premium TPE Spring AUX Cable, 3.5mm AUX Plug,1.5 Mtr.','85444299',500,120,'','6 Months','','52.jpg','Active','2022-05-28','2022-05-28 16:08:00','2023-01-03 16:04:17'),(53,4,'FOXIN NYLON BRAIDED MICRO USB CABLE FDC-ME011 1.2MTR 4.0AMP (BLACK)','85444299',450,130,'','1 YEAR','','53.jpg','Active','2022-05-28','2022-05-28 16:08:00','0000-00-00 00:00:00'),(54,4,'FOXIN 8PIN USB FLAT DUAL SIDE TPE CABLE FDC-AU503  (RED BLACK)','85444299',400,150,'','1 YEAR','','54.jpg','Deactive','2022-05-28','2022-05-28 16:08:00','0000-00-00 00:00:00'),(55,4,'FOXIN 8PIN USB LED ZINC ALLOY CABLE FDC-AU505','85444299',600,250,'','1 YEAR','','55.jpg','Deactive','2022-05-28','2022-05-28 16:08:00','0000-00-00 00:00:00'),(56,4,'FOXIN TYPE C USB CABLE FDC-CE160','85444299',0,90,'','1 YEAR','','','Deactive','2022-05-28','2022-05-28 16:08:00','0000-00-00 00:00:00'),(57,4,'FOXIN TYPE C+MICRO USB CABLE FDC-CM01 1MTR 3.0AMP (BLACK,COMBO OF 2)','85444299',600,130,'','1 YEAR','','57.jpg','Deactive','2022-05-28','2022-05-28 16:08:00','0000-00-00 00:00:00'),(58,4,'FOXIN 3-IN-1 PVC ROUND CABLE  FDC-MAC10 (WHITE)','85444299',580,150,'','6 Months','','58.jpg','Active','2022-05-28','2022-05-28 16:08:00','2023-01-03 15:53:36'),(59,4,'FOXIN 8PIN USB FDC AE-108 1.2MTR 4.0MTR NYLON BRAIDED CABLE ( RED)','85444299',500,155,'','1 YEAR','','59.jpg','Active','2022-05-28','2022-05-28 16:08:00','0000-00-00 00:00:00'),(60,4,'FOXIN RAPID CHARGING 5.0AMP TYPE-C USB GEAR TPE 1.2MTR CABLE FDC-CU606 ( GREY)','85444299',700,170,'','6 Months','','60.jpg','Active','2022-05-28','2022-05-28 16:08:00','2023-01-03 15:45:30'),(61,4,'FOXIN TYPE-C USB FDC-CE158 1.2MTR 4.0AMP NYLON BRAIDED CABLE ( RED)','85444299',500,155,'','1 YEAR','','61.jpg','Active','2022-05-28','2022-05-28 16:08:00','0000-00-00 00:00:00'),(62,4,'FOXIN 3-IN-1 NYLON BRAIDED CABLE FDC- MAC08 4AMP 1.2MTR ( GUNMETAL BLACK)','85444299',650,200,'','6 Months','','62.jpg','Active','2022-05-28','2022-05-28 16:08:00','2023-01-03 16:03:09'),(63,4,'FOXIN TYPE-C TO TYPE-C PD FDC-TCC01 1.2MTR GEAR TPE CABLE (GREY)','85444299',1200,220,'','1 YEAR','','63.jpg','Deactive','2022-05-28','2022-05-28 16:08:00','0000-00-00 00:00:00'),(64,4,'FOXIN TYPE-C TO 8PIN PD FDC-TCA10  1.2MTR GEAR TPE CABLE (GREY)','85444299',2000,330,'','1 YEAR','','64.jpg','Deactive','2022-05-28','2022-05-28 16:08:00','0000-00-00 00:00:00'),(65,23,'Data Cable DC-S12i ( V8) 1 mtr','85441110',399,40,'','6 MONTHS','','','Deactive','2022-05-28','2022-05-28 16:08:00','0000-00-00 00:00:00'),(66,23,'Data Cable DC-S12i ( i Phone) 1 mtr','85441110',399,60,'','6 MONTHS','','','Active','2022-05-28','2022-05-28 16:08:00','2023-01-03 15:46:42'),(67,23,'DC-N01| Premium | V8 | 1mtr','85441110',599,80,'','6 MONTHS','','','Active','2022-05-28','2022-05-28 16:08:00','2023-01-03 15:37:48'),(68,23,'DC-NY1| Fast Charging | iPhone | 1mtr','85441110',499,80,'','6 MONTHS','','','Active','2022-05-28','2022-05-28 16:08:00','2023-01-03 15:49:37'),(69,23,'DC-SJ111 | BULLET | V8 | 1Mtr','85441110',199,30,'','3 Months','','','Active','2022-05-28','2022-05-28 16:08:00','2022-12-30 15:57:57'),(70,23,'DC-S12i | Type C | 1Mtr','85441110',399,65,'','6 MONTHS','','','Deactive','2022-05-28','2022-05-28 16:08:00','0000-00-00 00:00:00'),(71,23,'DC-N01 TYPE-C 1MTR','85441110',499,90,'','6 MONTHS','','','Active','2022-05-28','2022-05-28 16:08:00','2022-12-30 16:00:07'),(72,4,'FOXIN 3-IN-1 PVC ROUND CABLE FDC-MAC11(BLACK)','85444299',580,190,'','1 YEAR','','72.jpg','Active','2022-05-28','2022-05-28 16:08:00','0000-00-00 00:00:00'),(73,23,'SJ111 V8 1 MTR DATA CABLE','85441110',149,24,'','No','','','Active','2022-05-28','2022-05-28 16:08:00','2022-06-04 14:18:51'),(74,23,'DC-C02 TC TO IPHONE','85441110',499,120,'','6 MONTHS','','','Active','2022-05-28','2022-05-28 16:08:00','2023-01-03 15:51:55'),(75,23,'DC-C02 TC TO TC DATA CABLE','85441110',499,100,'','6 MONTHS','','','Active','2022-05-28','2022-05-28 16:08:00','2023-01-03 15:51:20'),(76,4,'FOXIN MICRO USB CABLE FDC-ME024 2MTR 4A GEAR TPE','85444299',450,120,'','1 YEAR','','76.jpg','Active','2022-05-28','2022-05-28 16:08:00','0000-00-00 00:00:00'),(77,30,'One Life Cable 1 Micro 1 mtr','8544',199,30,'','6 MONTHS','','','Deactive','2022-05-28','2022-05-28 16:08:00','0000-00-00 00:00:00'),(78,30,'One Life Cable 4 Micro 1 Mtr','8544',249,45,'','6 MONTHS','','','Deactive','2022-05-28','2022-05-28 16:08:00','0000-00-00 00:00:00'),(79,30,'One Life Cable 5 Micro TPE','8544',399,40,'','6 MONTHS','','','Deactive','2022-05-28','2022-05-28 16:08:00','0000-00-00 00:00:00'),(80,30,'One Life Cable 3 Type C 1 mtr','8544',299,60,'','6 MONTHS','','','Deactive','2022-05-28','2022-05-28 16:08:00','0000-00-00 00:00:00'),(81,30,'One Life Cable 2 IPHONE 1 Mtr','8544',349,60,'','6 MONTHS','','','Deactive','2022-05-28','2022-05-28 16:08:00','0000-00-00 00:00:00'),(82,2,'FOXIN 36W PD TYPE-C+QC3.0 USB CAR CHARGER FCC-005 WITH 18W ( BLACK)','85044090',1600,850,'','1 YEAR','','82.jpg','Active','2022-05-28','2022-05-28 16:08:00','0000-00-00 00:00:00'),(83,24,'Car Charger CC-25','85044090',500,150,'','1 YEAR','','','Deactive','2022-05-28','2022-05-28 16:08:00','0000-00-00 00:00:00'),(84,2,'FOXIN FCC-002 2.4AMP DUAL PORT CAR CHARGER ( BLACK)','85044090',550,200,'','1 YEAR','','84.jpg','Active','2022-05-28','2022-05-28 16:08:00','0000-00-00 00:00:00'),(85,3,'FOXIN METAL POWERBANK FPB-150 POLY (BLK) 10000MAH','85076000',2000,950,'','1 YEAR','','85.jpg','Deactive','2022-05-28','2022-05-28 16:08:00','0000-00-00 00:00:00'),(86,3,'FOXIN PD TYPE-C+QC3.0 USB 18W FPB-180 POLY (BLK)','85076000',2400,1000,'','1 YEAR','','86.jpg','Deactive','2022-05-28','2022-05-28 16:08:00','0000-00-00 00:00:00'),(87,3,'FOXIN METAL PD TYPE-C+QC3.0 USB 18W FPB-2018( GREY) 20000 MAH','85076000',3900,1500,'','1 YEAR','','87.jpg','Deactive','2022-05-28','2022-05-28 16:08:00','0000-00-00 00:00:00'),(88,3,'FOXIN POWERBANK FPB-245 POLY 20000 mAh TYPE - C + MICRO INPUT ','85076000',2500,1150,'','1 YEAR','','88.jpg','Deactive','2022-05-28','2022-05-28 16:08:00','0000-00-00 00:00:00'),(89,3,'FOXIN POWERBANK FPB-148 POLY 10000 mAh TYPE - C + MICRO INPUT ','85076000',1500,700,'','6 Months','','89.jpg','Deactive','2022-05-28','2022-05-28 16:08:00','2023-01-03 16:19:16'),(90,5,'A1 wired handsfree Driver Unit:10mm Impedance: 32 Sensitivity: 105+-2dB Cable Length: 1.2 Mtr.','85183000',400,120,'','1 YEAR','','90.jpg','Deactive','2022-05-28','2022-05-28 16:08:00','0000-00-00 00:00:00'),(91,5,'B2 wired handsfree Driver Unit:12mm Sensitivity: 105+-3 DB Cable Length: 1.2 Mtr.','85183000',550,120,'','6 Months','','91.jpg','Active','2022-05-28','2022-05-28 16:08:00','2023-01-03 16:19:57'),(92,5,'B1 White wired handsfree Driver Unit: 14mm Sensitivity: 105+-3 DB Cable Length: 1.2 Mtr.','85183000',600,150,'','1 YEAR','','92.png','Deactive','2022-05-28','2022-05-28 16:08:00','0000-00-00 00:00:00'),(93,5,'B3 BLACK wired handsfree Driver Unit: 14mm Sensitivity: 105+-3 DB Cable Length: 1.2 Mtr.','85183000',600,150,'','1 YEAR','','93.jpg','Deactive','2022-05-28','2022-05-28 16:08:00','0000-00-00 00:00:00'),(94,5,'FOXIN STEREO EARPHONES BASS EVO A2 (BLACK)','85183000',400,120,'','1 YEAR','','94.jpg','Deactive','2022-05-28','2022-05-28 16:08:00','0000-00-00 00:00:00'),(95,5,'B5 ( White) Wired Earphone','85183000',550,140,'','1 YEAR','','96.jpg','Deactive','2022-05-28','2022-05-28 16:08:00','0000-00-00 00:00:00'),(96,5,'B6 ( Black) Wired Earphone','85183000',550,120,'','6 Months','','96.jpg','Deactive','2022-05-28','2022-05-28 16:08:00','2023-01-03 16:20:37'),(97,5,'FOXIN STEREO EARPHONE BASS PRO CB3 TYPE-C ( BLACK) WITH EARHOOK','85183000',900,300,'','1 YEAR','','97.jpg','Active','2022-05-28','2022-05-28 16:08:00','0000-00-00 00:00:00'),(98,25,'Handsfree HF -11 Dolfin','85183000',149,40,'','3 MONTHS','','','Active','2022-05-28','2022-05-28 16:08:00','0000-00-00 00:00:00'),(99,25,'Handsfree HF -14 Blast','85183000',149,40,'','3 MONTHS','','','Active','2022-05-28','2022-05-28 16:08:00','0000-00-00 00:00:00'),(100,5,'FOXIN EARPHONE BASS PRO B4 ( BLACK)','85183000',550,140,'','1 YEAR','','100.jpg','Deactive','2022-05-28','2022-05-28 16:08:00','0000-00-00 00:00:00'),(101,31,'One Life Music-1','8518',399,50,'','6 MONTHS','','','Deactive','2022-05-28','2022-05-28 16:08:00','0000-00-00 00:00:00'),(102,31,'One Life Music-2','8518',399,55,'','6 MONTHS','','','Deactive','2022-05-28','2022-05-28 16:08:00','0000-00-00 00:00:00'),(103,31,'One Life Music-4','8504',599,100,'','6 MONTHS','','','Deactive','2022-05-28','2022-05-28 16:08:00','0000-00-00 00:00:00'),(104,9,'FOXIN NECKBAND EDGE FWE-201 BT EARPHONES S08 BLACK','85183000',2150,500,'','6 Months','','104.jpg','Active','2022-05-28','2022-05-28 16:08:00','2023-01-31 18:31:27'),(105,9,'FOXIN NECKBAND BT EARPHONES FOXBEAT 111','85183000',2150,550,'','6 Months','','105.jpg','Active','2022-05-28','2022-05-28 16:08:00','2023-01-31 18:33:17'),(106,22,'Bluetooth Handsfree NB03i EVOLUTION','85183000',2999,500,'','6 MONTHS','','','Active','2022-05-28','2022-05-28 16:08:00','2023-03-14 12:40:38'),(107,22,'NB-029| Neckband | RELOAD','85183000',3999,500,'','6 MONTHS','','','Active','2022-05-28','2022-05-28 16:08:00','2023-03-14 12:41:43'),(108,22,'NB040 ELECTRO','85183000',2999,800,'','6 MONTHS','','','Deactive','2022-05-28','2022-05-28 16:08:00','0000-00-00 00:00:00'),(109,22,'Bluetooth Handsfree NB042 DIAMOND METAL','85183000',1299,600,'','6 MONTHS','','','Deactive','2022-05-28','2022-05-28 16:08:00','0000-00-00 00:00:00'),(110,9,'FOXIN 9 FOXBEAT- 130','85183000',1500,600,'','1 YEAR','','110.jpg','Deactive','2022-05-28','2022-05-28 16:08:00','0000-00-00 00:00:00'),(111,9,'Foxin Neckband BT Earphones Foxbeat 205','39269099',3999,500,'','6 Months','','111.jpg','Active','2022-05-28','2022-05-28 16:08:00','2023-01-31 18:36:00'),(112,20,'Akai BT Neckband Playtime BE03 Black','85183000',1499,350,'','6 Months','6 MONTHS','62eb5620a8049.jpg','Active','2022-05-28','2022-05-28 16:08:00','2023-01-03 16:30:56'),(113,9,'Foxin Neckband BT Earphone Foxbeat 140','85183000',1950,550,'','6 Months','','113.jpg','Active','2022-05-28','2022-05-28 16:08:00','2023-01-31 18:36:46'),(114,9,'Foxin Neckband BT Earphones Foxbeat 150 ','85183000',2000,550,'','6 Months','','114.jpg','Active','2022-05-28','2022-05-28 16:08:00','2023-01-31 18:38:30'),(115,9,'FOXIN NECKBAND EARPHONES FOXBEAT 100 ( COKE RED)','85183000',1250,400,'','6 Months','','115.jpg','Active','2022-05-28','2022-05-28 16:08:00','2023-01-31 18:39:39'),(116,9,'FOXIN NECKBAND BT EARPHONE FOXBEAT 135 ( CYBER YELLOW)','85183000',1650,500,'','6 Months','','116.jpg','Deactive','2022-05-28','2022-05-28 16:08:00','2023-01-31 18:40:18'),(117,9,'FOXIN NECKBAND BT EARPHONE FOXBEAT 107','85183000',1200,350,'','6 Months','','117.jpg','Deactive','2022-05-28','2022-05-28 16:08:00','2023-01-31 18:41:35'),(118,29,'One Life BT Neck band Beat 3','8518',999,350,'','6 MONTHS','','','Deactive','2022-05-28','2022-05-28 16:08:00','0000-00-00 00:00:00'),(119,10,'FOXIN TWS FOXPODS K2','85183000',3999,1000,'','6 Months','','119.jpg','Deactive','2022-05-28','2022-05-28 16:08:00','2023-01-03 17:21:46'),(120,11,'FSBT-102 BOND ( BLACK) 11 Version: 5.0 Battery Capacity: 1200mAh','85182100',1000,400,'','6 Months','','120.jpg','Active','2022-05-28','2022-05-28 16:08:00','2023-01-03 17:23:33'),(121,11,'FSBT-105 ICON ( BLACK) 11 Version: 5.0 Battery Capacity: 1200mAh','85182100',3100,650,'','1 YEAR','','121.jpg','Active','2022-05-28','2022-05-28 16:08:00','0000-00-00 00:00:00'),(122,11,'FSBT-408 JAZZ BOX BLACK 11 Version: 5.0 Battery Capacity: 1200mAh','85182100',1299,800,'','1 YEAR','','122.jpg','Active','2022-05-28','2022-05-28 16:08:00','0000-00-00 00:00:00'),(123,11,'FOXIN BT SPEAKER CLASSIO FSBT-415','85182100',2600,600,'','6 Months','','123.jpg','Active','2022-05-28','2022-05-28 16:08:00','2023-01-03 17:24:10'),(124,11,'FOXIN BT SPEAKER OZONE FSBT-417','85182100',3100,600,'','6 Months','','124.jpg','Active','2022-05-28','2022-05-28 16:08:00','2023-01-03 17:24:46'),(125,27,'BT Speaker Brick','85183000',2999,860,'','1 YEAR','','','Deactive','2022-05-28','2022-05-28 16:08:00','0000-00-00 00:00:00'),(126,11,'FOXIN BT SPEAKER BRICK FSBT-501','85182100',4100,1000,'','6 Months','','126.jpg','Active','2022-05-28','2022-05-28 16:08:00','2023-01-03 17:25:31'),(127,11,'FOXIN BT SPEAKER BLITZ FSBT-505','85182100',4800,1200,'','6 Months','','127.jpg','Active','2022-05-28','2022-05-28 16:08:00','2023-01-03 17:26:06'),(128,12,'FOXIN BT HEADPHONE FWH-455','8517',1499,600,'','6 Months','','128.jpg','Active','2022-05-28','2022-05-28 16:08:00','2023-01-03 17:13:58'),(129,12,'FOXIN BT HEADPHONE FWH-501','8517',1499,900,'','1 YEAR','','129.jpg','Active','2022-05-28','2022-05-28 16:08:00','0000-00-00 00:00:00'),(130,12,'FOXIN BT HEADPHONE PLAY FWH-210 ( BLACK)','85176290',1800,600,'','6 Months','','130.jpg','Active','2022-05-28','2022-05-28 16:08:00','2023-01-03 17:16:52'),(131,12,'FOXIN BT HEADPHONE SUPREME FWH-321','85176290',3300,800,'','6 Months','','131.jpg','Active','2022-05-28','2022-05-28 16:08:00','2023-01-31 18:32:22'),(132,13,'FOXIN SPEAKER FMST-6400 GLADIATOR 60W MM','85182200',7999,3600,'','1 YEAR','','62de691d808df.jpg','Deactive','2022-05-28','2022-05-28 16:08:00','2022-07-25 15:27:53'),(133,13,'FOXIN SPEAKER FMS-3400BTU ( 4.1) MM','85182200',4749,2150,'','1 YEAR','','133.jpg','Deactive','2022-05-28','2022-05-28 16:08:00','0000-00-00 00:00:00'),(134,13,'FOXIN SPEAKER FMS-4040 CLASSY ( 4.1) MM','85182200',4899,2650,'','1 YEAR','','134.jpg','Deactive','2022-05-28','2022-05-28 16:08:00','0000-00-00 00:00:00'),(135,13,'FOXIN SPEAKER FMS-4020 CLASSY (2.1) MM','85182200',4499,2200,'','1 YEAR','','135.jpg','Deactive','2022-05-28','2022-05-28 16:08:00','0000-00-00 00:00:00'),(136,13,'FOXIN SPEAKER FMS-7400BTU TORNADO ( 4.1) MM','85182200',13999,6300,'','1 YEAR','','136.jpg','Deactive','2022-05-28','2022-05-28 16:08:00','0000-00-00 00:00:00'),(137,13,'2.1 MULTIMEDIA SPEAKER FMS 3220','85182200',4349,1900,'','1 YEAR','','137.jpg','Deactive','2022-05-28','2022-05-28 16:08:00','0000-00-00 00:00:00'),(138,14,'FOXIN SMART WATCH FOXFIT AMAZE S1','85176290',4000,2500,'','1 YEAR','','138.jpg','Active','2022-05-28','2022-05-28 16:08:00','0000-00-00 00:00:00'),(139,14,'FOXIN SMART WATCH FOXFIT AMAZE PRO ( BLACK)','85176290',5000,1500,'','6 Months','','139.jpg','Active','2022-05-28','2022-05-28 16:08:00','2023-01-03 17:28:32'),(140,14,'FOXIN SMART WATCH FOXFIT PULSE','85176290',6500,1700,'','6 Months','','140.jpg','Active','2022-05-28','2022-05-28 16:08:00','2023-01-03 17:29:10'),(141,26,'SMARTWATCH CW01','91019110',4999,1500,'','6 Months','','','Active','2022-05-28','2022-05-28 16:08:00','2023-01-03 17:27:51'),(142,14,'FOXIN SMART WATCH FOXFIT BOLD R5 CHERRY RED+BLACK','85176290',8499,3300,'','1 YEAR','','62de6d1d9ecd7.jpg','Deactive','2022-05-28','2022-05-28 16:08:00','2022-07-25 15:44:56'),(143,14,'FOXIN SMART WATCH FOXFIT BOLD R5 CAMO GREEN+BLACK','85176290',8499,3300,'','1 YEAR','','62de6e6e23088.jpg','Deactive','2022-05-28','2022-05-28 16:08:00','2022-07-25 15:50:33'),(144,14,'FOXIN SMART WATCH FOXFIT BOLD R5 FOG GREY+BLUE','85176290',8499,2000,'','6 Months','','62de6e432a474.jpg','Active','2022-05-28','2022-05-28 16:08:00','2023-01-03 17:30:32'),(145,15,'FOXIN WIRED GAMING KEYBOARD FGK  901','84716040',1300,630,'','1 YEAR','','145.jpg','Deactive','2022-05-28','2022-05-28 16:08:00','0000-00-00 00:00:00'),(146,15,'FOXIN WIRELESS MOUSE FWM 9099 ( BLUE)','84716060',449,230,'','1 YEAR','','146.jpg','Deactive','2022-05-28','2022-05-28 16:08:00','0000-00-00 00:00:00'),(147,15,'FOXIN COMBO KEYBOARD+MOUSE 506 PRO','84716060',550,350,'','1 YEAR','','147.jpg','Deactive','2022-05-28','2022-05-28 16:08:00','2023-02-03 16:13:12'),(148,15,'FOXIN WIRED MOUSE CLASSY RED','84716060',199,120,'','1 YEAR','','148.jpg','Deactive','2022-05-28','2022-05-28 16:08:00','0000-00-00 00:00:00'),(149,15,'FOXIN WIRED MOUSE SMART GREY','84716060',199,120,'','1 YEAR','','149.jpg','Deactive','2022-05-28','2022-05-28 16:08:00','0000-00-00 00:00:00'),(150,15,'FOXIN WIRELESS MOUSE FWM 9099 ( VIB BLUE))','84716060',449,230,'','1 YEAR','','150.jpg','Deactive','2022-05-28','2022-05-28 16:08:00','0000-00-00 00:00:00'),(151,15,'FOXIN SPEAKER FMS-475 ( 2.0) MM','85182200',650,340,'','1 YEAR','','151.jpg','Active','2022-05-28','2022-05-28 16:08:00','0000-00-00 00:00:00'),(152,15,'FOXIN SPEAKER FMS - 575 ( 2.0) MM','85182200',850,425,'','1 YEAR','','152.jpg','Active','2022-05-28','2022-05-28 16:08:00','0000-00-00 00:00:00'),(153,15,'FX-WIRED HEADPHONE FHM-DYNAMIC','85183000',799,370,'','1 YEAR','','','Active','2022-05-28','2022-05-28 16:08:00','0000-00-00 00:00:00'),(154,15,'FX-WIRED MOUSE SMART BLUE','84716060',199,120,'','1 YEAR','','154.jpg','Deactive','2022-05-28','2022-05-28 16:08:00','0000-00-00 00:00:00'),(160,19,'Akai Travel Adapter Quick Charge 3.0 18W with Cable STA11- white','85044090',799,320,'yes','1 Y','1 year','62a589ad52b90.jpg','Deactive','2022-06-12','2022-06-12 12:07:37','2022-06-13 13:19:04'),(161,19,'Akai Power Adapter 2.4A with Charging Cable Single Port PC-10 Black','85044090',499,155,'yes','yes','1 year','62a58aee5ba9d.jpg','Deactive','2022-06-12','2022-06-12 12:12:59','0000-00-00 00:00:00'),(162,32,'Akai Home Audio HA-TS50(W/O Echo)','85183000',7999,3000,'yes','1 Y','1 yEAR','62a58e42997d2.jpg','Deactive','2022-06-12','2022-06-12 12:27:12','2022-06-13 13:58:39'),(163,19,'Akai Travel Adapters Single Port actual 2A With Cable Power Charge PC07 White','85044090',449,140,'yes','1 Y','1 year','62a58f2773eda.jpg','Deactive','2022-06-12','2022-06-12 12:31:00','2022-06-13 13:22:55'),(164,33,'Akai Data Cable USB A- Type C Vooc Compatible Long Neck Sprint SC66- 5A White','85441990',699,115,'yes','6 M','6 MONTHS','62a592989f28c.jpg','Deactive','2022-06-12','2022-06-12 12:45:41','2022-06-13 13:24:28'),(165,33,'Akai data cable USB A- C type Vooc Compatible Long Neck Sprint SC66- 5A Red','85441990',699,115,'yes','6 M','6 MONTHS','62a59315525dd.jpg','Deactive','2022-06-12','2022-06-12 12:47:44','2022-06-13 13:24:53'),(166,33,'Akai Data Cable USB C-C Long neck Golf textured Sprint SC33- 5A White','85441990',599,110,'yes','6 M','6 MONTHS','62a594630ed2b.jpg','Deactive','2022-06-12','2022-06-12 12:53:18','2022-06-13 13:25:31'),(167,33,'Sprint Charging Cable ,USB C- C , long Neck, Golf textured SC33 5A Black','85441990',599,110,'yes','6 M','6 MONTHS','62a594ea458ae.jpg','Deactive','2022-06-12','2022-06-12 12:55:48','2022-06-13 13:25:55'),(168,33,'Sprint Charging Cable ,USB A- Type C, long Neck, Golf textured SC22- 5A White','85441990',599,90,'yes','6 M','6 MONTHS','62a6170551bef.jpg','Deactive','2022-06-12','2022-06-12 22:10:49','2022-06-13 13:26:42'),(169,33,'Sprint Charging Cable ,USB A- Type C, long Neck, Golf textured SC22- 5A Black','85441990',599,90,'yes','6 M','6 MONTHS','62a6178f2fad1.jpg','Deactive','2022-06-12','2022-06-12 22:12:59','2022-06-13 13:39:37'),(170,33,'Akai Data Cable USB A-Micro Long Neck Golf Textured Sprint SC05- 4A Grey','85441990',399,65,'yes','6 M','6 MONTHS','62a618b8b004e.jpg','Deactive','2022-06-12','2022-06-12 22:18:00','2022-06-13 13:40:17'),(171,33,'Akai Data Cable USB A-Micro Long Neck Golf Textured Sprint SC05- 4A Black','85441990',399,65,'yes','6 M','6 MONTHS','62a61934c8863.jpg','Deactive','2022-06-12','2022-06-12 22:20:00','2022-06-13 13:40:43'),(172,33,'Akai 2.4amp data cum charging Lightning Cable Classic CL-44 white','85441990',499,85,'yes','6 M','6 MONTHS','62a61a3b0317e.jpg','Deactive','2022-06-12','2022-06-12 22:24:21','2022-06-13 13:41:56'),(173,33,'Akai PVC Golf Texture 3A Data Sync & Charging C type Cable CL-33 White','85441990',499,60,'yes','6 M','6 MONTHS','62a61b032398d.jpg','Deactive','2022-06-12','2022-06-12 22:27:42','2022-06-13 13:42:40'),(174,33,'Akai PVC Golf Texture 3A Data Sync & Charging Cable Classic CL-11 Black','85441990',249,50,'yes','6 M','6 MONTHS','62a61bcd4fd0b.jpg','Deactive','2022-06-12','2022-06-12 22:31:04','2022-06-13 13:43:39'),(175,34,'Akai Wired Earphone Joy J-9 White','85183000',399,60,'yes','6 M','6 MONTHS','62a61d2a0d3d5.jpg','Deactive','2022-06-12','2022-06-12 22:36:53','2022-06-13 13:44:48'),(176,35,'Akai TWS Earbuds BassBullets BB20 Pro Black','85183000',2499,1000,'yes','1 Y','1 yEAR','62a61f1d07036.jpg','Deactive','2022-06-12','2022-06-12 22:45:33','2022-06-13 13:46:13'),(177,20,'Akai BT Neckband Playtime BE20 Black','85183000',1499,690,'yes','6 M','6 MONTHS','62a620d118560.jpg','Deactive','2022-06-12','2022-06-12 22:52:40','2022-06-13 13:47:56'),(178,4,'FOXIN 8PIN USB CABLE AU500 1.2MTR 3.0A(WHITE)','85444299',375,80,'yes','6 M','','62aad0b01c405.jpg','Active','2022-06-16','2022-06-16 12:11:55','0000-00-00 00:00:00'),(179,4,'FOXIN 8PIN USB FDC-AU504 1.2MTR 4.0AMP ZINC ALLOY FABRIC BRAIDED CABLE (GRAPHITE)','85444299',600,160,'yes','6 Months','','62aad19eea648.jpg','Active','2022-06-16','2022-06-16 12:15:54','2023-01-03 15:50:21'),(180,5,'FOXIN METAL STEREO EARPHONES BASS PRO+ M1 (GREY)','85183000',900,250,'yes','6 M','','62aad2817ae5d.jpg','Active','2022-06-16','2022-06-16 12:19:40','0000-00-00 00:00:00'),(181,5,'FOXIN METAL STEREO EARPHONES BASS PRO+ M2','85183000',900,250,'yes','6 M','','62aad327d951c.jpg','Active','2022-06-16','2022-06-16 12:22:27','0000-00-00 00:00:00'),(182,5,'FOXIN EARPHONE BASS PRO+ M3 (BLACK RED)','85183000',900,270,'yes','6 M','','62aad3c966361.jpg','Active','2022-06-16','2022-06-16 12:25:08','0000-00-00 00:00:00'),(183,5,'FOXIN EARPHONE BASS PRO+ M4 (BLACK SILVER)','85183000',900,250,'yes','6 M','','62aad4643d853.jpg','Active','2022-06-16','2022-06-16 12:27:43','0000-00-00 00:00:00'),(184,10,'Foxin TWS Foxpods F9','85176290',4300,1000,'yes','6 Months','','62aad5378dd98.jpg','Active','2022-06-16','2022-06-16 12:31:15','2023-01-31 18:37:46'),(185,36,'FOXIN TWS FOXPODS C5 WHITE','85176290',2500,600,'yes','6 Months','','62aad685ddf10.jpg','Active','2022-06-16','2022-06-16 12:36:51','2023-01-03 17:21:12'),(186,4,'FOXIN MICRO USB CABLE MU400 1.2MTR 3.0A(WHITE)','85444299',300,60,'yes','6 Months','','62aad73c17ac4.jpg','Active','2022-06-16','2022-06-16 12:39:51','2023-01-03 15:31:01'),(187,4,'FOXIN TYPE-C USB CABLE CU600 1.2MTR 3.0A(WHITE)','85444299',375,90,'yes','6 M','','62aad7e3903f2.jpg','Active','2022-06-16','2022-06-16 12:42:40','0000-00-00 00:00:00'),(188,35,'AKAI TWS EARBUDS BASSBULLETS BB15 PRO BLACK','85183000',1999,800,'yes','6 M','','62de4ff9387cd.jpg','Deactive','2022-07-25','2022-07-25 13:40:41','0000-00-00 00:00:00'),(189,35,'AKAI TWS EARBUDS BASSBULLETS BB50 PRO BLACK','85183000',2999,1100,'yes','6 M','','62de521feac1e.jpg','Deactive','2022-07-25','2022-07-25 13:49:49','0000-00-00 00:00:00'),(190,20,'AKAI BT NECKBAND PLAYTIME BE30 BLACK','85183000',1499,450,'yes','6 M','','62de5611ef780.jpg','Deactive','2022-07-25','2022-07-25 14:06:39','0000-00-00 00:00:00'),(191,20,'AKAI BT NECKBAND PLAYTIME BE31 OLIVE GREEN','85183000',1999,600,'yes','6 M','','62de575f81643.jpg','Deactive','2022-07-25','2022-07-25 14:12:12','0000-00-00 00:00:00'),(192,4,'FOXIN MICRO USB FDC-MU404 1.2MTR 4.0AMP ZINC ALLOY FABRIC BRAIDED CABLE (GRAPHITE)','85444299',550,140,'yes','6 Months','','62de5ea10df81.jpg','Active','2022-07-25','2022-07-25 14:43:09','2023-01-03 15:39:50'),(193,4,'FOXIN TYPE-C USB FDC-CU604 1.2MTR 4.0AMP ZINCALLOY FABRIC BRAIDED CABLE (GRAPHITE)','85444299',600,160,'yes','6 Months','','62de635010c8b.jpg','Active','2022-07-25','2022-07-25 15:03:07','2023-01-03 15:44:51'),(194,4,'FOXIN MICRO USB CABLE ME030 1 MTR 3.0A WHITE','85444299',250,50,'yes','6 Months','','62de64d9c80db.jpg','Deactive','2022-07-25','2022-07-25 15:09:41','2023-01-03 15:26:14'),(195,4,'FOXIN MICRO USB CABLE ME031 1MTR 3.0A BLACK','85444299',250,50,'yes','6 M','','62de65b81d122.jpg','Active','2022-07-25','2022-07-25 15:13:23','2023-03-14 12:57:48'),(196,1,'FOXIN DUAL USB ADAPTER FPA-214( 2.4AMP) WHITE WITH MICRO CABLE','85043100',600,210,'yes','6 M','','62de6773a8f1c.jpg','Active','2022-07-25','2022-07-25 15:20:48','0000-00-00 00:00:00'),(197,1,'FOXIN DUAL USB ADAPTER FPA-214( 2.4AMP) WHITE WITH TYPE C CABLE','85043100',600,220,'yes','6 M','','62de67cfb5cc6.jpg','Active','2022-07-25','2022-07-25 15:22:19','0000-00-00 00:00:00'),(198,38,'AKAI BT SPEAKER PARTYMATE 10W 2000mAh PM100 BLACK','85183000',2999,1150,'yes','6 M','','62de6b2962e73.jpg','Deactive','2022-07-25','2022-07-25 15:33:58','2022-07-25 15:36:36'),(199,34,'AKAI WIRED EARPHONE EARFIT PRO E-05N','85183000',449,90,'yes','6 M','','62e7a7a7e73ad.jpg','Deactive','2022-08-01','2022-08-01 15:45:07','0000-00-00 00:00:00'),(200,39,'AKAI BLUETOOTH EARPODS BB30','85183000',2499,1020,'yes','6 M','','62e7a8b11aa68.jpg','Deactive','2022-08-01','2022-08-01 15:49:31','0000-00-00 00:00:00'),(201,19,'AKAI TRAVEL ADAPTOR PD+QC 3.0 SPRINT STA22','85044090',999,420,'yes','1 Y','','62e7a96183267.jpg','Deactive','2022-08-01','2022-08-01 15:52:28','0000-00-00 00:00:00'),(202,34,'AKAI WIRED EARPHONE SOUL SO40 RED','85183000',999,150,'yes','6 M','','62e7ab4103f3a.jpg','Deactive','2022-08-01','2022-08-01 16:00:28','0000-00-00 00:00:00'),(203,47,'KRAZE TWS BT EARBUDS FLYPOD','8518',3999,1000,'YES','6 MONTHS','','','Active','2022-12-29','2022-12-29 18:39:00','0000-00-00 00:00:00'),(204,48,'KRAZE EARBUDS TRUPOD','8518',2499,700,'YES','6 MONTHS','','','Active','2022-12-29','2022-12-29 18:39:00','0000-00-00 00:00:00'),(205,49,'KRAZE BT NECKBAND AIR','8518',2999,570,'YES','6 MONTHS','','','Active','2022-12-29','2022-12-29 18:39:00','0000-00-00 00:00:00'),(206,49,'KRAZE BT NECKBAND EMIRATES BT 109','8518',2999,550,'YES','6 MONTHS','','','Active','2022-12-29','2022-12-29 18:39:00','2023-01-03 16:32:39'),(207,49,'KRAZE NECKBAND STRIKE BT106','8518',2599,520,'YES','6 MONTHS','','','Active','2022-12-29','2022-12-29 18:39:00','0000-00-00 00:00:00'),(208,49,'KRAZE NECKBAND GALAXY BT 110','8518',2999,450,'YES','6 MONTHS','','','Active','2022-12-29','2022-12-29 18:39:00','0000-00-00 00:00:00'),(209,40,'FRONTECH WIRELESS NECKBAND EARPHONE BLAZE EF-0021','85183000',1200,450,'YES','6 MONTHS','','','Active','2022-12-29','2022-12-29 18:39:00','0000-00-00 00:00:00'),(210,40,'FRONTECH WIRELESS NECKBAND EARPHONE BRIZO EF-0026','85183000',1400,540,'YES','6 MONTHS','','','Active','2022-12-29','2022-12-29 18:39:00','0000-00-00 00:00:00'),(211,40,'FRONTECH WIRELESS NECKBAND EARPHONE ARIA EF-0061','85183000',1400,530,'YES','6 MONTHS','','','Active','2022-12-29','2022-12-29 18:39:00','0000-00-00 00:00:00'),(212,49,'KRAZE NECKBAND SENSE BT 111','8518',2499,650,'YES','6 MONTHS','','','Active','2022-12-29','2022-12-29 18:39:00','0000-00-00 00:00:00'),(213,49,'KRAZE NECKBAND STUD BT 112','8518',1999,350,'YES','6 MONTHS','','','Active','2022-12-29','2022-12-29 18:39:00','0000-00-00 00:00:00'),(214,50,'KRAZE WOODEN SPEAKER 10W KZRS1','8518',2999,700,'YES','6 MONTHS','','','Active','2022-12-29','2022-12-29 18:39:00','0000-00-00 00:00:00'),(215,50,'KRAZE WOODEN SPEAKER 15W KZRS2','8518',3999,800,'YES','6 MONTHS','','','Active','2022-12-29','2022-12-29 18:39:00','0000-00-00 00:00:00'),(216,41,'FRONTECH MM BT SPEAKER SW-0028','85279100',1000,470,'YES','6 MONTHS','','','Active','2022-12-29','2022-12-29 18:39:00','0000-00-00 00:00:00'),(217,41,'FRONTECH MM BT SPEAKER SW-0043','85279100',800,380,'YES','6 MONTHS','','','Active','2022-12-29','2022-12-29 18:39:00','0000-00-00 00:00:00'),(218,41,'FRONTECH MM BT SPEAKER SW-0049','85279100',900,435,'YES','6 MONTHS','','','Active','2022-12-29','2022-12-29 18:39:00','0000-00-00 00:00:00'),(219,41,'FRONTECH MM SPEAKER USB/BT/FM CASTER PLUS SW-0097','85279100',6000,3500,'YES','6 MONTHS','','','Active','2022-12-29','2022-12-29 18:39:00','0000-00-00 00:00:00'),(220,51,'KRAZE CHARGING CABLE 2Amp KZDC31','8544',199,25,'YES','3 MONTHS','','','Active','2022-12-29','2022-12-29 18:39:00','0000-00-00 00:00:00'),(221,51,'KRAZE CHARGING CABLE 2.4Amp KZDC31 PRO','8544',299,30,'YES','3 MONTHS','','','Active','2022-12-29','2022-12-29 18:39:00','0000-00-00 00:00:00'),(222,51,'KRAZE MICRO DATA CABLE 3.1Amp KZDC134','8544',499,45,'YES','6 MONTHS','','','Active','2022-12-29','2022-12-29 18:39:00','0000-00-00 00:00:00'),(223,51,'KRAZE DATA CABLE TYPE C 3.1Amp KZDC135','8544',499,60,'YES','6 MONTHS','','','Active','2022-12-29','2022-12-29 18:39:00','0000-00-00 00:00:00'),(224,51,'KRAZE DATA CABLE TYPE C TO TYPE C 18W FAST CHARGING KZDC60B','8544',499,115,'YES','6 MONTHS','','','Active','2022-12-29','2022-12-29 18:39:00','0000-00-00 00:00:00'),(225,51,'KRAZE 3.1A I PHONE DATA CABLE KZDC 136','8544',499,65,'YES','6 MONTHS','','','Active','2022-12-29','2022-12-29 18:39:00','0000-00-00 00:00:00'),(226,51,'KRAZE DATA CABLE KZDC 60B PRO TYPE C TO TYPE C','8544',599,115,'YES','6 MONTHS','','','Active','2022-12-29','2022-12-29 18:39:00','0000-00-00 00:00:00'),(227,51,'KRAZE AUX CABLE','8544',499,70,'YES','6 MONTHS','','','Active','2022-12-29','2022-12-29 18:39:00','0000-00-00 00:00:00'),(228,51,'KRAZE 4.0A TYPE C DATA CABLE KRZDC-145','8544',599,85,'YES','6 MONTHS','','','Active','2022-12-29','2022-12-29 18:39:00','0000-00-00 00:00:00'),(229,51,'KRAZE DATA CABLE 3.1A MICRO USB BRAIDED KZDC31B','8544',299,70,'YES','6 MONTHS','','','Active','2022-12-29','2022-12-29 18:39:00','0000-00-00 00:00:00'),(230,51,'KRAZE DATA CABLE 3.1A TYPE C KZDC31B','8544',299,85,'YES','6 MONTHS','','','Active','2022-12-29','2022-12-29 18:39:00','2023-01-03 15:33:56'),(231,51,'KRAZE 4A TYPE C DAT CABLE KZDC-142','8544',299,95,'YES','6 MONTHS','','','Active','2022-12-29','2022-12-29 18:39:00','0000-00-00 00:00:00'),(232,51,'KRAZE DATA CABLE KZDC70B TYPE C TO LIGHTNING','8544',699,130,'YES','6 MONTHS','','','Active','2022-12-29','2022-12-29 18:39:00','0000-00-00 00:00:00'),(233,51,'KRAZE DATA CABLE KZDC40B MICRO 4.0A','8544',999,120,'YES','6 MONTHS','','','Active','2022-12-29','2022-12-29 18:39:00','0000-00-00 00:00:00'),(234,51,'KRAZE DATA CABLE KZDC40B TYPE C 4.0A','8544',999,130,'YES','6 MONTHS','','','Active','2022-12-29','2022-12-29 18:39:00','0000-00-00 00:00:00'),(235,51,'KRAZE DATA CABLE KZDC40B I PHONE 4.0A','8544',999,130,'YES','6 MONTHS','','','Active','2022-12-29','2022-12-29 18:39:00','0000-00-00 00:00:00'),(236,51,'KRAZE DATA CABLE KZDC50B MICRO 4.5A','8544',999,125,'YES','6 MONTHS','','','Active','2022-12-29','2022-12-29 18:39:00','0000-00-00 00:00:00'),(237,51,'KRAZE DATA CABLE KZDC50B TYPE C 4.5A','8544',999,135,'YES','6 MONTHS','','','Active','2022-12-29','2022-12-29 18:39:00','0000-00-00 00:00:00'),(238,42,'FRONTECH USB BRAIDED NYLON CABLE FOR 8 PIN 0883','85442090',550,60,'YES','6 MONTHS','','','Active','2022-12-29','2022-12-29 18:39:00','0000-00-00 00:00:00'),(239,42,'FRONTECH USB PVC CABLE V8 2.4A 4 CORE 1 METER 0909','85444999',150,40,'YES','6 MONTHS','','','Active','2022-12-29','2022-12-29 18:39:00','0000-00-00 00:00:00'),(240,42,'FRONTECH USB PVC CABLE TYPE C 2.4A 4 CORE 1 METER 0910','85444999',225,50,'YES','6 MONTHS','','','Active','2022-12-29','2022-12-29 18:39:00','0000-00-00 00:00:00'),(241,42,'FRONTECH USB PVC CABLE A TO C 30W 0935','85444999',599,120,'YES','6 MONTHS','','','Active','2022-12-29','2022-12-29 18:39:00','0000-00-00 00:00:00'),(242,42,'FRONTECH USB PVC CABLE C TO C 30W 0933','85444999',599,135,'YES','6 MONTHS','','','Active','2022-12-29','2022-12-29 18:39:00','0000-00-00 00:00:00'),(243,42,'FRONTECH USB PVC CABLE C TO C 65W 0934','85444999',899,200,'YES','6 MONTHS','','','Active','2022-12-29','2022-12-29 18:39:00','0000-00-00 00:00:00'),(244,42,'FRONTECH USB PVC CABLE TYPE C TO I PHONE 27W WHITE 1025','85444999',999,250,'YES','6 MONTHS','','','Active','2022-12-29','2022-12-29 18:39:00','0000-00-00 00:00:00'),(245,52,'KRAZE CAR CHARGER KZCC30','8504',999,250,'YES','6 MONTHS','','','Active','2022-12-29','2022-12-29 18:39:00','0000-00-00 00:00:00'),(246,52,'KRAZE CAR CHARGER 3.1A DUAL PORT WITH MICRO CABLE KZCC10','8504',799,160,'YES','6 MONTHS','','','Active','2022-12-29','2022-12-29 18:39:00','2023-01-03 16:14:42'),(247,52,'KRAZE CAR CHARGER KZCC11 3.4A','8504',799,170,'YES','6 MONTHS','','','Active','2022-12-29','2022-12-29 18:39:00','0000-00-00 00:00:00'),(248,53,'KRAZE CHARGER 2.1Amp KZTC21 PRO','8504',399,115,'YES','6 MONTHS','','','Active','2022-12-29','2022-12-29 18:39:00','0000-00-00 00:00:00'),(249,53,'KRAZE CHARGER WITH DATA CABLE 1.5Amp WC12','8504',399,100,'YES','6 MONTHS','','','Deactive','2022-12-29','2022-12-29 18:39:00','0000-00-00 00:00:00'),(250,53,'KRAZE CHARGER 3Amp KZTC51','8504',599,210,'YES','6 MONTHS','','','Active','2022-12-29','2022-12-29 18:39:00','0000-00-00 00:00:00'),(251,53,'KRAZE CHARGER 22W QC KZTC307','8504',1049,300,'YES','6 MONTHS','','','Active','2022-12-29','2022-12-29 18:39:00','0000-00-00 00:00:00'),(252,53,'KRAZE CHARGER 30W VOOC KZVC403','8504',1999,500,'YES','6 MONTHS','','','Active','2022-12-29','2022-12-29 18:39:00','0000-00-00 00:00:00'),(253,53,'KRAZE CHARGER 30W VOOC KZVC402','8504',1499,450,'YES','6 MONTHS','','','Active','2022-12-29','2022-12-29 18:39:00','0000-00-00 00:00:00'),(254,53,'KRAZE CHARGER 3.1A KZTC31','8504',499,200,'YES','6 MONTHS','','','Active','2022-12-29','2022-12-29 18:39:00','0000-00-00 00:00:00'),(255,53,'KRAZE PD CHARGER 20W PD 501','8504',1299,440,'YES','6 MONTHS','','','Active','2022-12-29','2022-12-29 18:39:00','0000-00-00 00:00:00'),(256,53,'KRAZE CHARGER 2.1A BLACK WITHOUT CABLE KZTC21','8504',399,90,'YES','6 MONTHS','','','Active','2022-12-29','2022-12-29 18:39:00','0000-00-00 00:00:00'),(257,53,'KRAZE CHARGER WITH CABLE 2.4A WC24D N','8504',549,150,'YES','6 MONTHS','','','Active','2022-12-29','2022-12-29 18:39:00','0000-00-00 00:00:00'),(258,53,'KRAZE CHARGER 20W VOOC KZVC401 WITHOUT CABLE','8504',1199,440,'YES','6 MONTHS','','','Active','2022-12-29','2022-12-29 18:39:00','0000-00-00 00:00:00'),(259,53,'KRAZE CHARGER 2.4A DUAL PORT WITH MICRO CABLE KRZTC201','8504',599,150,'YES','6 MONTHS','','','Active','2022-12-29','2022-12-29 18:39:00','0000-00-00 00:00:00'),(260,53,'KRAZE CHARGER 3.1A DUAL PORT WITH MICRO CABLE KZTC35','8504',499,210,'YES','6 MONTHS','','','Active','2022-12-29','2022-12-29 18:39:00','0000-00-00 00:00:00'),(261,53,'KRAZE CHARGER 2.1A SINGLE PORT WITH CABLE KZTC21 BLACK','8504',399,115,'YES','6 MONTHS','','','Active','2022-12-29','2022-12-29 18:39:00','0000-00-00 00:00:00'),(262,43,'FRONTECH MOBILE CHARGER 2.4A SINGLE USB 0951','85044030',399,130,'YES','6 MONTHS','','','Active','2022-12-29','2022-12-29 18:39:00','0000-00-00 00:00:00'),(263,43,'FRONTECH MOBILE CHARGER 2.4A DUAL USB WITH V8 CABLE 0952','85044030',399,145,'YES','6 MONTHS','','','Active','2022-12-29','2022-12-29 18:39:00','0000-00-00 00:00:00'),(264,43,'FRONTECH MOBILE 20W PD CHARGER WITH 5 CORE CABLE','85044030',799,450,'YES','6 MONTHS','','','Active','2022-12-29','2022-12-29 18:39:00','0000-00-00 00:00:00'),(265,44,'FRONTECH POWER CONNECTOR 3512','85369090',300,150,'YES','6 MONTHS','','','Active','2022-12-29','2022-12-29 18:39:00','0000-00-00 00:00:00'),(266,44,'FRONTECH POWER EXTENSION SOCKET 3528','85369090',699,360,'YES','6 MONTHS','','','Active','2022-12-29','2022-12-29 18:39:00','0000-00-00 00:00:00'),(267,44,'FRONTECH OPTICAL MOUSE WIRED MS-0013','847160',225,90,'YES','6 Months','','','Active','2022-12-29','2022-12-29 18:39:00','2022-12-30 15:26:10'),(268,44,'POWER CONNECTOR 4IN-2UN 3513','85369090',400,215,'YES','6 MONTHS','','','Active','2022-12-29','2022-12-29 18:39:00','0000-00-00 00:00:00'),(269,54,'KRAZE POWER BANK 10000mAh P10','8507',2199,750,'YES','6 MONTHS','','','Active','2022-12-29','2022-12-29 18:39:00','0000-00-00 00:00:00'),(270,54,'KRAZE POWER BANK 10000mAh P11','8507',2199,770,'YES','6 MONTHS','','','Active','2022-12-29','2022-12-29 18:39:00','0000-00-00 00:00:00'),(271,54,'KRAZE POWER BANK 20000mAh P20','8507',2499,1100,'YES','6 MONTHS','','','Active','2022-12-29','2022-12-29 18:39:00','0000-00-00 00:00:00'),(272,45,'SMART WATCH MOVEFIT/VSW-664 BLACK SMT-0001','85176290',4899,1699,'YES','6 MONTHS','','','Active','2022-12-29','2022-12-29 18:39:00','0000-00-00 00:00:00'),(273,55,'KRAZE WIRED HANDSFREE JAZZ','8518',299,75,'YES','6 MONTHS','','','Active','2022-12-29','2022-12-29 18:39:00','0000-00-00 00:00:00'),(274,55,'KRAZE WIRED HANDSFREE BOOMER','8518',399,100,'YES','6 MONTHS','','','Active','2022-12-29','2022-12-29 18:39:00','0000-00-00 00:00:00'),(275,55,'KRAZE EARPHONE FUSION','8518',599,160,'YES','6 MONTHS','','','Active','2022-12-29','2022-12-29 18:39:00','0000-00-00 00:00:00'),(276,55,'KRAZE EARPHONE THUNDER','8518',499,60,'YES','6 MONTHS','','','Active','2022-12-29','2022-12-29 18:39:00','0000-00-00 00:00:00'),(277,55,'KRAZE EARPHONE TUNE GOLD','8518',499,130,'YES','6 MONTHS','','','Active','2022-12-29','2022-12-29 18:39:00','0000-00-00 00:00:00'),(278,55,'KRAZE EARPHONE PRIME','8518',499,150,'YES','6 MONTHS','','','Active','2022-12-29','2022-12-29 18:39:00','0000-00-00 00:00:00'),(279,46,'FRONTECH EARPHONE EF-0007','85183000',300,90,'YES','6 MONTHS','','','Active','2022-12-29','2022-12-29 18:39:00','0000-00-00 00:00:00'),(280,46,'FRONTECH MULTIMEDIA EARPHONE EF-0046','85176290',275,85,'YES','6 MONTHS','','','Active','2022-12-29','2022-12-29 18:39:00','0000-00-00 00:00:00'),(281,46,'FRONTECH MULTIMEDIA EARPHONE EF-0045','85183000',200,60,'YES','6 MONTHS','','','Active','2022-12-29','2022-12-29 18:39:00','0000-00-00 00:00:00'),(282,5,'FOXIN EARPHONE BASS PRO B9 ( RED)','85183000',599,130,'1','6 Months','','','Active','2023-01-02','2023-01-02 13:40:10','2023-01-03 16:25:24'),(283,4,'FOXIN MICRO USB CABLE FDCME006 12MTR 2.4AMP WHITE','85044090',225,50,'','6 Months','','','Active','2023-01-03','2023-01-03 15:30:23','0000-00-00 00:00:00'),(284,4,'FDC-CE155/156 ( BLACK/RED) Nylon Braided Cable, 5V /2.4Amp (Max),1.2 Mtr.','85176290',350,90,'','6 Months','','','Active','2023-01-03','2023-01-03 15:44:12','0000-00-00 00:00:00'),(285,56,'CQ FUEL 10000mAh POWERBANK','85441990',1499,650,'','6 Months','','','Active','2023-01-03','2023-01-03 16:17:12','0000-00-00 00:00:00'),(286,9,'FOXIN BT EARPHONES ROKER FWE-090 (WHITE)','85183000',1000,150,'','6 Months','','','Active','2023-01-03','2023-01-03 16:27:05','2023-01-31 18:30:47'),(287,40,'FRONTECH BT NECKBAND PIPER EF0062 20HR PLAYTIME','85183000',1000,350,'','6 Months','','','Active','2023-01-03','2023-01-03 16:30:26','0000-00-00 00:00:00'),(288,9,'FOXIN NECKBAND BT EARPHONE FOXBEAT 137 ','85183000',1650,450,'','6 Months','','','Active','2023-01-03','2023-01-03 16:45:59','2023-01-31 18:43:42'),(289,53,'KRAZE CHARGER 20W DASH WITH TYPE C CABLE KZTC51','85176290',599,210,'','6 Months','','','Active','2023-01-03','2023-01-03 16:47:38','0000-00-00 00:00:00'),(290,9,'FWE-399 PRO ROKER BLACK Bluetooth neckband Version: 5.0 Battery Capacity: 60mAh','85183000',1000,150,'','6 Months','','','Active','2023-01-03','2023-01-03 17:11:42','2023-01-31 18:30:02'),(291,12,'FOXIN BT HEADPHONE THUMP FWH-225 ','85183000',2300,650,'','6 Months','','','Active','2023-01-03','2023-01-03 17:16:10','0000-00-00 00:00:00'),(292,10,'F10 BLACK Bluetooth Eardrops REALTEK Chipset Bluetooth Version: 5.0 Earbuds Capacity: 40mAh','85183000',3500,1500,'','6 Months','','','Active','2023-01-03','2023-01-03 17:18:50','0000-00-00 00:00:00'),(293,10,'A7 Bluetooth Earpods FINGERPRINT TOUCH Bluetooth Version: 5.0 Earbuds Capacity: 45mAh','85183000',3300,1000,'','6 Months','','','Active','2023-01-03','2023-01-03 17:20:24','0000-00-00 00:00:00'),(294,15,'SAMSUNG FLASH STORAGE DEVICE 32GB EVO PLUS MEMORY CARD','85183000',999,400,'','6 Months','','','Active','2023-01-03','2023-01-03 17:32:51','0000-00-00 00:00:00'),(295,5,'FOXIN WIRED EARPHONE T2 WHITE','85183000',900,150,'1','Yes','6','','Active','2023-01-04','2023-01-04 11:36:48','0000-00-00 00:00:00'),(296,1,'FOXIN 20W PD TYPE-C+QC3.0 DUAL USB SMART ADAPTOR FPA-QCPD20 (WHITE)','8504421',1000,500,'1','Yes','6','','Active','2023-01-10','2023-01-10 10:43:36','0000-00-00 00:00:00'),(297,41,'FRONTECH MULTIMEDIA SPEAKER 40W 3365','85182200',2500,1650,'','6 Months','','','Active','2023-01-17','2023-01-17 12:35:43','0000-00-00 00:00:00'),(298,46,'FRONTECH MULTIMEDIA EARPHONE EF-0044','85183000',200,45,'','6 Months','','','Active','2023-01-17','2023-01-17 12:37:40','0000-00-00 00:00:00'),(299,46,'FRONTECH MULTIMEDIA EARPHONE EF-0047','85176299',250,75,'','6 Months','','','Active','2023-01-17','2023-01-17 12:47:08','0000-00-00 00:00:00'),(300,9,'FWE-100 BEAT BLACK GREEN Bluetooth Neckband Version: 5.0 Battery Capacity: 100mAh','85176290',1750,300,'','6 Months','','','Active','2023-01-31','2023-01-31 18:27:37','0000-00-00 00:00:00'),(301,9,'FWE-101 KOLLAR BLACK RED/BLACK GREY Bluetooth Neckband Version: 5.0 Battery Capacity: 135mAh','85176290',1500,250,'','6 Months','','','Active','2023-01-31','2023-01-31 18:29:16','0000-00-00 00:00:00'),(302,9,'FOXIN BLUETOOTH NECKBAND FOXBEAT 130 ','85183000',1500,500,'','6 Months','','','Active','2023-01-31','2023-01-31 18:35:05','0000-00-00 00:00:00'),(303,9,'FOXIN NECKBAND BT EARPHONE FOXBEAT 100 ','85183000',1250,400,'','6 Months','','','Active','2023-01-31','2023-01-31 18:42:57','0000-00-00 00:00:00'),(304,2,'Foxin car charger FCC-002 with 3-in-1 cable ','8530000',1000,300,'1','Yes','','','Active','2023-02-04','2023-02-04 13:18:58','0000-00-00 00:00:00'),(305,44,'FRONTECH OPTICAL MOUSE USB MS-0014','84716060',225,90,'','6 Months','','','Active','2023-02-15','2023-02-15 17:26:45','0000-00-00 00:00:00'),(306,44,'FRONTECH KEYBOARD+MOUSE KB-0005','84716060',575,300,'','6 Months','','','Active','2023-02-15','2023-02-15 17:28:25','0000-00-00 00:00:00'),(307,44,'FRONTECH WIRELESS MOUSE MS-0003','84716060',500,230,'','6 Months','','','Active','2023-02-15','2023-02-15 17:29:53','0000-00-00 00:00:00'),(308,51,'KRAZE 4.0A MICRO DATA CABLE KRZDC-144','8544',499,60,'','6 Months','','','Active','2023-02-15','2023-02-15 17:31:16','0000-00-00 00:00:00'),(309,51,'KRAZE 4.0A TYPE C DATA CABLE KRZDC-145','8544',599,80,'','6 Months','','','Active','2023-02-15','2023-02-15 17:32:42','0000-00-00 00:00:00'),(310,51,'KRAZE 4.0A I PHONE DATA CABLE KRZDC-146','8544',599,80,'','6 Months','','','Active','2023-02-15','2023-02-15 17:33:48','0000-00-00 00:00:00'),(311,3,'FOXIN POWER BANK FPB-181 10000 MAH ','85706000',1600,800,'1','Yes','6','','Active','2023-03-08','2023-03-08 11:05:11','0000-00-00 00:00:00'),(312,3,'FOXIN POWER BANK 20000 MAH FPB-281 ','56076000',2600,1250,'1','Yes','6','','Active','2023-03-08','2023-03-08 11:08:35','0000-00-00 00:00:00'),(313,55,'KRAZE TYPE C WIRED HANDSFREE ','1',799,250,'1','Yes','6','','Active','2023-03-14','2023-03-14 16:03:13','0000-00-00 00:00:00');
DELIMITER ;;
/*!50003 CREATE*/ /*!50017 DEFINER=`wwwagury`@`localhost`*/ /*!50003 TRIGGER `wwwagury_dbtkcorp`.`product_history` BEFORE UPDATE ON `wwwagury_dbtkcorp`.`tbl_master_product` FOR EACH ROW INSERT INTO tbl_history_product SET
product_id=OLD.product_id,
category_id=OLD.category_id,
product_name=OLD.product_name,
hsn_code=OLD.hsn_code,
mrp=OLD.mrp,
product_price=OLD.product_price,
mAh_compatible=OLD.mAh_compatible,
warranty=OLD.warranty,
warranty_description=OLD.warranty_description,
status=OLD.status,
tb_insertdatetime=NOW() */;;
DELIMITER ;

--
-- Table structure for table `tbl_sequence`
--

CREATE TABLE `tbl_sequence` (
  `sequence_id` int(11) NOT NULL AUTO_INCREMENT,
  `distributor_id` varchar(200) NOT NULL,
  `recent_sequence` varchar(200) NOT NULL,
  `last_update_date` date NOT NULL,
  `receipt_sequence` varchar(30) NOT NULL,
  PRIMARY KEY (`sequence_id`),
  KEY `distributor_id` (`distributor_id`)
) ENGINE=InnoDB AUTO_INCREMENT=3 DEFAULT CHARSET=latin1 COLLATE=latin1_swedish_ci;

--
-- Dumping data for table `tbl_sequence`
--

INSERT INTO `tbl_sequence` VALUES (1,'2','','2022-05-28','R00000'),(2,'1','','2023-06-13','R00414');

--
-- Table structure for table `tbl_transaction`
--

CREATE TABLE `tbl_transaction` (
  `transaction_id` int(11) NOT NULL AUTO_INCREMENT COMMENT 'Unique Identifier for record',
  `customer_transaction_id` varchar(20) NOT NULL,
  `customer_id` int(11) NOT NULL COMMENT 'Mapping with Customer table',
  `total_amount` double NOT NULL,
  `total_quantity` int(30) NOT NULL,
  `discount_amount` double NOT NULL,
  `transaction_date` date NOT NULL,
  `transaction_time` varchar(20) NOT NULL,
  `transaction_status` varchar(20) NOT NULL DEFAULT 'Pending',
  `last_update` datetime NOT NULL,
  `last_update_by` int(11) NOT NULL COMMENT 'Mapping with User table',
  `accept_date` date NOT NULL,
  `accept_time` time NOT NULL,
  `cancel_date` date NOT NULL,
  `cancel_time` time NOT NULL,
  `remark` varchar(100) NOT NULL,
  PRIMARY KEY (`transaction_id`)
) ENGINE=InnoDB AUTO_INCREMENT=415 DEFAULT CHARSET=latin1 COLLATE=latin1_swedish_ci;

--
-- Dumping data for table `tbl_transaction`
--

INSERT INTO `tbl_transaction` VALUES (1,'R00001',1,160,4,0,'2022-05-29','07:15:03','Reject','0000-00-00 00:00:00',0,'0000-00-00','00:00:00','2022-05-29','07:17:04','replacement me20 1'),(2,'R00002',4,1110,5,0,'2022-05-31','10:36:48','Reject','0000-00-00 00:00:00',0,'0000-00-00','00:00:00','2022-05-31','13:21:27','replacement me 20-1'),(3,'R00003',2,400,10,0,'2022-06-02','12:48:20','Reject','0000-00-00 00:00:00',0,'0000-00-00','00:00:00','2022-06-05','17:58:42','replacement a1 1'),(4,'R00004',6,520,4,0,'2022-06-02','13:10:58','Reject','0000-00-00 00:00:00',0,'0000-00-00','00:00:00','2022-06-05','17:58:55',''),(5,'R00005',2,750,5,0,'2022-06-02','13:14:00','Reject','0000-00-00 00:00:00',0,'0000-00-00','00:00:00','2022-06-05','17:59:07',''),(6,'R00006',2,3500,1,0,'2022-06-02','14:00:23','Reject','0000-00-00 00:00:00',0,'0000-00-00','00:00:00','2022-06-05','17:59:39',''),(7,'R00007',25,2050,17,0,'2022-06-03','11:34:26','Reject','0000-00-00 00:00:00',0,'0000-00-00','00:00:00','2022-06-05','18:00:11','replacement me 20_1 '),(8,'R00008',29,1300,10,0,'2022-06-03','12:35:24','Reject','0000-00-00 00:00:00',0,'0000-00-00','00:00:00','2022-12-22','00:00:00','scheme price 60rupees\n'),(9,'R00009',30,2130,12,0,'2022-06-03','13:14:52','Reject','0000-00-00 00:00:00',0,'0000-00-00','00:00:00','2022-12-22','00:00:00',''),(10,'R00010',32,700,2,0,'2022-06-03','13:19:11','Pending','0000-00-00 00:00:00',0,'0000-00-00','00:00:00','0000-00-00','00:00:00','please sand monday'),(11,'R00011',35,600,1,0,'2022-06-03','13:44:18','Pending','0000-00-00 00:00:00',0,'0000-00-00','00:00:00','0000-00-00','00:00:00',''),(12,'R00012',36,950,7,0,'2022-06-03','14:15:27','Pending','0000-00-00 00:00:00',0,'0000-00-00','00:00:00','0000-00-00','00:00:00',''),(13,'R00013',37,4500,22,0,'2022-06-03','15:01:16','Pending','0000-00-00 00:00:00',0,'0000-00-00','00:00:00','0000-00-00','00:00:00','scheme me h \n'),(14,'R00014',42,1000,20,0,'2022-06-04','12:04:01','Pending','0000-00-00 00:00:00',0,'0000-00-00','00:00:00','0000-00-00','00:00:00','scheme me'),(15,'R00015',44,1500,14,0,'2022-06-04','12:39:43','Pending','0000-00-00 00:00:00',0,'0000-00-00','00:00:00','0000-00-00','00:00:00','monday \n'),(16,'R00016',45,3900,110,0,'2022-06-04','13:52:21','Pending','0000-00-00 00:00:00',0,'0000-00-00','00:00:00','0000-00-00','00:00:00',''),(17,'R00017',47,700,2,0,'2022-06-04','15:13:07','Pending','0000-00-00 00:00:00',0,'0000-00-00','00:00:00','0000-00-00','00:00:00','cr102=5×35=175\ndue 300 lena ha '),(18,'R00018',48,1300,10,0,'2022-06-04','15:30:11','Pending','0000-00-00 00:00:00',0,'0000-00-00','00:00:00','0000-00-00','00:00:00','scheme me \n'),(19,'R00019',54,2550,25,0,'2022-06-06','11:49:14','Pending','0000-00-00 00:00:00',0,'0000-00-00','00:00:00','0000-00-00','00:00:00','riplesment bhi hai'),(20,'R00020',55,2100,6,0,'2022-06-06','12:05:23','Pending','0000-00-00 00:00:00',0,'0000-00-00','00:00:00','0000-00-00','00:00:00','replesment bhi hai\n'),(21,'R00021',57,3450,17,0,'2022-06-06','12:27:51','Pending','0000-00-00 00:00:00',0,'0000-00-00','00:00:00','0000-00-00','00:00:00','accessires'),(22,'R00022',58,1050,3,0,'2022-06-06','12:50:14','Pending','0000-00-00 00:00:00',0,'0000-00-00','00:00:00','0000-00-00','00:00:00',''),(23,'R00023',61,2500,50,0,'2022-06-06','14:11:27','Reject','0000-00-00 00:00:00',0,'0000-00-00','00:00:00','2022-06-08','10:38:20','replacment bi hai '),(24,'R00024',61,480,4,0,'2022-06-06','14:15:26','Pending','0000-00-00 00:00:00',0,'0000-00-00','00:00:00','0000-00-00','00:00:00',''),(25,'R00025',63,600,3,0,'2022-06-06','14:18:36','Pending','0000-00-00 00:00:00',0,'0000-00-00','00:00:00','0000-00-00','00:00:00',''),(26,'R00026',63,1100,4,0,'2022-06-06','14:19:18','Pending','0000-00-00 00:00:00',0,'0000-00-00','00:00:00','0000-00-00','00:00:00',''),(27,'R00027',64,3550,53,0,'2022-06-06','14:29:21','Pending','0000-00-00 00:00:00',0,'0000-00-00','00:00:00','0000-00-00','00:00:00','represent beat 03=1pic\n'),(28,'R00028',65,3500,1,0,'2022-06-06','14:43:48','Pending','0000-00-00 00:00:00',0,'0000-00-00','00:00:00','0000-00-00','00:00:00',''),(29,'R00029',66,1854,2,0,'2022-06-06','15:24:10','Pending','0000-00-00 00:00:00',0,'0000-00-00','00:00:00','0000-00-00','00:00:00','cash'),(30,'R00030',67,3000,20,0,'2022-06-06','15:47:30','Pending','0000-00-00 00:00:00',0,'0000-00-00','00:00:00','0000-00-00','00:00:00','riplesment bhi bhej de na Peuple jma hai\n'),(31,'R00031',68,2160,17,0,'2022-06-06','16:10:33','Pending','0000-00-00 00:00:00',0,'0000-00-00','00:00:00','0000-00-00','00:00:00','me024=2× 120=240\n'),(32,'R00032',70,2100,6,0,'2022-06-06','16:26:57','Pending','0000-00-00 00:00:00',0,'0000-00-00','00:00:00','0000-00-00','00:00:00','रिपà¥लेसमेंट bhi भेजना\n'),(33,'R00033',73,780,6,0,'2022-06-07','11:01:33','Pending','0000-00-00 00:00:00',0,'0000-00-00','00:00:00','0000-00-00','00:00:00','600/- denge\n'),(34,'R00034',75,2750,10,0,'2022-06-07','11:25:36','Pending','0000-00-00 00:00:00',0,'0000-00-00','00:00:00','0000-00-00','00:00:00',''),(35,'R00035',43,1690,7,0,'2022-06-07','12:04:01','Pending','0000-00-00 00:00:00',0,'0000-00-00','00:00:00','0000-00-00','00:00:00','\ndue rahega'),(36,'R00036',5,250,5,0,'2022-06-07','12:35:00','Pending','0000-00-00 00:00:00',0,'0000-00-00','00:00:00','0000-00-00','00:00:00','replacement\nA2=1pes\ndue 460 Lena Ha \n'),(37,'R00037',86,948,4,0,'2022-06-07','14:06:58','Pending','0000-00-00 00:00:00',0,'0000-00-00','00:00:00','0000-00-00','00:00:00',''),(38,'R00038',88,700,1,0,'2022-06-07','15:40:49','Pending','0000-00-00 00:00:00',0,'0000-00-00','00:00:00','0000-00-00','00:00:00','fixing\n'),(39,'R00039',72,240,2,0,'2022-06-08','10:06:11','Reject','0000-00-00 00:00:00',0,'0000-00-00','00:00:00','2022-06-08','10:37:58',''),(40,'R00040',68,1300,10,0,'2022-06-08','11:18:33','Accept','0000-00-00 00:00:00',0,'2022-06-08','11:19:06','0000-00-00','00:00:00',''),(41,'R00041',4,50,1,0,'2022-06-08','11:19:43','Accept','0000-00-00 00:00:00',0,'2022-06-08','11:20:03','0000-00-00','00:00:00',''),(42,'R00042',92,1980,6,0,'2022-06-08','11:26:34','Accept','0000-00-00 00:00:00',0,'2022-06-08','11:29:11','0000-00-00','00:00:00',''),(43,'R00043',94,1000,7,0,'2022-06-08','12:05:42','Accept','0000-00-00 00:00:00',0,'2022-06-08','12:13:56','0000-00-00','00:00:00',''),(44,'R00044',93,4480,16,0,'2022-06-08','12:51:38','Accept','0000-00-00 00:00:00',0,'2022-06-08','13:03:17','0000-00-00','00:00:00','2 pic riplesment \n'),(45,'R00045',95,700,2,0,'2022-06-08','13:24:38','Accept','0000-00-00 00:00:00',0,'2022-06-08','16:48:36','0000-00-00','00:00:00','aaye jab bhej Dena '),(46,'R00046',95,330,3,0,'2022-06-08','13:27:50','Accept','0000-00-00 00:00:00',0,'2022-06-08','16:48:15','0000-00-00','00:00:00',''),(47,'R00047',99,1320,5,0,'2022-06-08','14:19:59','Accept','0000-00-00 00:00:00',0,'2022-06-08','16:48:07','0000-00-00','00:00:00','scheme me'),(48,'R00048',101,450,5,0,'2022-06-08','14:29:07','Accept','0000-00-00 00:00:00',0,'2022-06-08','14:41:31','0000-00-00','00:00:00','white'),(49,'R00049',102,700,1,0,'2022-06-08','15:01:19','Accept','0000-00-00 00:00:00',0,'2022-06-08','16:47:57','0000-00-00','00:00:00','black colour'),(50,'R00050',105,240,2,0,'2022-06-08','17:03:11','Accept','0000-00-00 00:00:00',0,'2022-06-08','18:03:55','0000-00-00','00:00:00',''),(51,'R00051',106,430,8,0,'2022-06-08','17:05:15','Accept','0000-00-00 00:00:00',0,'2022-06-08','18:00:07','0000-00-00','00:00:00',''),(52,'R00052',108,1050,3,0,'2022-06-09','10:32:18','Accept','0000-00-00 00:00:00',0,'2022-06-09','12:32:01','0000-00-00','00:00:00','replesment\n'),(53,'R00053',114,5720,26,0,'2022-06-09','12:01:01','Accept','0000-00-00 00:00:00',0,'2022-06-09','12:31:42','0000-00-00','00:00:00','old payment 8000/- aa gya hai\n'),(54,'R00054',116,275,5,0,'2022-06-09','14:26:16','Accept','0000-00-00 00:00:00',0,'2022-06-09','16:05:00','0000-00-00','00:00:00',''),(55,'R00055',70,775,5,0,'2022-06-09','17:16:47','Reject','0000-00-00 00:00:00',0,'0000-00-00','00:00:00','2023-01-23','10:29:49','mix colour'),(56,'R00056',121,660,9,0,'2022-06-10','14:57:48','Accept','0000-00-00 00:00:00',0,'2022-06-17','09:44:04','0000-00-00','00:00:00','foxin'),(57,'R00057',121,2500,5,0,'2022-06-10','14:59:19','Accept','0000-00-00 00:00:00',0,'2022-06-10','18:52:53','0000-00-00','00:00:00','foxin'),(58,'R00058',122,660,3,0,'2022-06-10','16:54:01','Accept','0000-00-00 00:00:00',0,'2022-06-10','18:52:43','0000-00-00','00:00:00',''),(59,'R00059',123,5640,67,0,'2022-06-10','17:21:32','Accept','0000-00-00 00:00:00',0,'2022-06-10','18:52:29','0000-00-00','00:00:00',''),(60,'R00060',54,1600,8,0,'2022-06-13','11:06:08','Accept','0000-00-00 00:00:00',0,'2022-06-13','12:43:23','0000-00-00','00:00:00','a1 riplesment'),(61,'R00061',55,1540,11,0,'2022-06-13','11:16:46','Accept','0000-00-00 00:00:00',0,'2022-06-13','12:43:12','0000-00-00','00:00:00','riplesment bhi'),(62,'R00062',124,1750,20,0,'2022-06-13','13:14:28','Accept','0000-00-00 00:00:00',0,'2022-06-13','13:55:20','0000-00-00','00:00:00','akai'),(63,'R00063',58,1200,12,0,'2022-06-13','13:17:45','Accept','0000-00-00 00:00:00',0,'2022-06-13','13:54:04','0000-00-00','00:00:00',''),(64,'R00064',125,3700,40,0,'2022-06-13','14:39:16','Accept','0000-00-00 00:00:00',0,'2022-06-13','16:49:41','0000-00-00','00:00:00','Akai\n.'),(65,'R00065',126,550,10,0,'2022-06-13','16:05:39','Accept','0000-00-00 00:00:00',0,'2022-06-13','16:49:34','0000-00-00','00:00:00','akai'),(66,'R00066',78,940,2,0,'2022-06-14','11:32:24','Accept','0000-00-00 00:00:00',0,'2022-06-14','15:32:09','0000-00-00','00:00:00',''),(67,'R00067',128,2300,35,0,'2022-06-14','11:40:00','Accept','0000-00-00 00:00:00',0,'2022-06-14','15:31:53','0000-00-00','00:00:00','Cash'),(68,'R00068',79,1310,3,0,'2022-06-14','11:48:07','Accept','0000-00-00 00:00:00',0,'2022-06-14','15:31:26','0000-00-00','00:00:00','2%cd'),(69,'R00069',81,7470,21,0,'2022-06-14','12:25:08','Accept','0000-00-00 00:00:00',0,'2022-06-14','12:59:46','0000-00-00','00:00:00','10%cd aaye jab bhej dena\n'),(70,'R00070',83,600,10,0,'2022-06-14','12:34:17','Accept','0000-00-00 00:00:00',0,'2022-06-14','12:59:07','0000-00-00','00:00:00','n.h.phone center'),(71,'R00071',130,600,10,0,'2022-06-14','13:31:41','Accept','0000-00-00 00:00:00',0,'2022-06-14','15:30:06','0000-00-00','00:00:00','akai'),(72,'R00072',131,5005,67,0,'2022-06-14','15:00:47','Accept','0000-00-00 00:00:00',0,'2022-06-14','15:31:01','0000-00-00','00:00:00','5percent scheme '),(73,'R00073',93,4000,20,0,'2022-06-15','12:23:38','Accept','0000-00-00 00:00:00',0,'2022-06-17','09:42:01','0000-00-00','00:00:00',''),(74,'R00074',132,2140,22,0,'2022-06-15','13:32:40','Accept','0000-00-00 00:00:00',0,'2022-06-15','13:37:58','0000-00-00','00:00:00','50ke hisab se'),(75,'R00075',79,700,2,0,'2022-06-15','18:42:23','Accept','0000-00-00 00:00:00',0,'2022-06-15','18:42:52','0000-00-00','00:00:00','2percent cd'),(76,'R00076',133,360,6,0,'2022-06-16','09:59:48','Accept','0000-00-00 00:00:00',0,'2022-06-16','10:19:29','0000-00-00','00:00:00','cu600 =6pic bhi'),(77,'R00077',29,650,6,0,'2022-06-16','11:45:35','Accept','0000-00-00 00:00:00',0,'2022-06-16','00:00:00','0000-00-00','00:00:00',''),(78,'R00078',47,600,4,0,'2022-06-16','19:05:05','Reject','0000-00-00 00:00:00',0,'0000-00-00','00:00:00','2022-06-17','13:06:04','payment  Due'),(79,'R00079',30,6000,9,0,'2022-06-17','12:21:51','Accept','0000-00-00 00:00:00',0,'2022-06-17','13:05:05','0000-00-00','00:00:00','c.d. baad me lenge'),(80,'R00080',120,800,10,0,'2022-06-17','12:35:44','Accept','0000-00-00 00:00:00',0,'2022-06-17','13:04:45','0000-00-00','00:00:00',''),(81,'R00081',79,450,2,0,'2022-06-17','13:41:57','Accept','0000-00-00 00:00:00',0,'2022-06-17','15:29:48','0000-00-00','00:00:00','2%cd'),(82,'R00082',134,840,6,0,'2022-06-17','14:00:56','Accept','0000-00-00 00:00:00',0,'2022-06-17','15:29:35','0000-00-00','00:00:00','foxin'),(83,'R00083',135,1050,3,0,'2022-06-18','12:03:02','Accept','0000-00-00 00:00:00',0,'2022-06-18','14:21:41','0000-00-00','00:00:00',''),(84,'R00084',136,1100,20,0,'2022-06-18','12:58:34','Accept','0000-00-00 00:00:00',0,'2022-06-18','14:21:28','0000-00-00','00:00:00',''),(85,'R00085',137,720,12,0,'2022-06-18','14:58:04','Accept','0000-00-00 00:00:00',0,'2022-06-19','09:28:08','0000-00-00','00:00:00',''),(86,'R00086',138,1850,30,0,'2022-06-18','15:31:13','Accept','0000-00-00 00:00:00',0,'2022-06-19','09:27:54','0000-00-00','00:00:00',''),(87,'R00087',54,1220,2,0,'2022-06-20','10:53:16','Accept','0000-00-00 00:00:00',0,'2022-06-20','11:55:46','0000-00-00','00:00:00','chek denge'),(88,'R00088',55,1400,2,0,'2022-06-20','11:10:57','Accept','0000-00-00 00:00:00',0,'2022-06-20','11:55:39','0000-00-00','00:00:00',''),(89,'R00089',68,2350,17,0,'2022-06-20','12:00:36','Accept','0000-00-00 00:00:00',0,'2022-06-20','12:05:27','0000-00-00','00:00:00',''),(90,'R00090',68,1370,7,0,'2022-06-20','12:02:16','Accept','0000-00-00 00:00:00',0,'2022-06-20','12:05:21','0000-00-00','00:00:00',''),(91,'R00091',61,700,2,0,'2022-06-20','12:22:18','Accept','0000-00-00 00:00:00',0,'2022-06-20','13:56:34','0000-00-00','00:00:00',''),(92,'R00092',139,625,10,0,'2022-06-20','14:37:33','Accept','0000-00-00 00:00:00',0,'2022-06-20','15:45:41','0000-00-00','00:00:00',''),(93,'R00093',67,3000,2,0,'2022-06-20','14:42:21','Accept','0000-00-00 00:00:00',0,'2022-06-20','14:51:50','0000-00-00','00:00:00',''),(94,'R00094',58,550,10,0,'2022-06-20','14:50:02','Accept','0000-00-00 00:00:00',0,'2022-06-20','14:51:39','0000-00-00','00:00:00',''),(95,'R00095',140,1040,8,0,'2022-06-20','15:10:27','Accept','0000-00-00 00:00:00',0,'2022-06-20','15:45:58','0000-00-00','00:00:00',''),(96,'R00096',68,4620,40,0,'2022-06-20','17:41:46','Accept','0000-00-00 00:00:00',0,'2022-06-20','17:43:02','0000-00-00','00:00:00','due 2000 lena ha \n'),(97,'R00097',129,3500,10,0,'2022-06-21','14:53:22','Accept','0000-00-00 00:00:00',0,'2022-06-21','15:06:51','0000-00-00','00:00:00','due'),(98,'R00098',85,1900,4,0,'2022-06-21','15:20:12','Accept','0000-00-00 00:00:00',0,'2022-06-21','15:35:18','0000-00-00','00:00:00','arihant tedars nahrgad'),(99,'R00099',141,740,2,0,'2022-06-21','16:52:54','Accept','0000-00-00 00:00:00',0,'2022-06-21','17:36:41','0000-00-00','00:00:00',''),(100,'R00100',101,1420,13,0,'2022-06-22','11:16:21','Accept','0000-00-00 00:00:00',0,'2022-06-22','14:22:40','0000-00-00','00:00:00',''),(101,'R00101',119,2440,31,0,'2022-06-22','12:00:14','Accept','0000-00-00 00:00:00',0,'2022-06-22','14:22:47','0000-00-00','00:00:00','hello india '),(102,'R00102',118,1170,13,0,'2022-06-22','12:53:30','Accept','0000-00-00 00:00:00',0,'2022-06-22','14:23:01','0000-00-00','00:00:00','2%cd\n'),(103,'R00103',114,1500,1,0,'2022-06-22','15:05:50','Accept','0000-00-00 00:00:00',0,'2022-06-23','12:59:13','0000-00-00','00:00:00','k2 purana de diya tha wo bhi new bhej dena meen le Liya hai\n'),(104,'R00104',116,700,2,0,'2022-06-23','09:49:44','Reject','0000-00-00 00:00:00',0,'0000-00-00','00:00:00','2022-06-23','12:58:58','fast delivery'),(105,'R00105',143,300,2,0,'2022-06-23','14:21:42','Accept','0000-00-00 00:00:00',0,'2022-06-23','17:15:50','0000-00-00','00:00:00',''),(106,'R00106',123,1100,5,0,'2022-06-25','14:48:35','Reject','0000-00-00 00:00:00',0,'0000-00-00','00:00:00','2022-06-25','19:16:08',''),(107,'R00107',55,600,1,0,'2022-06-25','18:06:54','Accept','0000-00-00 00:00:00',0,'2022-06-25','19:15:53','0000-00-00','00:00:00','replacement '),(108,'R00108',144,1840,3,0,'2022-06-28','16:25:08','Reject','0000-00-00 00:00:00',0,'0000-00-00','00:00:00','2022-07-04','16:26:00','payment '),(109,'R00109',58,500,10,0,'2022-07-04','12:47:33','Accept','0000-00-00 00:00:00',0,'2022-07-04','16:25:26','0000-00-00','00:00:00',''),(110,'R00110',55,1750,5,0,'2022-07-13','13:40:19','Reject','0000-00-00 00:00:00',0,'0000-00-00','00:00:00','2022-07-13','13:44:31','new order'),(111,'R00111',147,1960,10,0,'2022-07-24','21:24:33','Accept','0000-00-00 00:00:00',0,'2022-07-24','21:42:29','0000-00-00','00:00:00','payment '),(112,'R00112',147,1160,2,0,'2022-07-24','21:28:14','Accept','0000-00-00 00:00:00',0,'2022-07-24','21:42:19','0000-00-00','00:00:00','payment '),(113,'R00113',137,500,10,0,'2022-08-14','14:42:21','Accept','0000-00-00 00:00:00',0,'2022-08-14','15:04:24','0000-00-00','00:00:00',''),(114,'R00114',25,4150,23,0,'2022-08-17','22:26:01','Accept','0000-00-00 00:00:00',0,'2022-08-18','07:08:54','0000-00-00','00:00:00',''),(115,'R00115',147,950,5,0,'2022-08-20','14:09:42','Accept','0000-00-00 00:00:00',0,'2022-08-20','17:10:40','0000-00-00','00:00:00',''),(116,'R00116',147,600,5,0,'2022-08-20','14:11:49','Accept','0000-00-00 00:00:00',0,'2022-08-20','17:10:26','0000-00-00','00:00:00','payment '),(117,'R00117',147,1500,15,0,'2022-09-15','08:16:14','Accept','0000-00-00 00:00:00',0,'2022-09-15','10:35:01','0000-00-00','00:00:00','Payment '),(118,'R00118',147,2900,5,0,'2022-10-03','17:51:25','Accept','0000-00-00 00:00:00',0,'2022-10-07','10:30:48','0000-00-00','00:00:00','payment '),(119,'R00119',147,120,2,0,'2022-10-11','13:02:20','Reject','0000-00-00 00:00:00',0,'0000-00-00','00:00:00','2022-11-11','12:24:32','payment '),(120,'R00120',147,1890,9,0,'2022-11-21','11:23:59','Reject','0000-00-00 00:00:00',0,'0000-00-00','00:00:00','2023-01-03','18:23:29','payment '),(121,'R00121',147,280,2,0,'2022-12-10','18:16:27','Reject','0000-00-00 00:00:00',0,'0000-00-00','00:00:00','2023-01-03','12:26:54','payment '),(122,'R00122',147,700,1,0,'2022-12-14','14:59:42','Accept','0000-00-00 00:00:00',0,'2022-12-14','18:43:10','0000-00-00','00:00:00','payment '),(123,'R00123',153,600,5,0,'2022-12-27','12:36:36','Reject','0000-00-00 00:00:00',0,'0000-00-00','00:00:00','2022-12-29','16:31:04','b1 1 replace. 28 ko bhejna'),(124,'R00124',156,1640,10,0,'2022-12-30','11:36:40','Accept','0000-00-00 00:00:00',0,'2022-12-30','11:38:43','0000-00-00','00:00:00','2 tarikh ko bhejna'),(125,'R00125',157,650,5,0,'2023-01-02','13:41:21','Accept','0000-00-00 00:00:00',0,'2023-01-02','13:47:26','0000-00-00','00:00:00',''),(126,'R00126',60,700,1,0,'2023-01-02','13:53:30','Accept','0000-00-00 00:00:00',0,'2023-01-02','14:03:46','0000-00-00','00:00:00',''),(127,'R00127',61,1350,3,0,'2023-01-02','14:51:13','Accept','0000-00-00 00:00:00',0,'2023-01-02','14:55:15','0000-00-00','00:00:00','black bhejna hai 111\n'),(128,'R00128',160,2750,12,0,'2023-01-02','15:22:01','Accept','0000-00-00 00:00:00',0,'2023-01-02','15:30:07','0000-00-00','00:00:00',''),(129,'R00129',161,1200,15,0,'2023-01-03','11:16:18','Accept','0000-00-00 00:00:00',0,'2023-01-03','11:27:13','0000-00-00','00:00:00',''),(130,'R00130',74,1000,10,0,'2023-01-03','11:45:16','Reject','0000-00-00 00:00:00',0,'0000-00-00','00:00:00','2023-01-03','12:26:34',''),(131,'R00131',162,1600,4,0,'2023-01-03','12:05:57','Accept','0000-00-00 00:00:00',0,'2023-01-03','12:26:17','0000-00-00','00:00:00','due'),(132,'R00132',75,2250,5,0,'2023-01-03','12:19:39','Accept','0000-00-00 00:00:00',0,'2023-01-03','12:26:02','0000-00-00','00:00:00','due '),(133,'R00133',43,1350,25,0,'2023-01-03','12:39:15','Accept','0000-00-00 00:00:00',0,'2023-01-03','12:49:28','0000-00-00','00:00:00',''),(134,'R00134',43,600,2,0,'2023-01-03','12:42:03','Accept','0000-00-00 00:00:00',0,'2023-01-03','12:49:12','0000-00-00','00:00:00','2 bill ho gye 1 jgha hi bna ke bhej dena\n'),(135,'R00135',163,4000,10,0,'2023-01-03','13:35:06','Accept','0000-00-00 00:00:00',0,'2023-01-03','14:12:05','0000-00-00','00:00:00',''),(136,'R00136',164,1700,4,0,'2023-01-03','14:32:12','Accept','0000-00-00 00:00:00',0,'2023-01-03','15:15:45','0000-00-00','00:00:00','due 790lena ha'),(137,'R00137',165,400,5,0,'2023-01-03','16:07:42','Accept','0000-00-00 00:00:00',0,'2023-01-03','16:08:42','0000-00-00','00:00:00',' 5 tarikh ko bhejna'),(138,'R00138',166,6030,29,0,'2023-01-03','16:59:43','Accept','0000-00-00 00:00:00',0,'2023-01-03','17:42:32','0000-00-00','00:00:00',''),(139,'R00139',167,2050,20,0,'2023-01-03','17:49:34','Accept','0000-00-00 00:00:00',0,'2023-01-03','18:23:13','0000-00-00','00:00:00',''),(140,'R00140',168,4230,13,0,'2023-01-04','11:15:38','Accept','0000-00-00 00:00:00',0,'2023-01-04','11:34:37','0000-00-00','00:00:00','parchi se bill bnana pura ordar usme hai'),(141,'R00141',169,1300,15,0,'2023-01-04','12:15:24','Accept','0000-00-00 00:00:00',0,'2023-01-04','12:24:32','0000-00-00','00:00:00','ye payment cash denge'),(142,'R00142',170,3720,22,0,'2023-01-04','13:16:54','Accept','0000-00-00 00:00:00',0,'2023-01-04','13:19:20','0000-00-00','00:00:00',''),(143,'R00143',97,800,4,0,'2023-01-04','14:07:45','Accept','0000-00-00 00:00:00',0,'2023-01-04','14:15:24','0000-00-00','00:00:00',''),(144,'R00144',108,2400,3,0,'2023-01-05','10:55:01','Accept','0000-00-00 00:00:00',0,'2023-01-05','12:55:05','0000-00-00','00:00:00','400/-denge\n'),(145,'R00145',171,2500,30,0,'2023-01-05','11:10:34','Accept','0000-00-00 00:00:00',0,'2023-01-05','12:52:55','0000-00-00','00:00:00','1000/denge'),(146,'R00146',172,15950,127,0,'2023-01-05','11:58:33','Accept','0000-00-00 00:00:00',0,'2023-01-05','12:51:42','0000-00-00','00:00:00','10%cd 13/1/23 ko call Karen bhejna'),(147,'R00147',173,2100,25,0,'2023-01-05','12:38:16','Accept','0000-00-00 00:00:00',0,'2023-01-05','12:51:27','0000-00-00','00:00:00','due 600 lena ha '),(148,'R00148',174,700,2,0,'2023-01-05','13:22:44','Accept','0000-00-00 00:00:00',0,'2023-01-05','13:29:56','0000-00-00','00:00:00',''),(149,'R00149',175,1550,8,0,'2023-01-05','13:58:30','Accept','0000-00-00 00:00:00',0,'2023-01-05','14:29:28','0000-00-00','00:00:00',''),(150,'R00150',176,1890,13,0,'2023-01-05','14:24:50','Accept','0000-00-00 00:00:00',0,'2023-01-05','14:29:15','0000-00-00','00:00:00',''),(151,'R00151',177,540,6,0,'2023-01-05','15:24:53','Accept','0000-00-00 00:00:00',0,'2023-01-05','15:30:56','0000-00-00','00:00:00',''),(152,'R00152',178,700,2,0,'2023-01-05','16:47:23','Accept','0000-00-00 00:00:00',0,'2023-01-05','17:29:49','0000-00-00','00:00:00',''),(153,'R00153',122,1800,7,0,'2023-01-05','16:57:47','Accept','0000-00-00 00:00:00',0,'2023-01-05','17:29:41','0000-00-00','00:00:00','replacement\nfoxbeat 107\nbt112black \nkrz2=Black\ndue 1,280jm\nDue amount 4,000/-\n'),(154,'R00154',179,1400,2,0,'2023-01-05','18:16:29','Accept','0000-00-00 00:00:00',0,'2023-01-05','18:18:42','0000-00-00','00:00:00',''),(155,'R00155',174,600,1,0,'2023-01-05','18:38:56','Accept','0000-00-00 00:00:00',0,'2023-01-05','18:40:10','0000-00-00','00:00:00',''),(156,'R00156',180,1150,7,0,'2023-01-06','12:47:19','Accept','0000-00-00 00:00:00',0,'2023-01-06','13:55:18','0000-00-00','00:00:00',''),(157,'R00157',181,1200,10,0,'2023-01-06','14:19:11','Accept','0000-00-00 00:00:00',0,'2023-01-06','14:21:34','0000-00-00','00:00:00',''),(158,'R00158',182,1700,4,0,'2023-01-06','14:21:28','Accept','0000-00-00 00:00:00',0,'2023-01-06','14:21:51','0000-00-00','00:00:00','due 2236lena ha'),(159,'R00159',175,700,1,0,'2023-01-06','15:02:22','Accept','0000-00-00 00:00:00',0,'2023-01-06','17:15:33','0000-00-00','00:00:00',''),(160,'R00160',183,600,10,0,'2023-01-06','16:05:17','Accept','0000-00-00 00:00:00',0,'2023-01-06','17:15:27','0000-00-00','00:00:00',''),(161,'R00161',184,1355,13,0,'2023-01-06','17:02:33','Accept','0000-00-00 00:00:00',0,'2023-01-06','17:15:51','0000-00-00','00:00:00',''),(162,'R00162',185,530,7,0,'2023-01-06','17:15:39','Accept','0000-00-00 00:00:00',0,'2023-01-06','17:46:23','0000-00-00','00:00:00',''),(163,'R00163',120,1800,12,0,'2023-01-07','12:17:43','Accept','0000-00-00 00:00:00',0,'2023-01-07','12:32:45','0000-00-00','00:00:00','old payment denge 1200\n'),(164,'R00164',186,1060,8,0,'2023-01-07','14:11:38','Accept','0000-00-00 00:00:00',0,'2023-01-07','14:38:32','0000-00-00','00:00:00','due aa gya ha '),(165,'R00165',187,750,5,0,'2023-01-07','14:57:10','Accept','0000-00-00 00:00:00',0,'2023-01-07','16:36:16','0000-00-00','00:00:00',''),(166,'R00166',188,2000,13,0,'2023-01-07','16:45:06','Accept','0000-00-00 00:00:00',0,'2023-01-07','16:52:47','0000-00-00','00:00:00','due 700lena ha '),(167,'R00167',189,3050,7,0,'2023-01-09','11:52:23','Accept','0000-00-00 00:00:00',0,'2023-01-09','11:56:16','0000-00-00','00:00:00','650 wale me dono bhejna'),(168,'R00168',58,1400,3,0,'2023-01-09','11:57:57','Accept','0000-00-00 00:00:00',0,'2023-01-09','12:07:03','0000-00-00','00:00:00','13/1/2023'),(169,'R00169',59,1560,8,0,'2023-01-09','12:14:18','Accept','0000-00-00 00:00:00',0,'2023-01-09','12:21:43','0000-00-00','00:00:00',''),(170,'R00170',160,1100,1,0,'2023-01-09','13:05:20','Accept','0000-00-00 00:00:00',0,'2023-01-09','15:12:31','0000-00-00','00:00:00',''),(171,'R00171',60,750,5,0,'2023-01-09','13:45:16','Accept','0000-00-00 00:00:00',0,'2023-01-09','15:12:17','0000-00-00','00:00:00',''),(172,'R00172',190,3000,20,0,'2023-01-09','13:59:55','Accept','0000-00-00 00:00:00',0,'2023-01-09','15:12:04','0000-00-00','00:00:00',''),(173,'R00173',158,1150,10,0,'2023-01-09','15:17:02','Accept','0000-00-00 00:00:00',0,'2023-01-09','17:08:59','0000-00-00','00:00:00',''),(174,'R00174',127,5900,8,0,'2023-01-09','16:48:45','Accept','0000-00-00 00:00:00',0,'2023-01-09','17:09:45','0000-00-00','00:00:00','please deliver on 16 January .'),(175,'R00175',174,700,15,0,'2023-01-09','22:59:46','Accept','0000-00-00 00:00:00',0,'2023-01-10','06:15:40','0000-00-00','00:00:00',''),(176,'R00176',73,1070,4,0,'2023-01-10','10:28:29','Accept','0000-00-00 00:00:00',0,'2023-01-10','10:48:18','0000-00-00','00:00:00','1500/-denge cash'),(177,'R00177',128,2300,35,0,'2023-01-10','11:44:16','Accept','0000-00-00 00:00:00',0,'2023-01-10','11:54:46','0000-00-00','00:00:00','cash 2'),(178,'R00178',191,2700,7,0,'2023-01-10','12:16:30','Accept','0000-00-00 00:00:00',0,'2023-01-10','13:24:39','0000-00-00','00:00:00',''),(179,'R00179',191,970,4,0,'2023-01-10','12:26:12','Accept','0000-00-00 00:00:00',0,'2023-01-10','13:24:51','0000-00-00','00:00:00',''),(180,'R00180',192,6350,45,0,'2023-01-10','13:02:18','Accept','0000-00-00 00:00:00',0,'2023-01-10','13:25:35','0000-00-00','00:00:00','Monday ko call karke bhejna\n'),(181,'R00181',163,1800,40,0,'2023-01-10','14:21:21','Accept','0000-00-00 00:00:00',0,'2023-01-10','14:35:07','0000-00-00','00:00:00',''),(182,'R00182',168,1750,15,0,'2023-01-11','10:09:47','Accept','0000-00-00 00:00:00',0,'2023-01-11','00:00:00','0000-00-00','00:00:00','due rahega'),(183,'R00183',169,3700,22,0,'2023-01-11','10:51:33','Accept','0000-00-00 00:00:00',0,'2023-01-11','11:56:54','0000-00-00','00:00:00','1730/- denge'),(184,'R00184',101,3290,29,0,'2023-01-11','12:07:51','Accept','0000-00-00 00:00:00',0,'2023-01-11','13:03:41','0000-00-00','00:00:00','16 ko bhejna Purana payment de fence\n'),(185,'R00185',193,1800,2,0,'2023-01-11','14:11:17','Accept','0000-00-00 00:00:00',0,'2023-01-11','15:43:09','0000-00-00','00:00:00',''),(186,'R00186',117,6375,31,0,'2023-01-12','12:34:58','Accept','0000-00-00 00:00:00',0,'2023-01-12','13:07:59','0000-00-00','00:00:00','5%cd cash payment 16ko bhejna'),(187,'R00187',118,900,10,0,'2023-01-12','12:56:20','Accept','0000-00-00 00:00:00',0,'2023-01-12','13:09:02','0000-00-00','00:00:00',''),(188,'R00188',71,700,10,0,'2023-01-12','15:01:13','Accept','0000-00-00 00:00:00',0,'2023-01-13','12:19:58','0000-00-00','00:00:00','AU500=1PES Rep'),(189,'R00189',180,450,5,0,'2023-01-13','12:02:34','Accept','0000-00-00 00:00:00',0,'2023-01-13','12:20:11','0000-00-00','00:00:00',''),(190,'R00190',194,900,10,0,'2023-01-13','14:31:23','Accept','0000-00-00 00:00:00',0,'2023-01-13','15:00:21','0000-00-00','00:00:00',''),(191,'R00191',195,1350,2,0,'2023-01-13','15:43:59','Accept','0000-00-00 00:00:00',0,'2023-01-13','15:47:43','0000-00-00','00:00:00',''),(192,'R00192',98,1355,9,0,'2023-01-16','10:56:41','Accept','0000-00-00 00:00:00',0,'2023-01-16','11:24:37','0000-00-00','00:00:00',''),(193,'R00193',196,650,20,0,'2023-01-16','12:53:14','Accept','0000-00-00 00:00:00',0,'2023-01-16','13:50:26','0000-00-00','00:00:00',''),(194,'R00194',160,2150,7,0,'2023-01-16','13:15:22','Accept','0000-00-00 00:00:00',0,'2023-01-16','13:42:15','0000-00-00','00:00:00',''),(195,'R00195',166,500,10,0,'2023-01-16','16:03:24','Accept','0000-00-00 00:00:00',0,'2023-01-16','16:26:55','0000-00-00','00:00:00',''),(196,'R00196',197,500,3,0,'2023-01-16','16:44:29','Accept','0000-00-00 00:00:00',0,'2023-01-16','17:28:17','0000-00-00','00:00:00',''),(197,'R00197',162,540,6,0,'2023-01-17','11:18:22','Accept','0000-00-00 00:00:00',0,'2023-01-17','11:25:39','0000-00-00','00:00:00','1000 aa gye 600de denge maal layega jab'),(198,'R00198',85,1800,20,0,'2023-01-17','12:44:02','Accept','0000-00-00 00:00:00',0,'2023-01-17','12:48:43','0000-00-00','00:00:00','old aa gya ye due rahega\n'),(199,'R00199',198,2850,16,0,'2023-01-17','13:21:17','Accept','0000-00-00 00:00:00',0,'2023-01-17','13:53:45','0000-00-00','00:00:00',''),(200,'R00200',199,3600,6,0,'2023-01-17','13:43:01','Accept','0000-00-00 00:00:00',0,'2023-01-17','13:53:29','0000-00-00','00:00:00',''),(201,'R00201',181,675,10,0,'2023-01-17','14:12:27','Accept','0000-00-00 00:00:00',0,'2023-01-17','17:21:04','0000-00-00','00:00:00',''),(202,'R00202',200,2580,20,0,'2023-01-17','14:13:58','Accept','0000-00-00 00:00:00',0,'2023-01-17','17:19:26','0000-00-00','00:00:00','19-1-23'),(203,'R00203',201,840,11,0,'2023-01-17','16:48:14','Accept','0000-00-00 00:00:00',0,'2023-01-17','17:19:13','0000-00-00','00:00:00',''),(204,'R00204',201,150,1,0,'2023-01-17','16:57:39','Accept','0000-00-00 00:00:00',0,'2023-01-17','17:18:59','0000-00-00','00:00:00',''),(205,'R00205',202,2100,6,0,'2023-01-17','17:17:01','Accept','0000-00-00 00:00:00',0,'2023-01-17','17:18:48','0000-00-00','00:00:00','20/1/2023'),(206,'R00206',202,600,1,0,'2023-01-17','17:28:53','Accept','0000-00-00 00:00:00',0,'2023-01-17','17:36:10','0000-00-00','00:00:00',''),(207,'R00207',161,900,10,0,'2023-01-17','20:29:05','Accept','0000-00-00 00:00:00',0,'2023-01-18','12:23:40','0000-00-00','00:00:00',''),(208,'R00208',204,750,5,0,'2023-01-18','11:14:17','Accept','0000-00-00 00:00:00',0,'2023-01-18','11:20:47','0000-00-00','00:00:00','number 7062104441'),(209,'R00209',107,1440,6,0,'2023-01-18','12:05:28','Accept','0000-00-00 00:00:00',0,'2023-01-18','12:24:04','0000-00-00','00:00:00',''),(210,'R00210',205,800,2,0,'2023-01-18','13:15:11','Accept','0000-00-00 00:00:00',0,'2023-01-18','13:53:10','0000-00-00','00:00:00',''),(211,'R00211',206,675,8,0,'2023-01-18','14:05:07','Accept','0000-00-00 00:00:00',0,'2023-01-18','16:41:53','0000-00-00','00:00:00',''),(212,'R00212',139,650,5,0,'2023-01-18','15:23:01','Accept','0000-00-00 00:00:00',0,'2023-01-18','16:41:41','0000-00-00','00:00:00',''),(213,'R00213',208,794,3,0,'2023-01-18','15:38:13','Accept','0000-00-00 00:00:00',0,'2023-01-18','16:41:30','0000-00-00','00:00:00',''),(214,'R00214',88,750,10,0,'2023-01-18','16:12:34','Accept','0000-00-00 00:00:00',0,'2023-01-18','16:41:08','0000-00-00','00:00:00',''),(215,'R00215',114,4950,18,0,'2023-01-19','11:49:52','Accept','0000-00-00 00:00:00',0,'2023-01-19','12:33:05','0000-00-00','00:00:00','old chek aa gya hai ye due rahega'),(216,'R00216',113,1618,9,0,'2023-01-19','12:20:25','Accept','0000-00-00 00:00:00',0,'2023-01-19','12:33:14','0000-00-00','00:00:00','due rahega\n'),(217,'R00217',112,1570,8,0,'2023-01-19','12:50:00','Accept','0000-00-00 00:00:00',0,'2023-01-19','13:58:45','0000-00-00','00:00:00','iPhone dog hai 2 pic '),(218,'R00218',108,600,10,0,'2023-01-19','13:03:57','Accept','0000-00-00 00:00:00',0,'2023-01-19','13:59:32','0000-00-00','00:00:00',''),(219,'R00219',110,1200,10,0,'2023-01-19','13:43:36','Accept','0000-00-00 00:00:00',0,'2023-01-19','13:59:12','0000-00-00','00:00:00','old payment denge'),(220,'R00220',176,450,5,0,'2023-01-19','13:55:49','Accept','0000-00-00 00:00:00',0,'2023-01-19','13:58:58','0000-00-00','00:00:00',''),(221,'R00221',141,5430,30,0,'2023-01-19','14:09:57','Accept','0000-00-00 00:00:00',0,'2023-01-19','14:21:42','0000-00-00','00:00:00',''),(222,'R00222',141,600,1,0,'2023-01-19','14:11:35','Accept','0000-00-00 00:00:00',0,'2023-01-19','14:21:35','0000-00-00','00:00:00',''),(223,'R00223',178,520,4,0,'2023-01-19','15:13:31','Accept','0000-00-00 00:00:00',0,'2023-01-19','15:35:06','0000-00-00','00:00:00',''),(224,'R00224',210,540,8,0,'2023-01-19','15:52:08','Accept','0000-00-00 00:00:00',0,'2023-01-19','15:58:20','0000-00-00','00:00:00',''),(225,'R00225',122,300,5,0,'2023-01-19','16:59:48','Accept','0000-00-00 00:00:00',0,'2023-01-19','17:41:24','0000-00-00','00:00:00',''),(226,'R00226',161,450,5,0,'2023-01-20','11:38:50','Accept','0000-00-00 00:00:00',0,'2023-01-20','14:22:46','0000-00-00','00:00:00',''),(227,'R00227',211,1560,3,0,'2023-01-20','12:45:14','Accept','0000-00-00 00:00:00',0,'2023-01-20','14:38:16','0000-00-00','00:00:00','payment denge purana pr ye dono\n'),(228,'R00228',191,3300,2,0,'2023-01-20','14:22:30','Accept','0000-00-00 00:00:00',0,'2023-01-20','14:23:06','0000-00-00','00:00:00','ce 159 1 pcs replacement '),(229,'R00229',212,1100,6,0,'2023-01-20','14:31:18','Accept','0000-00-00 00:00:00',0,'2023-01-20','17:24:51','0000-00-00','00:00:00',''),(230,'R00230',213,600,10,0,'2023-01-20','15:26:25','Accept','0000-00-00 00:00:00',0,'2023-01-20','16:26:35','0000-00-00','00:00:00',''),(231,'R00231',68,3100,12,0,'2023-01-20','16:00:51','Accept','0000-00-00 00:00:00',0,'2023-01-20','16:26:25','0000-00-00','00:00:00',''),(232,'R00232',186,1100,17,0,'2023-01-21','13:50:18','Accept','0000-00-00 00:00:00',0,'2023-01-21','14:42:54','0000-00-00','00:00:00',''),(233,'R00233',98,890,7,0,'2023-01-23','10:29:10','Accept','0000-00-00 00:00:00',0,'2023-01-23','10:30:13','0000-00-00','00:00:00',''),(234,'R00234',54,900,10,0,'2023-01-23','11:58:34','Accept','0000-00-00 00:00:00',0,'2023-01-23','13:01:57','0000-00-00','00:00:00','due '),(235,'R00235',215,2550,3,0,'2023-01-23','13:06:21','Accept','0000-00-00 00:00:00',0,'2023-01-23','13:10:47','0000-00-00','00:00:00',''),(236,'R00236',64,6320,30,0,'2023-01-23','13:15:06','Accept','0000-00-00 00:00:00',0,'2023-01-23','13:27:10','0000-00-00','00:00:00','10% C.D.'),(237,'R00237',5,250,5,0,'2023-01-23','13:19:56','Accept','0000-00-00 00:00:00',0,'2023-01-23','13:27:19','0000-00-00','00:00:00',''),(238,'R00238',216,450,3,0,'2023-01-23','13:38:46','Accept','0000-00-00 00:00:00',0,'2023-01-23','13:42:53','0000-00-00','00:00:00',''),(239,'R00239',217,3300,2,0,'2023-01-23','13:47:24','Accept','0000-00-00 00:00:00',0,'2023-01-23','14:38:37','0000-00-00','00:00:00',''),(240,'R00240',69,1000,5,0,'2023-01-23','13:49:07','Accept','0000-00-00 00:00:00',0,'2023-01-23','14:38:46','0000-00-00','00:00:00','due\n'),(241,'R00241',179,1000,8,0,'2023-01-23','14:31:54','Accept','0000-00-00 00:00:00',0,'2023-01-23','14:38:52','0000-00-00','00:00:00',''),(242,'R00242',74,600,10,0,'2023-01-24','12:20:51','Accept','0000-00-00 00:00:00',0,'2023-01-24','13:47:35','0000-00-00','00:00:00',''),(243,'R00243',204,1380,11,0,'2023-01-25','10:46:40','Accept','0000-00-00 00:00:00',0,'2023-01-25','11:50:02','0000-00-00','00:00:00',''),(244,'R00244',107,700,11,0,'2023-01-25','11:35:28','Accept','0000-00-00 00:00:00',0,'2023-01-25','11:47:48','0000-00-00','00:00:00',''),(245,'R00245',95,1610,7,0,'2023-01-25','12:31:40','Accept','0000-00-00 00:00:00',0,'2023-01-25','12:32:17','0000-00-00','00:00:00','610/-denge'),(246,'R00246',218,1800,30,0,'2023-01-25','13:15:17','Accept','0000-00-00 00:00:00',0,'2023-01-25','13:48:46','0000-00-00','00:00:00',''),(247,'R00247',63,2000,16,0,'2023-01-25','15:10:32','Accept','0000-00-00 00:00:00',0,'2023-01-25','15:39:22','0000-00-00','00:00:00',''),(248,'R00248',205,1000,1,0,'2023-01-25','15:30:03','Accept','0000-00-00 00:00:00',0,'2023-01-25','15:37:01','0000-00-00','00:00:00',''),(249,'R00249',205,210,1,0,'2023-01-25','15:31:41','Accept','0000-00-00 00:00:00',0,'2023-01-25','15:36:48','0000-00-00','00:00:00',''),(250,'R00250',104,660,9,0,'2023-01-25','16:26:47','Accept','0000-00-00 00:00:00',0,'2023-01-25','17:18:21','0000-00-00','00:00:00',''),(251,'R00251',219,630,5,0,'2023-01-25','16:50:12','Accept','0000-00-00 00:00:00',0,'2023-01-25','17:18:00','0000-00-00','00:00:00','29/1/2023'),(252,'R00252',145,3330,7,0,'2023-01-26','10:18:42','Accept','0000-00-00 00:00:00',0,'2023-01-26','10:56:30','0000-00-00','00:00:00','cd deni hai'),(253,'R00253',177,300,5,0,'2023-01-26','14:25:25','Accept','0000-00-00 00:00:00',0,'2023-01-26','14:48:39','0000-00-00','00:00:00',''),(254,'R00254',220,2430,11,0,'2023-01-26','14:56:01','Accept','0000-00-00 00:00:00',0,'2023-01-26','15:05:55','0000-00-00','00:00:00',''),(255,'R00255',182,950,5,0,'2023-01-26','16:30:23','Accept','0000-00-00 00:00:00',0,'2023-01-26','17:38:59','0000-00-00','00:00:00',''),(256,'R00256',202,3500,16,0,'2023-01-28','16:38:41','Accept','0000-00-00 00:00:00',0,'2023-01-28','19:46:41','0000-00-00','00:00:00','bill date =2/2/20233'),(257,'R00257',189,2100,6,0,'2023-01-30','12:23:02','Accept','0000-00-00 00:00:00',0,'2023-01-30','13:45:09','0000-00-00','00:00:00','old payment aa gya ye due rahega\n'),(258,'R00258',189,1100,25,0,'2023-01-30','12:29:45','Accept','0000-00-00 00:00:00',0,'2023-01-30','13:44:51','0000-00-00','00:00:00','due rahega 5 tarik ko payment aa jayega '),(259,'R00259',60,600,5,0,'2023-01-30','14:02:30','Accept','0000-00-00 00:00:00',0,'2023-01-30','15:04:35','0000-00-00','00:00:00',''),(260,'R00260',221,500,3,0,'2023-01-30','16:15:48','Accept','0000-00-00 00:00:00',0,'2023-01-30','16:57:38','0000-00-00','00:00:00',''),(261,'R00261',104,600,1,0,'2023-02-01','10:47:12','Accept','0000-00-00 00:00:00',0,'2023-02-01','10:48:12','0000-00-00','00:00:00',''),(262,'R00262',204,2150,6,0,'2023-02-01','12:45:12','Accept','0000-00-00 00:00:00',0,'2023-02-01','13:19:02','0000-00-00','00:00:00',''),(263,'R00263',132,1770,6,0,'2023-02-01','13:54:11','Accept','0000-00-00 00:00:00',0,'2023-02-01','14:11:24','0000-00-00','00:00:00','c.d.deni hai bhi\n\n\n'),(264,'R00264',101,4800,10,0,'2023-02-01','14:33:35','Accept','0000-00-00 00:00:00',0,'2023-02-01','15:40:24','0000-00-00','00:00:00','old payment denge'),(265,'R00265',98,150,1,0,'2023-02-01','15:58:59','Accept','0000-00-00 00:00:00',0,'2023-02-01','15:59:52','0000-00-00','00:00:00',''),(266,'R00266',179,1000,2,0,'2023-02-01','17:32:20','Accept','0000-00-00 00:00:00',0,'2023-02-01','17:35:45','0000-00-00','00:00:00',''),(267,'R00267',222,1500,10,0,'2023-02-01','18:28:42','Accept','0000-00-00 00:00:00',0,'2023-02-01','18:39:27','0000-00-00','00:00:00',''),(268,'R00268',219,700,2,0,'2023-02-01','18:37:16','Accept','0000-00-00 00:00:00',0,'2023-02-01','18:40:02','0000-00-00','00:00:00',''),(269,'R00269',118,2100,9,0,'2023-02-02','11:19:57','Accept','0000-00-00 00:00:00',0,'2023-02-02','11:51:42','0000-00-00','00:00:00','8 ko bhejna hai CD kat ke bhejna'),(270,'R00270',133,2300,9,0,'2023-02-02','11:49:57','Accept','0000-00-00 00:00:00',0,'2023-02-02','11:52:01','0000-00-00','00:00:00','2%cd'),(271,'R00271',119,2975,35,0,'2023-02-02','12:22:30','Accept','0000-00-00 00:00:00',0,'2023-02-02','13:39:13','0000-00-00','00:00:00','old payment denge 1985\n'),(272,'R00272',119,900,6,0,'2023-02-02','12:27:37','Accept','0000-00-00 00:00:00',0,'2023-02-02','13:19:12','0000-00-00','00:00:00',''),(273,'R00273',173,750,5,0,'2023-02-02','12:32:34','Accept','0000-00-00 00:00:00',0,'2023-02-02','13:19:00','0000-00-00','00:00:00','due 2100 lena ha '),(274,'R00274',113,4950,10,0,'2023-02-02','13:36:29','Accept','0000-00-00 00:00:00',0,'2023-02-02','13:47:26','0000-00-00','00:00:00','due rahega'),(275,'R00275',223,800,15,0,'2023-02-02','14:42:18','Accept','0000-00-00 00:00:00',0,'2023-02-02','15:25:22','0000-00-00','00:00:00','due2,145lena ha'),(276,'R00276',177,540,6,0,'2023-02-02','15:14:36','Accept','0000-00-00 00:00:00',0,'2023-02-02','15:25:02','0000-00-00','00:00:00',''),(277,'R00277',224,1280,6,0,'2023-02-02','16:13:13','Accept','0000-00-00 00:00:00',0,'2023-02-02','16:58:27','0000-00-00','00:00:00',''),(278,'R00278',225,2300,6,0,'2023-02-02','17:56:13','Accept','0000-00-00 00:00:00',0,'2023-02-02','18:01:58','0000-00-00','00:00:00',''),(279,'R00279',211,900,6,0,'2023-02-03','13:14:26','Accept','0000-00-00 00:00:00',0,'2023-02-03','13:28:15','0000-00-00','00:00:00','old payment aa gya'),(280,'R00280',160,600,4,0,'2023-02-03','14:03:27','Accept','0000-00-00 00:00:00',0,'2023-02-03','14:07:57','0000-00-00','00:00:00',''),(281,'R00281',226,1350,20,0,'2023-02-03','14:38:39','Accept','0000-00-00 00:00:00',0,'2023-02-03','14:42:55','0000-00-00','00:00:00',''),(282,'R00282',195,700,1,0,'2023-02-03','15:43:19','Accept','0000-00-00 00:00:00',0,'2023-02-03','16:01:35','0000-00-00','00:00:00',''),(283,'R00283',185,804,6,0,'2023-02-03','16:02:27','Accept','0000-00-00 00:00:00',0,'2023-02-04','09:51:57','0000-00-00','00:00:00','mu400-1pess'),(284,'R00284',81,7000,7,0,'2023-02-04','12:15:01','Accept','0000-00-00 00:00:00',0,'2023-02-04','12:35:02','0000-00-00','00:00:00','10% CD 7tarikbko bhejna or inki CRP ki ctype cable bhi bhe de na 20\ncheck denge old bal 0 hai\n\n'),(285,'R00285',180,850,2,0,'2023-02-04','12:52:37','Accept','0000-00-00 00:00:00',0,'2023-02-04','12:56:03','0000-00-00','00:00:00','b2=1pes'),(286,'R00286',227,6200,35,0,'2023-02-04','13:21:43','Accept','0000-00-00 00:00:00',0,'2023-02-04','14:54:57','0000-00-00','00:00:00',''),(287,'R00287',228,650,5,0,'2023-02-04','15:23:29','Accept','0000-00-00 00:00:00',0,'2023-02-04','16:29:46','0000-00-00','00:00:00','Govindpura\n'),(288,'R00288',229,600,10,0,'2023-02-04','16:39:48','Accept','0000-00-00 00:00:00',0,'2023-02-04','18:19:29','0000-00-00','00:00:00',''),(289,'R00289',186,1860,16,0,'2023-02-04','17:05:42','Accept','0000-00-00 00:00:00',0,'2023-02-04','18:19:20','0000-00-00','00:00:00',''),(290,'R00290',54,1950,27,0,'2023-02-06','11:42:08','Accept','0000-00-00 00:00:00',0,'2023-02-06','12:05:32','0000-00-00','00:00:00','2850/- ka Chek denge'),(291,'R00291',189,750,10,0,'2023-02-06','11:57:09','Accept','0000-00-00 00:00:00',0,'2023-02-06','12:07:47','0000-00-00','00:00:00','old aa gya hai'),(292,'R00292',59,600,10,0,'2023-02-06','12:21:14','Accept','0000-00-00 00:00:00',0,'2023-02-06','12:47:42','0000-00-00','00:00:00','cash '),(293,'R00293',61,2130,6,0,'2023-02-06','13:26:27','Accept','0000-00-00 00:00:00',0,'2023-02-06','13:58:05','0000-00-00','00:00:00','old payment aa gya'),(294,'R00294',58,700,2,0,'2023-02-06','13:43:09','Accept','0000-00-00 00:00:00',0,'2023-02-06','14:39:28','0000-00-00','00:00:00','due 1,400/-lena ha '),(295,'R00295',232,650,5,0,'2023-02-06','15:11:46','Accept','0000-00-00 00:00:00',0,'2023-02-06','15:45:43','0000-00-00','00:00:00',''),(296,'R00296',158,700,10,0,'2023-02-06','15:27:00','Accept','0000-00-00 00:00:00',0,'2023-02-06','15:45:34','0000-00-00','00:00:00','due 1,600/-aa gya ha'),(297,'R00297',60,540,6,0,'2023-02-06','16:02:36','Accept','0000-00-00 00:00:00',0,'2023-02-06','16:11:10','0000-00-00','00:00:00',''),(298,'R00298',76,1050,15,0,'2023-02-07','11:08:43','Accept','0000-00-00 00:00:00',0,'2023-02-07','11:47:33','0000-00-00','00:00:00','due'),(299,'R00299',43,1500,20,0,'2023-02-07','11:45:45','Accept','0000-00-00 00:00:00',0,'2023-02-07','11:47:08','0000-00-00','00:00:00','cash\n'),(300,'R00300',215,3250,13,0,'2023-02-07','12:32:39','Accept','0000-00-00 00:00:00',0,'2023-02-07','15:26:51','0000-00-00','00:00:00',''),(301,'R00301',233,3550,20,0,'2023-02-07','17:05:32','Accept','0000-00-00 00:00:00',0,'2023-02-07','17:42:13','0000-00-00','00:00:00',''),(302,'R00302',214,1400,2,0,'2023-02-07','18:18:30','Accept','0000-00-00 00:00:00',0,'2023-02-07','18:54:53','0000-00-00','00:00:00','frontec 0007 replacement '),(303,'R00303',98,700,2,0,'2023-02-08','14:42:51','Accept','0000-00-00 00:00:00',0,'2023-02-08','15:00:06','0000-00-00','00:00:00',''),(304,'R00304',179,540,6,0,'2023-02-08','17:51:09','Accept','0000-00-00 00:00:00',0,'2023-02-08','18:17:35','0000-00-00','00:00:00',''),(305,'R00305',204,510,3,0,'2023-02-08','18:08:51','Accept','0000-00-00 00:00:00',0,'2023-02-08','18:17:25','0000-00-00','00:00:00',''),(306,'R00306',107,500,2,0,'2023-02-08','19:06:45','Accept','0000-00-00 00:00:00',0,'2023-02-08','20:21:35','0000-00-00','00:00:00',''),(307,'R00307',219,500,2,0,'2023-02-08','19:29:11','Accept','0000-00-00 00:00:00',0,'2023-02-08','20:21:54','0000-00-00','00:00:00',''),(308,'R00308',116,300,5,0,'2023-02-09','11:00:43','Accept','0000-00-00 00:00:00',0,'2023-02-09','11:36:09','0000-00-00','00:00:00',''),(309,'R00309',114,1350,20,0,'2023-02-09','11:32:31','Accept','0000-00-00 00:00:00',0,'2023-02-09','11:37:53','0000-00-00','00:00:00','old chek aa gya hai ye due rahega'),(310,'R00310',234,1900,25,0,'2023-02-09','13:52:55','Accept','0000-00-00 00:00:00',0,'2023-02-09','14:01:59','0000-00-00','00:00:00',''),(311,'R00311',177,540,9,0,'2023-02-09','14:40:29','Accept','0000-00-00 00:00:00',0,'2023-02-10','11:09:05','0000-00-00','00:00:00',''),(312,'R00312',71,600,2,0,'2023-02-09','14:56:02','Accept','0000-00-00 00:00:00',0,'2023-02-10','11:08:53','0000-00-00','00:00:00',''),(313,'R00313',183,300,5,0,'2023-02-10','13:59:16','Accept','0000-00-00 00:00:00',0,'2023-02-10','14:04:33','0000-00-00','00:00:00',''),(314,'R00314',195,530,4,0,'2023-02-10','16:29:49','Accept','0000-00-00 00:00:00',0,'2023-02-10','16:30:25','0000-00-00','00:00:00',''),(315,'R00315',202,700,1,0,'2023-02-10','17:15:19','Accept','0000-00-00 00:00:00',0,'2023-02-10','17:32:14','0000-00-00','00:00:00',''),(316,'R00316',235,650,5,0,'2023-02-11','11:54:12','Accept','0000-00-00 00:00:00',0,'2023-02-11','12:03:44','0000-00-00','00:00:00',''),(317,'R00317',204,1100,2,0,'2023-02-11','12:00:41','Accept','0000-00-00 00:00:00',0,'2023-02-11','12:05:09','0000-00-00','00:00:00','fo bet 111=2ps replacement aaj he chahiye urgently '),(318,'R00318',47,700,2,0,'2023-02-11','12:33:23','Accept','0000-00-00 00:00:00',0,'2023-02-11','12:34:39','0000-00-00','00:00:00','due 1000 lena hai'),(319,'R00319',236,600,6,0,'2023-02-11','14:42:36','Accept','0000-00-00 00:00:00',0,'2023-02-11','15:56:26','0000-00-00','00:00:00',''),(320,'R00320',160,1160,7,0,'2023-02-13','13:57:07','Accept','0000-00-00 00:00:00',0,'2023-02-14','09:38:41','0000-00-00','00:00:00',''),(321,'R00321',60,600,2,0,'2023-02-13','14:23:02','Accept','0000-00-00 00:00:00',0,'2023-02-14','09:38:27','0000-00-00','00:00:00',''),(322,'R00322',221,500,10,0,'2023-02-13','16:25:27','Accept','0000-00-00 00:00:00',0,'2023-02-14','09:38:16','0000-00-00','00:00:00',''),(323,'R00323',68,300,5,0,'2023-02-13','17:01:31','Accept','0000-00-00 00:00:00',0,'2023-02-14','09:38:02','0000-00-00','00:00:00',''),(324,'R00324',127,520,3,0,'2023-02-13','17:19:26','Accept','0000-00-00 00:00:00',0,'2023-02-14','09:37:50','0000-00-00','00:00:00',''),(325,'R00325',98,505,8,0,'2023-02-13','18:50:24','Accept','0000-00-00 00:00:00',0,'2023-02-14','09:37:35','0000-00-00','00:00:00',''),(326,'R00326',161,1200,12,0,'2023-02-14','12:03:07','Accept','0000-00-00 00:00:00',0,'2023-02-14','13:16:48','0000-00-00','00:00:00',''),(327,'R00327',163,4400,12,0,'2023-02-14','12:41:55','Accept','0000-00-00 00:00:00',0,'2023-02-14','13:16:37','0000-00-00','00:00:00',''),(328,'R00328',166,500,10,0,'2023-02-14','16:21:22','Accept','0000-00-00 00:00:00',0,'2023-02-14','18:26:54','0000-00-00','00:00:00',''),(329,'R00329',60,700,1,0,'2023-02-15','17:31:41','Accept','0000-00-00 00:00:00',0,'2023-02-15','18:18:59','0000-00-00','00:00:00',''),(330,'R00330',122,1000,5,0,'2023-02-16','13:28:10','Accept','0000-00-00 00:00:00',0,'2023-02-16','18:46:13','0000-00-00','00:00:00',''),(331,'R00331',181,700,2,0,'2023-02-16','14:02:01','Accept','0000-00-00 00:00:00',0,'2023-02-16','18:45:47','0000-00-00','00:00:00',''),(332,'R00332',220,750,10,0,'2023-02-16','14:04:44','Accept','0000-00-00 00:00:00',0,'2023-02-16','18:45:03','0000-00-00','00:00:00',''),(333,'R00333',204,600,5,0,'2023-02-16','19:29:38','Accept','0000-00-00 00:00:00',0,'2023-02-17','13:48:58','0000-00-00','00:00:00',''),(334,'R00334',180,500,3,0,'2023-02-17','12:33:26','Accept','0000-00-00 00:00:00',0,'2023-02-17','13:48:50','0000-00-00','00:00:00',''),(335,'R00335',185,540,4,0,'2023-02-17','16:29:36','Accept','0000-00-00 00:00:00',0,'2023-02-18','06:07:16','0000-00-00','00:00:00',''),(336,'R00336',202,1400,4,0,'2023-02-17','18:03:41','Accept','0000-00-00 00:00:00',0,'2023-02-18','06:06:57','0000-00-00','00:00:00',''),(337,'R00337',186,600,10,0,'2023-02-18','15:44:00','Accept','0000-00-00 00:00:00',0,'2023-02-18','19:08:17','0000-00-00','00:00:00',''),(338,'R00338',160,560,7,0,'2023-02-20','15:32:23','Accept','0000-00-00 00:00:00',0,'2023-02-21','16:59:24','0000-00-00','00:00:00',''),(339,'R00339',214,1430,7,0,'2023-02-20','17:18:47','Accept','0000-00-00 00:00:00',0,'2023-02-21','16:58:57','0000-00-00','00:00:00',''),(340,'R00340',127,610,3,0,'2023-02-20','17:50:09','Accept','0000-00-00 00:00:00',0,'2023-02-21','16:58:40','0000-00-00','00:00:00',''),(341,'R00341',204,1100,7,0,'2023-02-22','10:24:47','Accept','0000-00-00 00:00:00',0,'2023-02-22','10:51:55','0000-00-00','00:00:00',''),(342,'R00342',104,800,2,0,'2023-02-22','16:32:37','Accept','0000-00-00 00:00:00',0,'2023-02-22','17:26:58','0000-00-00','00:00:00',''),(343,'R00343',107,510,2,0,'2023-02-22','19:22:26','Accept','0000-00-00 00:00:00',0,'2023-02-22','19:59:59','0000-00-00','00:00:00',''),(344,'R00344',174,700,2,0,'2023-02-23','13:06:26','Accept','0000-00-00 00:00:00',0,'2023-02-23','13:29:03','0000-00-00','00:00:00',''),(345,'R00345',176,3250,7,0,'2023-02-23','13:59:52','Accept','0000-00-00 00:00:00',0,'2023-02-23','15:39:29','0000-00-00','00:00:00',''),(346,'R00346',234,600,12,0,'2023-02-23','14:15:50','Accept','0000-00-00 00:00:00',0,'2023-02-23','15:39:22','0000-00-00','00:00:00',''),(347,'R00347',177,600,10,0,'2023-02-23','15:01:07','Accept','0000-00-00 00:00:00',0,'2023-02-23','15:39:14','0000-00-00','00:00:00',''),(348,'R00348',181,700,2,0,'2023-02-23','15:46:16','Accept','0000-00-00 00:00:00',0,'2023-02-23','16:03:45','0000-00-00','00:00:00',''),(349,'R00349',224,840,4,0,'2023-02-23','16:30:52','Accept','0000-00-00 00:00:00',0,'2023-02-23','21:40:49','0000-00-00','00:00:00',''),(350,'R00350',182,700,2,0,'2023-02-24','13:55:30','Accept','0000-00-00 00:00:00',0,'2023-03-01','10:29:15','0000-00-00','00:00:00',''),(351,'R00351',202,600,5,0,'2023-02-24','17:49:04','Accept','0000-00-00 00:00:00',0,'2023-03-01','10:29:07','0000-00-00','00:00:00',''),(352,'R00352',186,1110,8,0,'2023-02-25','13:35:33','Accept','0000-00-00 00:00:00',0,'2023-03-01','10:28:59','0000-00-00','00:00:00',''),(353,'R00353',204,600,5,0,'2023-03-01','10:17:14','Accept','0000-00-00 00:00:00',0,'2023-03-01','10:28:50','0000-00-00','00:00:00',''),(354,'R00354',219,700,2,0,'2023-03-01','14:14:00','Accept','0000-00-00 00:00:00',0,'2023-03-02','14:38:51','0000-00-00','00:00:00',''),(355,'R00355',177,170,1,0,'2023-03-02','12:29:03','Accept','0000-00-00 00:00:00',0,'2023-03-02','14:38:44','0000-00-00','00:00:00',''),(356,'R00356',237,2200,13,0,'2023-03-02','13:50:04','Accept','0000-00-00 00:00:00',0,'2023-03-02','14:38:29','0000-00-00','00:00:00',''),(357,'R00357',198,5700,10,0,'2023-03-02','15:02:21','Pending','0000-00-00 00:00:00',0,'0000-00-00','00:00:00','0000-00-00','00:00:00',''),(358,'R00358',122,650,7,0,'2023-03-02','17:21:49','Accept','0000-00-00 00:00:00',0,'2023-03-03','16:43:36','0000-00-00','00:00:00',''),(359,'R00359',225,1110,4,0,'2023-03-02','18:28:41','Accept','0000-00-00 00:00:00',0,'2023-03-03','16:43:45','0000-00-00','00:00:00',''),(360,'R00360',118,2300,9,0,'2023-03-03','11:07:08','Accept','0000-00-00 00:00:00',0,'2023-03-03','16:44:00','0000-00-00','00:00:00','2%cd'),(361,'R00361',180,1070,3,0,'2023-03-03','14:46:19','Accept','0000-00-00 00:00:00',0,'2023-03-03','16:44:10','0000-00-00','00:00:00',''),(362,'R00362',186,1020,6,0,'2023-03-04','14:09:40','Pending','0000-00-00 00:00:00',0,'0000-00-00','00:00:00','0000-00-00','00:00:00',''),(363,'R00363',188,3005,6,0,'2023-03-04','16:00:44','Pending','0000-00-00 00:00:00',0,'0000-00-00','00:00:00','0000-00-00','00:00:00',''),(364,'R00364',46,3950,8,0,'2023-03-04','16:39:32','Pending','0000-00-00 00:00:00',0,'0000-00-00','00:00:00','0000-00-00','00:00:00',''),(365,'R00365',60,400,5,0,'2023-03-06','12:40:15','Pending','0000-00-00 00:00:00',0,'0000-00-00','00:00:00','0000-00-00','00:00:00',''),(366,'R00366',190,3080,14,0,'2023-03-06','14:50:46','Accept','0000-00-00 00:00:00',0,'2023-03-08','10:33:12','0000-00-00','00:00:00',''),(367,'R00367',177,400,5,0,'2023-03-08','07:27:22','Accept','0000-00-00 00:00:00',0,'2023-03-08','10:34:10','0000-00-00','00:00:00',''),(368,'R00368',204,1275,11,0,'2023-03-08','10:24:38','Accept','0000-00-00 00:00:00',0,'2023-03-08','10:34:59','0000-00-00','00:00:00',''),(369,'R00369',107,850,6,0,'2023-03-08','11:05:17','Accept','0000-00-00 00:00:00',0,'2023-03-08','11:09:59','0000-00-00','00:00:00',''),(370,'R00370',107,180,3,0,'2023-03-08','11:21:47','Accept','0000-00-00 00:00:00',0,'2023-03-08','12:27:22','0000-00-00','00:00:00',''),(371,'R00371',166,4150,55,0,'2023-03-08','12:32:08','Accept','0000-00-00 00:00:00',0,'2023-03-08','13:40:43','0000-00-00','00:00:00',''),(372,'R00372',183,2050,26,0,'2023-03-08','12:45:34','Accept','0000-00-00 00:00:00',0,'2023-03-08','13:53:55','0000-00-00','00:00:00',''),(373,'R00373',183,1450,2,0,'2023-03-09','10:31:28','Accept','0000-00-00 00:00:00',0,'2023-03-09','11:15:37','0000-00-00','00:00:00',''),(374,'R00374',177,600,10,0,'2023-03-09','11:38:21','Accept','0000-00-00 00:00:00',0,'2023-03-09','12:46:59','0000-00-00','00:00:00','1 ctype cable 1.2 mtr'),(375,'R00375',174,1050,3,0,'2023-03-09','13:09:23','Accept','0000-00-00 00:00:00',0,'2023-03-10','09:20:36','0000-00-00','00:00:00',''),(376,'R00376',180,1200,15,0,'2023-03-10','13:18:58','Accept','0000-00-00 00:00:00',0,'2023-03-10','17:49:09','0000-00-00','00:00:00',''),(377,'R00377',182,550,20,0,'2023-03-10','14:20:54','Accept','0000-00-00 00:00:00',0,'2023-03-10','17:47:33','0000-00-00','00:00:00',''),(378,'R00378',195,775,5,0,'2023-03-10','16:37:37','Accept','0000-00-00 00:00:00',0,'2023-03-10','17:46:49','0000-00-00','00:00:00',''),(379,'R00379',202,2100,6,0,'2023-03-10','17:44:38','Accept','0000-00-00 00:00:00',0,'2023-03-10','17:46:29','0000-00-00','00:00:00',''),(380,'R00380',184,2070,18,0,'2023-03-10','17:55:09','Accept','0000-00-00 00:00:00',0,'2023-03-10','18:15:18','0000-00-00','00:00:00',''),(381,'R00381',186,1030,12,0,'2023-03-11','12:58:55','Accept','0000-00-00 00:00:00',0,'2023-03-14','10:12:14','0000-00-00','00:00:00',''),(382,'R00382',238,2825,15,0,'2023-03-11','13:12:18','Accept','0000-00-00 00:00:00',0,'2023-03-13','21:09:23','0000-00-00','00:00:00',''),(383,'R00383',188,2070,4,0,'2023-03-11','14:37:53','Accept','0000-00-00 00:00:00',0,'2023-03-13','21:09:09','0000-00-00','00:00:00',''),(384,'R00384',60,1500,2,0,'2023-03-13','13:05:23','Accept','0000-00-00 00:00:00',0,'2023-03-13','21:08:47','0000-00-00','00:00:00',''),(385,'R00385',158,1025,15,0,'2023-03-13','14:11:38','Accept','0000-00-00 00:00:00',0,'2023-03-13','21:08:26','0000-00-00','00:00:00',''),(386,'R00386',202,1400,2,0,'2023-03-13','19:51:13','Accept','0000-00-00 00:00:00',0,'2023-03-13','21:08:11','0000-00-00','00:00:00','kl hi delivery deni hai '),(387,'R00387',163,3355,31,0,'2023-03-14','13:15:34','Accept','0000-00-00 00:00:00',0,'2023-03-14','13:16:22','0000-00-00','00:00:00',''),(388,'R00388',214,850,10,0,'2023-03-14','15:03:35','Accept','0000-00-00 00:00:00',0,'2023-03-14','15:05:11','0000-00-00','00:00:00','kraze p21 charge nhi ho rha h'),(389,'R00389',208,1000,13,0,'2023-03-15','15:22:42','Accept','0000-00-00 00:00:00',0,'2023-03-15','16:49:37','0000-00-00','00:00:00',''),(390,'R00390',180,600,5,0,'2023-03-17','12:06:59','Accept','0000-00-00 00:00:00',0,'2023-03-17','16:26:46','0000-00-00','00:00:00',''),(391,'R00391',183,1500,20,0,'2023-03-17','16:11:30','Accept','0000-00-00 00:00:00',0,'2023-03-17','16:26:36','0000-00-00','00:00:00',''),(392,'R00392',58,1200,15,0,'2023-03-20','13:14:26','Accept','0000-00-00 00:00:00',0,'2023-03-22','13:03:08','0000-00-00','00:00:00',''),(393,'R00393',127,1150,15,0,'2023-03-20','17:18:50','Accept','0000-00-00 00:00:00',0,'2023-03-22','13:02:41','0000-00-00','00:00:00',''),(394,'R00394',98,2000,1,0,'2023-03-22','12:59:49','Accept','0000-00-00 00:00:00',0,'2023-03-22','13:02:28','0000-00-00','00:00:00',''),(395,'R00395',204,1975,16,0,'2023-03-22','17:38:35','Accept','0000-00-00 00:00:00',0,'2023-03-24','11:18:42','0000-00-00','00:00:00',''),(396,'R00396',201,2010,47,0,'2023-03-23','14:10:39','Accept','0000-00-00 00:00:00',0,'2023-03-24','11:18:04','0000-00-00','00:00:00',''),(397,'R00397',107,900,2,0,'2023-03-24','10:02:20','Accept','0000-00-00 00:00:00',0,'2023-03-24','11:17:52','0000-00-00','00:00:00',''),(398,'R00398',182,660,13,0,'2023-03-24','13:21:48','Accept','0000-00-00 00:00:00',0,'2023-03-25','11:07:21','0000-00-00','00:00:00',''),(399,'R00399',195,1450,2,0,'2023-03-24','15:58:26','Accept','0000-00-00 00:00:00',0,'2023-03-25','11:07:04','0000-00-00','00:00:00',''),(400,'R00400',177,600,10,0,'2023-03-25','17:21:05','Accept','0000-00-00 00:00:00',0,'2023-03-28','14:05:03','0000-00-00','00:00:00',''),(401,'R00401',160,1500,10,0,'2023-03-27','13:27:36','Accept','0000-00-00 00:00:00',0,'2023-03-28','14:04:51','0000-00-00','00:00:00',''),(402,'R00402',107,1150,3,0,'2023-03-29','15:19:15','Accept','0000-00-00 00:00:00',0,'2023-04-08','09:48:20','0000-00-00','00:00:00',''),(403,'R00403',237,1015,9,0,'2023-03-30','15:42:09','Accept','0000-00-00 00:00:00',0,'2023-04-08','09:48:09','0000-00-00','00:00:00',''),(404,'R00404',224,450,5,0,'2023-03-30','15:53:46','Accept','0000-00-00 00:00:00',0,'2023-04-08','09:47:54','0000-00-00','00:00:00',''),(405,'R00405',98,965,3,0,'2023-03-30','19:49:38','Accept','0000-00-00 00:00:00',0,'2023-04-08','09:47:42','0000-00-00','00:00:00',''),(406,'R00406',160,2390,8,0,'2023-04-03','12:30:52','Accept','0000-00-00 00:00:00',0,'2023-04-08','09:47:34','0000-00-00','00:00:00',''),(407,'R00407',98,230,2,0,'2023-04-05','14:02:11','Accept','0000-00-00 00:00:00',0,'2023-04-08','09:47:17','0000-00-00','00:00:00',''),(408,'R00408',177,600,10,0,'2023-04-08','20:36:50','Accept','0000-00-00 00:00:00',0,'2023-04-09','09:52:55','0000-00-00','00:00:00','1 cable replacement iPhone 1.2 MTR  3 A'),(409,'R00409',160,5280,22,0,'2023-04-10','13:40:48','Accept','0000-00-00 00:00:00',0,'2023-04-10','17:36:44','0000-00-00','00:00:00',''),(410,'R00410',182,1300,10,0,'2023-04-21','12:13:29','Accept','0000-00-00 00:00:00',0,'2023-04-23','10:54:26','0000-00-00','00:00:00',''),(411,'R00411',163,1920,4,0,'2023-04-25','13:48:59','Pending','0000-00-00 00:00:00',0,'0000-00-00','00:00:00','0000-00-00','00:00:00',''),(412,'R00412',147,800,1,0,'2023-05-03','22:00:00','Pending','0000-00-00 00:00:00',0,'0000-00-00','00:00:00','0000-00-00','00:00:00','payment '),(413,'R00413',181,700,2,0,'2023-06-08','13:33:46','Pending','0000-00-00 00:00:00',0,'0000-00-00','00:00:00','0000-00-00','00:00:00',''),(414,'R00414',142,123000,123,0,'2023-06-13','16:28:26','Pending','0000-00-00 00:00:00',0,'0000-00-00','00:00:00','0000-00-00','00:00:00','');

--
-- Table structure for table `tbl_transaction_detail`
--

CREATE TABLE `tbl_transaction_detail` (
  `txn_detail_id` int(11) NOT NULL AUTO_INCREMENT COMMENT 'Unique Identifier for record',
  `transaction_id` int(11) NOT NULL COMMENT 'Mapping with Transaction table',
  `product_id` int(11) NOT NULL COMMENT 'Mapping with tbl_master_product',
  `quantity` int(30) NOT NULL,
  `price` varchar(30) NOT NULL,
  PRIMARY KEY (`txn_detail_id`)
) ENGINE=InnoDB AUTO_INCREMENT=888 DEFAULT CHARSET=latin1 COLLATE=latin1_swedish_ci;

--
-- Dumping data for table `tbl_transaction_detail`
--

INSERT INTO `tbl_transaction_detail` VALUES (1,1,98,2,'40'),(2,1,99,2,'40'),(3,2,1,2,'190'),(4,2,2,1,'210'),(5,2,4,2,'260'),(6,3,98,5,'40'),(7,3,99,5,'40'),(8,4,90,2,'120'),(9,4,91,2,'140'),(10,5,92,5,'150'),(11,6,132,1,'3500'),(12,7,65,10,'40'),(13,7,30,5,'50'),(14,7,89,2,'700'),(15,8,36,10,'130'),(16,9,36,6,'130'),(17,9,37,6,'225'),(18,10,118,2,'350'),(19,11,110,1,'600'),(20,12,36,5,'130'),(21,12,54,2,'150'),(22,13,36,10,'130'),(23,13,44,5,'250'),(24,13,55,5,'250'),(25,13,118,2,'350'),(26,14,29,20,'50'),(27,15,23,5,'140'),(28,15,24,3,'150'),(29,15,101,5,'50'),(30,15,103,1,'100'),(31,16,65,20,'40'),(32,16,66,10,'65'),(33,16,69,20,'30'),(34,16,70,10,'65'),(35,16,73,50,'24'),(36,17,118,2,'350'),(37,18,36,10,'130'),(38,19,29,10,'50'),(39,19,90,5,'120'),(40,19,91,5,'140'),(41,19,92,5,'150'),(42,20,118,6,'350'),(43,21,110,2,'600'),(44,21,118,5,'350'),(45,21,29,10,'50'),(46,22,118,3,'350'),(47,23,29,50,'50'),(48,24,94,4,'120'),(49,25,84,3,'200'),(50,26,63,2,'220'),(51,26,64,2,'330'),(52,27,29,50,'50'),(53,27,118,3,'350'),(54,28,132,1,'3500'),(55,29,87,1,'1500'),(56,29,147,1,'354'),(57,30,92,10,'150'),(58,30,93,10,'150'),(59,31,118,2,'350'),(60,31,52,2,'140'),(61,31,43,2,'140'),(62,31,110,1,'600'),(63,31,77,10,'30'),(64,32,118,6,'350'),(65,33,57,6,'130'),(66,34,63,5,'220'),(67,34,64,5,'330'),(68,35,26,2,'470'),(69,35,24,5,'150'),(70,36,29,5,'50'),(71,37,147,2,'354'),(72,37,148,2,'120'),(73,38,89,1,'700'),(74,39,90,2,'120'),(75,40,90,3,'120'),(76,40,91,2,'140'),(77,40,92,2,'150'),(78,40,94,3,'120'),(79,41,29,1,'50'),(80,42,64,6,'330'),(81,43,52,5,'140'),(82,43,92,2,'150'),(83,44,1,10,'190'),(84,44,17,2,'650'),(85,44,7,2,'440'),(86,44,84,2,'200'),(87,45,118,2,'350'),(88,46,23,1,'140'),(89,46,28,2,'95'),(90,47,63,3,'220'),(91,47,64,2,'330'),(92,48,41,5,'90'),(93,49,89,1,'700'),(94,50,149,2,'120'),(95,51,29,5,'50'),(96,51,31,3,'60'),(97,52,118,3,'350'),(98,53,29,10,'50'),(99,53,38,3,'80'),(100,53,24,5,'150'),(101,53,10,3,'270'),(102,53,110,2,'600'),(103,53,111,1,'1080'),(104,53,117,2,'570'),(105,54,102,5,'55'),(106,55,59,5,'155'),(107,56,90,3,'120'),(108,56,29,6,'50'),(109,57,115,5,'500'),(110,58,9,3,'220'),(111,59,29,20,'50'),(112,59,31,22,'60'),(113,59,35,6,'90'),(114,59,38,15,'80'),(115,59,48,2,'220'),(116,59,117,2,'570'),(117,60,97,2,'300'),(118,60,38,5,'80'),(119,60,109,1,'600'),(120,61,100,11,'140'),(121,62,164,10,'115'),(122,62,173,10,'60'),(123,63,118,2,'350'),(124,63,174,10,'50'),(125,64,167,10,'110'),(126,64,174,20,'50'),(127,64,18,5,'165'),(128,64,20,5,'155'),(129,65,174,5,'50'),(130,65,175,5,'60'),(131,66,26,2,'470'),(132,67,29,10,'50'),(133,67,30,10,'50'),(134,67,40,10,'90'),(135,67,38,5,'80'),(136,68,26,1,'470'),(137,68,117,1,'570'),(138,68,10,1,'270'),(139,69,26,1,'470'),(140,69,118,20,'350'),(141,70,175,10,'60'),(142,71,175,5,'60'),(143,71,173,5,'60'),(144,72,169,2,'90'),(145,72,170,5,'65'),(146,72,174,20,'50'),(147,72,175,30,'60'),(148,72,22,10,'170'),(149,73,48,5,'220'),(150,73,59,10,'155'),(151,73,62,5,'270'),(152,74,32,20,'60'),(153,74,26,2,'470'),(154,75,118,2,'350'),(155,76,175,6,'60'),(156,77,175,5,'60'),(157,77,118,1,'350'),(158,78,93,4,'150'),(159,79,184,2,'1500'),(160,79,176,2,'1000'),(161,79,179,5,'200'),(162,80,38,10,'80'),(163,81,1,1,'190'),(164,81,3,1,'260'),(165,82,91,3,'140'),(166,82,95,3,'140'),(167,83,118,3,'350'),(168,84,173,10,'60'),(169,84,174,10,'50'),(170,85,173,2,'60'),(171,85,175,10,'60'),(172,86,173,10,'60'),(173,86,174,10,'50'),(174,86,19,10,'75'),(175,87,110,1,'600'),(176,87,116,1,'620'),(177,88,89,2,'700'),(178,89,110,1,'600'),(179,89,115,1,'500'),(180,89,29,10,'50'),(181,89,24,5,'150'),(182,90,1,5,'190'),(183,90,2,2,'210'),(184,91,118,2,'350'),(185,92,19,5,'75'),(186,92,174,5,'50'),(187,93,184,2,'1500'),(188,94,101,5,'50'),(189,94,175,5,'60'),(190,95,57,8,'130'),(191,96,31,10,'60'),(192,96,77,10,'30'),(193,96,110,2,'600'),(194,96,92,2,'150'),(195,96,38,3,'80'),(196,96,40,5,'90'),(197,96,4,3,'260'),(198,96,24,5,'150'),(199,97,118,10,'350'),(200,98,110,2,'600'),(201,98,118,2,'350'),(202,99,153,2,'370'),(203,100,38,5,'80'),(204,100,40,5,'90'),(205,100,1,3,'190'),(206,101,187,10,'90'),(207,101,29,5,'50'),(208,101,31,10,'60'),(209,101,35,3,'90'),(210,101,43,3,'140'),(211,102,187,13,'90'),(212,103,184,1,'1500'),(213,104,118,2,'350'),(214,105,24,2,'150'),(215,106,48,5,'220'),(216,107,110,1,'600'),(217,108,110,1,'600'),(218,108,116,2,'620'),(219,109,101,10,'50'),(220,110,118,5,'350'),(221,111,1,7,'190'),(222,111,2,3,'210'),(223,112,115,2,'580'),(224,113,174,10,'50'),(225,114,33,20,'80'),(226,114,82,3,'850'),(227,115,1,5,'190'),(228,116,90,5,'120'),(229,117,194,10,'55'),(230,117,1,5,'190'),(231,118,115,5,'580'),(232,119,186,2,'60'),(233,120,1,5,'190'),(234,120,2,2,'210'),(235,120,3,2,'260'),(236,121,43,2,'140'),(237,122,89,1,'700'),(238,123,90,5,'120'),(239,124,33,5,'80'),(240,124,45,2,'45'),(241,124,84,2,'200'),(242,124,269,1,'750'),(243,125,282,5,'130'),(244,126,89,1,'700'),(245,127,213,2,'350'),(246,127,212,1,'650'),(247,128,271,1,'1100'),(248,128,269,1,'750'),(249,128,35,10,'90'),(250,129,238,5,'60'),(251,129,279,10,'90'),(252,130,249,10,'100'),(253,131,208,2,'450'),(254,131,213,2,'350'),(255,132,208,2,'450'),(256,132,212,1,'650'),(257,132,213,2,'350'),(258,133,221,10,'30'),(259,133,223,10,'60'),(260,133,187,5,'90'),(261,134,251,2,'300'),(262,135,209,5,'450'),(263,135,213,5,'350'),(264,136,212,1,'650'),(265,136,213,3,'350'),(266,137,34,5,'80'),(267,138,208,2,'450'),(268,138,212,1,'650'),(269,138,213,3,'350'),(270,138,250,2,'210'),(271,138,253,1,'450'),(272,138,234,3,'130'),(273,138,235,3,'130'),(274,138,276,10,'60'),(275,138,213,3,'350'),(276,138,234,1,'130'),(277,139,1,5,'150'),(278,139,178,5,'80'),(279,139,187,5,'90'),(280,139,187,5,'90'),(281,140,212,2,'650'),(282,140,1,5,'150'),(283,140,60,4,'170'),(284,140,269,2,'750'),(285,141,35,5,'80'),(286,141,187,10,'90'),(287,142,1,5,'150'),(288,142,178,6,'80'),(289,142,187,6,'90'),(290,142,213,3,'350'),(291,142,208,2,'450'),(292,143,62,4,'200'),(293,144,271,1,'1100'),(294,144,212,2,'650'),(295,145,194,20,'50'),(296,145,1,10,'150'),(297,146,58,5,'150'),(298,146,194,100,'50'),(299,146,208,10,'450'),(300,146,212,5,'650'),(301,146,213,7,'350'),(302,147,43,5,'140'),(303,147,186,10,'60'),(304,147,178,10,'80'),(305,148,213,2,'350'),(306,149,213,3,'350'),(307,149,249,5,'100'),(308,150,58,2,'150'),(309,150,62,3,'200'),(310,150,96,5,'120'),(311,150,282,3,'130'),(312,151,187,6,'90'),(313,152,213,2,'350'),(314,153,287,1,'350'),(315,153,204,1,'700'),(316,153,1,5,'150'),(317,154,89,2,'700'),(318,155,130,1,'600'),(319,156,84,2,'200'),(320,156,295,5,'150'),(321,157,15,10,'120'),(322,158,206,1,'550'),(323,158,208,1,'450'),(324,158,213,2,'350'),(325,159,89,1,'700'),(326,160,238,5,'60'),(327,160,238,5,'60'),(328,161,238,5,'60'),(329,161,280,5,'85'),(330,161,267,2,'90'),(331,161,264,1,'450'),(332,162,178,2,'80'),(333,162,187,3,'90'),(334,162,194,2,'50'),(335,163,179,6,'160'),(336,163,192,6,'140'),(337,164,178,5,'80'),(338,164,197,3,'220'),(339,165,265,5,'150'),(340,166,89,2,'700'),(341,166,186,5,'60'),(342,166,194,6,'50'),(343,167,212,2,'650'),(344,167,213,5,'350'),(345,168,287,2,'350'),(346,168,204,1,'700'),(347,169,179,3,'160'),(348,169,193,3,'160'),(349,169,97,2,'300'),(350,170,271,1,'1100'),(351,171,1,5,'150'),(352,172,1,20,'150'),(353,173,1,5,'150'),(354,173,178,5,'80'),(355,174,130,2,'600'),(356,174,291,2,'650'),(357,174,120,2,'400'),(358,174,123,1,'600'),(359,174,144,1,'2000'),(360,175,98,5,'40'),(361,175,99,5,'40'),(362,175,281,5,'60'),(363,176,266,2,'360'),(364,176,58,1,'150'),(365,176,62,1,'200'),(366,177,178,5,'80'),(367,177,194,20,'50'),(368,177,187,10,'90'),(369,178,213,3,'350'),(370,178,287,3,'350'),(371,178,185,1,'600'),(372,179,267,3,'90'),(373,179,204,1,'700'),(374,180,284,15,'90'),(375,180,1,20,'150'),(376,180,84,10,'200'),(377,181,239,20,'40'),(378,181,240,20,'50'),(379,182,60,5,'170'),(380,182,284,10,'90'),(381,183,284,10,'90'),(382,183,1,10,'150'),(383,183,212,2,'650'),(384,184,187,5,'90'),(385,184,194,5,'50'),(386,184,1,5,'150'),(387,184,284,10,'90'),(388,184,52,2,'120'),(389,184,213,2,'350'),(390,185,89,1,'700'),(391,185,271,1,'1100'),(392,186,62,5,'200'),(393,186,192,6,'140'),(394,186,193,5,'160'),(395,186,179,5,'160'),(396,186,296,4,'500'),(397,186,59,5,'155'),(398,186,193,1,'160'),(399,187,284,10,'90'),(400,188,227,10,'70'),(401,189,187,5,'90'),(402,190,187,10,'90'),(403,191,285,1,'650'),(404,191,89,1,'700'),(405,192,248,3,'115'),(406,192,15,3,'120'),(407,192,213,1,'350'),(408,192,16,2,'150'),(409,193,239,10,'40'),(410,193,220,10,'25'),(411,194,89,2,'700'),(412,194,1,5,'150'),(413,195,194,10,'50'),(414,196,197,2,'220'),(415,196,186,1,'60'),(416,197,284,6,'90'),(417,198,284,20,'90'),(418,199,213,6,'350'),(419,199,299,10,'75'),(420,200,185,6,'600'),(421,201,238,5,'60'),(422,201,299,5,'75'),(423,202,222,3,'45'),(424,202,225,2,'65'),(425,202,238,3,'60'),(426,202,15,3,'120'),(427,202,208,1,'450'),(428,202,213,2,'350'),(429,202,248,1,'115'),(430,202,259,1,'150'),(431,202,276,2,'60'),(432,202,91,1,'120'),(433,202,96,1,'120'),(434,203,299,10,'75'),(435,203,267,1,'90'),(436,204,265,1,'150'),(437,205,213,6,'350'),(438,206,185,1,'600'),(439,207,279,10,'90'),(440,208,1,5,'150'),(441,209,146,2,'230'),(442,209,267,2,'90'),(443,209,208,1,'450'),(444,209,213,1,'350'),(445,210,208,1,'450'),(446,210,213,1,'350'),(447,211,187,5,'90'),(448,211,299,3,'75'),(449,212,57,5,'130'),(450,213,147,1,'354'),(451,213,267,1,'90'),(452,213,213,1,'350'),(453,214,299,10,'75'),(454,215,10,10,'270'),(455,215,296,2,'500'),(456,215,252,1,'500'),(457,215,257,5,'150'),(458,216,267,5,'90'),(459,216,146,2,'230'),(460,216,147,2,'354'),(461,217,255,2,'440'),(462,217,226,6,'115'),(463,218,186,10,'60'),(464,219,91,10,'120'),(465,220,187,5,'90'),(466,221,267,2,'90'),(467,221,279,5,'90'),(468,221,280,5,'85'),(469,221,299,5,'75'),(470,221,262,5,'130'),(471,221,204,2,'700'),(472,221,185,1,'600'),(473,221,287,3,'350'),(474,221,265,2,'150'),(475,222,185,1,'600'),(476,223,282,4,'130'),(477,224,178,3,'80'),(478,224,186,5,'60'),(479,225,14,5,'60'),(480,226,267,5,'90'),(481,227,116,1,'580'),(482,227,211,1,'530'),(483,227,208,1,'450'),(484,228,297,2,'1650'),(485,229,58,2,'150'),(486,229,62,2,'200'),(487,229,84,2,'200'),(488,230,186,10,'60'),(489,231,187,10,'90'),(490,231,62,1,'200'),(491,231,144,1,'2000'),(492,232,186,5,'60'),(493,232,194,10,'50'),(494,232,1,2,'150'),(495,233,74,2,'120'),(496,233,75,2,'100'),(497,233,197,1,'220'),(498,233,248,2,'115'),(499,234,187,10,'90'),(500,235,82,3,'850'),(501,236,91,10,'120'),(502,236,96,10,'120'),(503,236,84,5,'200'),(504,236,89,4,'700'),(505,236,91,1,'120'),(506,237,194,5,'50'),(507,238,58,3,'150'),(508,239,297,2,'1650'),(509,240,84,5,'200'),(510,241,62,3,'200'),(511,241,178,5,'80'),(512,242,186,10,'60'),(513,243,1,5,'150'),(514,243,146,1,'230'),(515,243,178,5,'80'),(516,244,208,1,'450'),(517,244,220,10,'25'),(518,245,248,4,'115'),(519,245,208,1,'450'),(520,245,213,2,'350'),(521,246,238,30,'60'),(522,247,91,5,'120'),(523,247,96,5,'120'),(524,247,295,5,'150'),(525,247,194,1,'50'),(526,248,119,1,'1000'),(527,249,196,1,'210'),(528,250,178,3,'80'),(529,250,187,3,'90'),(530,250,194,3,'50'),(531,251,91,2,'120'),(532,251,96,2,'120'),(533,251,295,1,'150'),(534,252,206,1,'550'),(535,252,208,2,'450'),(536,252,212,1,'650'),(537,252,213,2,'350'),(538,252,211,1,'530'),(539,253,186,5,'60'),(540,254,1,2,'150'),(541,254,10,2,'270'),(542,254,197,2,'220'),(543,254,16,3,'150'),(544,254,213,2,'350'),(545,255,248,2,'115'),(546,255,250,2,'210'),(547,255,251,1,'300'),(548,256,267,10,'90'),(549,256,185,2,'600'),(550,256,213,4,'350'),(551,257,213,6,'350'),(552,258,221,15,'30'),(553,258,225,10,'65'),(554,259,96,5,'120'),(555,260,1,2,'150'),(556,260,84,1,'200'),(557,261,130,1,'600'),(558,262,89,1,'700'),(559,262,104,1,'500'),(560,262,111,1,'500'),(561,262,286,3,'150'),(562,263,266,3,'360'),(563,263,146,3,'230'),(564,264,104,1,'500'),(565,264,105,1,'550'),(566,264,113,1,'550'),(567,264,114,2,'550'),(568,264,116,1,'500'),(569,264,117,1,'350'),(570,264,288,1,'450'),(571,264,115,2,'400'),(572,265,286,1,'150'),(573,266,104,1,'500'),(574,266,111,1,'500'),(575,267,286,10,'150'),(576,268,213,2,'350'),(577,269,114,1,'550'),(578,269,116,1,'500'),(579,269,295,7,'150'),(580,270,104,1,'500'),(581,270,113,1,'550'),(582,270,114,1,'550'),(583,270,115,1,'400'),(584,270,186,5,'60'),(585,271,91,10,'120'),(586,271,186,10,'60'),(587,271,195,5,'55'),(588,271,284,10,'90'),(589,272,290,6,'150'),(590,273,1,5,'150'),(591,274,113,1,'550'),(592,274,114,2,'550'),(593,274,115,1,'400'),(594,274,116,1,'500'),(595,274,288,1,'450'),(596,274,302,1,'500'),(597,274,113,1,'550'),(598,274,302,1,'500'),(599,274,303,1,'400'),(600,275,194,10,'50'),(601,275,186,5,'60'),(602,276,187,6,'90'),(603,277,10,2,'270'),(604,277,1,2,'150'),(605,277,197,2,'220'),(606,278,252,2,'500'),(607,278,253,2,'450'),(608,278,84,2,'200'),(609,279,1,6,'150'),(610,280,1,4,'150'),(611,281,178,5,'80'),(612,281,187,5,'90'),(613,281,194,10,'50'),(614,282,89,1,'700'),(615,283,147,1,'354'),(616,283,187,5,'90'),(617,284,184,7,'1000'),(618,285,115,1,'400'),(619,285,288,1,'450'),(620,286,304,15,'300'),(621,286,178,10,'80'),(622,286,187,10,'90'),(623,287,282,5,'130'),(624,288,186,10,'60'),(625,289,1,3,'150'),(626,289,197,3,'220'),(627,289,187,5,'90'),(628,289,276,5,'60'),(629,290,186,15,'60'),(630,290,238,5,'60'),(631,290,284,5,'90'),(632,290,1,2,'150'),(633,291,284,5,'90'),(634,291,238,5,'60'),(635,292,238,10,'60'),(636,293,10,4,'270'),(637,293,296,1,'500'),(638,293,114,1,'550'),(639,294,213,2,'350'),(640,295,282,5,'130'),(641,296,187,5,'90'),(642,296,194,5,'50'),(643,297,187,6,'90'),(644,298,186,10,'60'),(645,298,284,5,'90'),(646,299,284,10,'90'),(647,299,238,10,'60'),(648,300,82,3,'850'),(649,300,227,10,'70'),(650,301,84,3,'200'),(651,301,304,2,'300'),(652,301,58,5,'150'),(653,301,1,5,'150'),(654,301,60,5,'170'),(655,302,271,1,'1100'),(656,302,97,1,'300'),(657,303,213,2,'350'),(658,304,187,6,'90'),(659,305,146,2,'230'),(660,305,194,1,'50'),(661,306,208,1,'450'),(662,306,194,1,'50'),(663,307,213,1,'350'),(664,307,295,1,'150'),(665,308,238,5,'60'),(666,309,276,10,'60'),(667,309,223,5,'60'),(668,309,187,5,'90'),(669,310,96,5,'120'),(670,310,186,10,'60'),(671,310,187,5,'90'),(672,310,194,5,'50'),(673,311,186,9,'60'),(674,312,251,2,'300'),(675,313,223,5,'60'),(676,314,179,3,'160'),(677,314,194,1,'50'),(678,315,89,1,'700'),(679,316,282,5,'130'),(680,317,105,2,'550'),(681,318,213,2,'350'),(682,319,194,5,'50'),(683,319,213,1,'350'),(684,320,246,2,'160'),(685,320,247,2,'170'),(686,320,84,1,'200'),(687,320,58,2,'150'),(688,321,97,2,'300'),(689,322,194,10,'50'),(690,323,238,5,'60'),(691,324,146,2,'230'),(692,324,238,1,'60'),(693,325,238,5,'60'),(694,325,187,2,'90'),(695,325,220,1,'25'),(696,326,265,2,'150'),(697,326,279,10,'90'),(698,327,213,10,'350'),(699,327,209,2,'450'),(700,328,194,10,'50'),(701,329,89,1,'700'),(702,330,84,1,'200'),(703,330,287,1,'350'),(704,330,1,3,'150'),(705,331,213,2,'350'),(706,332,187,5,'90'),(707,332,223,5,'60'),(708,333,91,5,'120'),(709,334,115,1,'400'),(710,334,283,2,'50'),(711,335,267,2,'90'),(712,335,306,1,'300'),(713,335,186,1,'60'),(714,336,213,4,'350'),(715,337,186,10,'60'),(716,338,35,7,'80'),(717,339,279,2,'90'),(718,339,181,1,'250'),(719,339,295,2,'150'),(720,339,213,2,'350'),(721,340,265,1,'150'),(722,340,307,2,'230'),(723,341,115,2,'400'),(724,341,186,5,'60'),(725,342,288,1,'450'),(726,342,213,1,'350'),(727,343,208,1,'450'),(728,343,186,1,'60'),(729,344,213,2,'350'),(730,345,105,2,'550'),(731,345,115,2,'400'),(732,345,288,3,'450'),(733,346,194,12,'50'),(734,347,238,10,'60'),(735,348,213,2,'350'),(736,349,84,2,'200'),(737,349,197,2,'220'),(738,350,213,2,'350'),(739,351,91,5,'120'),(740,352,187,5,'90'),(741,352,197,3,'220'),(742,353,91,5,'120'),(743,354,213,2,'350'),(744,355,60,1,'170'),(745,356,267,4,'90'),(746,356,307,1,'230'),(747,356,187,2,'90'),(748,356,252,1,'500'),(749,356,255,1,'440'),(750,356,224,2,'115'),(751,356,232,2,'130'),(752,357,89,2,'700'),(753,357,271,2,'1100'),(754,357,213,6,'350'),(755,358,238,3,'60'),(756,358,187,3,'90'),(757,358,84,1,'200'),(758,359,255,2,'440'),(759,359,226,2,'115'),(760,360,114,2,'550'),(761,360,288,2,'450'),(762,360,238,5,'60'),(763,361,115,1,'400'),(764,361,288,1,'450'),(765,361,197,1,'220'),(766,362,1,3,'150'),(767,362,196,2,'210'),(768,362,1,1,'150'),(769,363,252,2,'500'),(770,363,255,2,'440'),(771,363,271,1,'1100'),(772,363,220,1,'25'),(773,364,213,3,'350'),(774,364,115,1,'400'),(775,364,209,1,'450'),(776,364,206,1,'550'),(777,364,214,1,'700'),(778,364,215,1,'800'),(779,365,178,5,'80'),(780,366,197,14,'220'),(781,367,178,5,'80'),(782,368,61,3,'155'),(783,368,187,5,'90'),(784,368,91,3,'120'),(785,369,186,5,'60'),(786,369,105,1,'550'),(787,370,186,3,'60'),(788,371,186,20,'60'),(789,371,187,15,'90'),(790,371,178,20,'80'),(791,372,178,10,'80'),(792,372,186,10,'60'),(793,372,187,5,'90'),(794,372,62,1,'200'),(795,373,311,1,'800'),(796,373,285,1,'650'),(797,374,186,10,'60'),(798,375,213,3,'350'),(799,376,186,5,'60'),(800,376,187,10,'90'),(801,377,220,10,'25'),(802,377,221,10,'30'),(803,378,61,5,'155'),(804,379,213,6,'350'),(805,380,299,10,'75'),(806,380,250,2,'210'),(807,380,308,5,'60'),(808,380,185,1,'600'),(809,381,178,5,'80'),(810,381,187,7,'90'),(811,382,299,5,'75'),(812,382,250,2,'210'),(813,382,262,2,'130'),(814,382,185,2,'600'),(815,382,241,2,'120'),(816,382,246,1,'160'),(817,382,247,1,'170'),(818,383,258,3,'440'),(819,383,269,1,'750'),(820,384,89,1,'700'),(821,384,311,1,'800'),(822,385,186,5,'60'),(823,385,187,5,'90'),(824,385,195,5,'55'),(825,386,89,2,'700'),(826,387,240,5,'50'),(827,387,178,10,'80'),(828,387,262,5,'130'),(829,387,242,3,'135'),(830,387,243,3,'200'),(831,387,232,5,'130'),(832,388,280,10,'85'),(833,389,178,2,'80'),(834,389,186,5,'60'),(835,389,187,6,'90'),(836,390,91,5,'120'),(837,391,186,10,'60'),(838,391,187,10,'90'),(839,392,279,5,'90'),(840,392,299,10,'75'),(841,393,178,5,'80'),(842,393,186,5,'60'),(843,393,187,5,'90'),(844,394,144,1,'2000'),(845,395,61,3,'155'),(846,395,178,5,'80'),(847,395,187,5,'90'),(848,395,197,3,'220'),(849,396,221,27,'30'),(850,396,308,20,'60'),(851,397,208,2,'450'),(852,398,221,10,'30'),(853,398,91,3,'120'),(854,399,285,1,'650'),(855,399,311,1,'800'),(856,400,186,10,'60'),(857,401,1,10,'150'),(858,402,208,1,'450'),(859,402,213,2,'350'),(860,403,213,2,'350'),(861,403,221,4,'30'),(862,403,225,3,'65'),(863,404,187,5,'90'),(864,405,104,1,'500'),(865,405,213,1,'350'),(866,405,248,1,'115'),(867,406,255,1,'440'),(868,406,17,1,'500'),(869,406,232,5,'130'),(870,406,311,1,'800'),(871,407,248,2,'115'),(872,408,186,10,'60'),(873,409,213,9,'350'),(874,409,226,2,'115'),(875,409,248,10,'115'),(876,409,269,1,'750'),(877,410,245,1,'250'),(878,410,246,2,'160'),(879,410,248,3,'115'),(880,410,256,3,'90'),(881,410,248,1,'115'),(882,411,245,1,'250'),(883,411,247,1,'170'),(884,411,269,2,'750'),(885,412,311,1,'800'),(886,413,213,2,'350'),(887,414,203,123,'1000');

--
-- Dumping routines for database 'wwwagury_dbtkcorp'
--


